Raporty NOAA

Zaznacz rok lub miesiac
V/Λ2018 > Sty Lut Mar Kwi Maj Cze Lip Sie Wrz Paz Lis Gru
V/Λ2017 > Sty Lut Mar Kwi Maj Cze Lip Sie Wrz Paz Lis Gru
V/Λ2016 > Sty Lut Mar Kwi Maj Cze Lip Sie Wrz Paz Lis Gru
V/Λ2015 > Sty Lut Mar Kwi Maj Cze Lip Sie Wrz Paz Lis Gru
V/Λ2014 > Sty Lut Mar Kwi Maj Cze Lip Sie Wrz Paz Lis Gru
V/Λ2013 > Sty Lut Mar Kwi Maj Cze Lip Sie Wrz Paz Lis Gru
V/Λ2012 > Sty Lut Mar Kwi Maj Cze Lip Sie Wrz Paz Lis Gru
V/Λ2011 > Sty Lut Mar Kwi Maj Cze Lip Sie Wrz Paz Lis Gru

Raport z 2018 Cze
                   Monthly Climatological Summary for cze 2018

Name: Rybnik-Smolna   City: Rybnik-Smolna   State: Slaskie
Elevation: 273 m  Lat: N 50° 05' 14"   Lon: E 018° 31' 39"

                  Temperature (°C), Rain (mm), Wind Speed (km/h)

                                      Heat  Cool        Avg
    Mean                              Deg   Deg         Wind                 Dom
Day Temp  High   Time   Low    Time   Days  Days  Rain  Speed High   Time    Dir
----------------------------------------------------------------------------------
 1  22,2  29,6   13:14  16,7   04:38   0,2   3,7   0,0   4,6  48,3   19:15   SSW
 2  19,6  23,4   11:49  16,9   03:22   0,2   1,5  25,6   6,8  40,2   16:19   WSW
 3  18,0  22,4   17:38  15,7   11:19   0,9   0,6   6,2   7,1  29,0   10:19   WNW
 4  20,9  26,6   17:30  14,8   06:25   0,8   3,4   0,0   4,2  19,3   13:07     W
 5  21,0  24,9   17:16  16,7   05:23   0,2   2,9   0,0   8,9  37,0   15:11   NNW
 6  17,9  21,5   16:40  14,2   06:32   1,2   0,8   0,0  12,1  38,6   07:41   ENE
 7  18,4  24,5   17:06  11,2   05:15   2,1   2,2   0,0   8,9  27,4   02:16     E
 8  21,7  27,1   15:16  15,1   05:29   0,5   3,8   0,0   4,8  24,1   14:10   SSE
 9  21,4  29,0   14:01  17,6   05:16   0,0   3,1  11,8   7,2  41,8   16:01    SW
10  22,6  29,3   15:27  18,3   00:00   0,0   4,3   0,2   7,6  32,2   18:54    SW
11  21,1  25,2   14:14  18,0   05:40   0,0   1,9   0,0  10,5  32,2   09:03   WNW
12  18,7  23,1   00:00  17,0   23:22   0,0   0,1  11,0   5,1  12,9   06:46   NNW
13  16,2  17,2   18:00  14,8   00:00   2,0   0,0   0,0   4,0  40,2   16:30   NNE
14  16,4  20,4   16:00  13,7   06:30   2,2   0,3   0,0  27,7  35,4   14:00   NNW
15  17,9  23,2   17:35  12,3   04:30   1,7   1,3   0,0  13,6  33,8   13:48     N
16  20,4  24,9   17:55  16,1   05:14   0,3   2,5   0,0   7,0  30,6   10:34   NNE
17  22,0  26,7   12:45  18,3   03:55   0,0   3,7   0,0   4,3  25,7   13:26     E
18  20,3  23,9   15:07  15,8   05:09   0,4   2,4   0,2   8,1  27,4   06:42    NW
----------------------------------------------------------------------------------
    19,8  29,6     1    11,2     7    12,7  38,5  55,0   7,5  48,3     1     NNW

Max >=  20,0: 17
Max <=  10,0:  0
Min <=   0,0:  0
Min <= -10,0:  0
Max Rain: 25,6 on day 2
Days of Rain: 6 (>= 0,2 mm)  4 (>= 2,0 mm)  1 (>= 20,0 mm)
Heat Base: 18,3  Cool Base: 18,3  Method: Integration