Raporty NOAA

Zaznacz rok lub miesiac
V/Λ2019 > Sty Lut Mar Kwi Maj Cze Lip Sie Wrz Paz Lis Gru
V/Λ2018 > Sty Lut Mar Kwi Maj Cze Lip Sie Wrz Paz Lis Gru
V/Λ2017 > Sty Lut Mar Kwi Maj Cze Lip Sie Wrz Paz Lis Gru
V/Λ2016 > Sty Lut Mar Kwi Maj Cze Lip Sie Wrz Paz Lis Gru
V/Λ2015 > Sty Lut Mar Kwi Maj Cze Lip Sie Wrz Paz Lis Gru
V/Λ2014 > Sty Lut Mar Kwi Maj Cze Lip Sie Wrz Paz Lis Gru
V/Λ2013 > Sty Lut Mar Kwi Maj Cze Lip Sie Wrz Paz Lis Gru
V/Λ2012 > Sty Lut Mar Kwi Maj Cze Lip Sie Wrz Paz Lis Gru
V/Λ2011 > Sty Lut Mar Kwi Maj Cze Lip Sie Wrz Paz Lis Gru

Raport z 2019 Kwi
                   Monthly Climatological Summary for kwi 2019

Name: Rybnik-Smolna   City: Rybnik-Smolna   State: Slaskie
Elevation: 273 m  Lat: N 50° 05' 14"   Lon: E 018° 31' 39"

                  Temperature (°C), Rain (mm), Wind Speed (km/h)

                                      Heat  Cool        Avg
    Mean                              Deg   Deg         Wind                 Dom
Day Temp  High   Time   Low    Time   Days  Days  Rain  Speed High   Time    Dir
----------------------------------------------------------------------------------
 1   7,0  10,9   15:48   3,7   06:47  11,2   0,0   0,0  17,7  43,5   17:19   ENE
 2   8,6  15,1   16:55   2,1   06:35   9,7   0,0   0,0  16,1  51,5   00:30     E
 3  12,3  18,8   14:03   4,7   06:37   6,1   0,0   0,0  14,4  45,1   14:58    SE
 4  14,8  18,6   15:06  11,5   00:47   3,5   0,0   0,0  18,9  66,0   12:28    SE
 5  15,2  20,5   16:16  10,4   07:16   3,3   0,2   0,0  10,1  38,6   12:23   ESE
 6  10,1  13,2   00:02   8,1   23:27   8,2   0,0   2,4   6,8  33,8   09:50    SE
 7  10,8  15,8   15:46   6,2   06:43   7,5   0,0   0,2   6,5  25,7   15:29   SSW
 8  12,3  17,9   16:30   5,6   06:45   6,0   0,0   0,0   5,4  27,4   15:54    NE
 9  11,4  16,4   15:15   6,2   07:30   6,9   0,0   0,0  11,8  43,5   16:35     N
10   7,5  10,3   14:19   4,1   06:41  10,8   0,0   0,0  11,4  33,8   14:49    NE
11   5,0   6,8   00:00   2,6   09:40  13,3   0,0   0,0  14,4  37,0   02:00    NE
12   3,8   5,8   12:06   2,5   07:30  14,5   0,0   0,6  10,6  37,0   16:09    NE
13   2,6   4,2   20:31   0,7   04:36  15,7   0,0   2,4   7,7  25,7   08:29   NNE
14   8,4  14,0   16:39   3,6   05:32   9,9   0,0   0,0  12,9  49,9   13:17   ENE
15   8,0  12,9   16:31   2,7   06:10  10,3   0,0   0,0   8,9  37,0   11:56    NE
16   8,4  14,4   16:47   1,9   05:58   9,9   0,0   0,0  10,5  38,6   10:02   ENE
17  10,0  14,7   15:50   5,4   02:34   8,3   0,0   0,0   8,8  41,8   01:08   ENE
18  12,3  17,9   16:52   5,1   05:46   6,0   0,0   0,0  11,0  53,1   11:38   ENE
19  14,7  20,8   16:04   6,7   06:46   4,1   0,5   0,0   7,6  40,2   16:09   NNE
20  14,3  20,2   15:00   6,3   06:01   4,2   0,2   0,0   8,6  38,6   17:41     N
21  12,9  18,2   16:21   5,9   06:06   5,4   0,0   0,0   7,3  33,8   11:47     N
22  11,2  16,2   16:49   5,3   06:17   7,1   0,0   0,0  13,6  57,9   16:12   ENE
23  12,1  17,1   14:17   6,9   05:22   6,2   0,0   0,2  18,0  56,3   15:55   ESE
----------------------------------------------------------------------------------
    10,2  20,8    19     0,7    13   188,1   0,9   5,8  11,3  66,0     4     ENE

Max >=  20,0:  3
Max <=  10,0:  3
Min <=   0,0:  0
Min <= -10,0:  0
Max Rain: 2,4 on day 6
Days of Rain: 5 (>= 0,2 mm)  2 (>= 2,0 mm)  0 (>= 20,0 mm)
Heat Base: 18,3  Cool Base: 18,3  Method: Integration