Raporty NOAA

Zaznacz rok lub miesiac
V/Λ2018 > Sty Lut Mar Kwi Maj Cze Lip Sie Wrz Paz Lis Gru
V/Λ2017 > Sty Lut Mar Kwi Maj Cze Lip Sie Wrz Paz Lis Gru
V/Λ2016 > Sty Lut Mar Kwi Maj Cze Lip Sie Wrz Paz Lis Gru
V/Λ2015 > Sty Lut Mar Kwi Maj Cze Lip Sie Wrz Paz Lis Gru
V/Λ2014 > Sty Lut Mar Kwi Maj Cze Lip Sie Wrz Paz Lis Gru
V/Λ2013 > Sty Lut Mar Kwi Maj Cze Lip Sie Wrz Paz Lis Gru
V/Λ2012 > Sty Lut Mar Kwi Maj Cze Lip Sie Wrz Paz Lis Gru
V/Λ2011 > Sty Lut Mar Kwi Maj Cze Lip Sie Wrz Paz Lis Gru

Raport z 2018 Kwi
                   Monthly Climatological Summary for kwi 2018

Name: Rybnik-Smolna   City: Rybnik-Smolna   State: Slaskie
Elevation: 273 m  Lat: N 50 05' 14"   Lon: E 018 31' 39"

                  Temperature (C), Rain (mm), Wind Speed (km/h)

                                      Heat  Cool        Avg
    Mean                              Deg   Deg         Wind                 Dom
Day Temp  High   Time   Low    Time   Days  Days  Rain  Speed High   Time    Dir
----------------------------------------------------------------------------------
 1   4,2  10,3   00:00   2,2   20:29  14,1   0,0   1,6  17,7  56,3   18:19   WNW
 2   5,4  10,2   16:50   1,2   03:49  12,9   0,0   0,0  19,6  61,2   09:23     W
 3  11,3  18,7   16:39   4,2   06:33   7,0   0,0   0,0  14,0  45,1   15:04   SSW
 4  13,8  17,9   16:40   9,9   04:34   4,5   0,0   0,0  10,6  45,1   16:56   SSW
 5  13,0  16,1   14:24  10,1   23:58   5,3   0,0   0,0  19,1  48,3   23:14    SW
 6   7,8  11,8   17:51   4,6   09:23  10,5   0,0   0,0  12,9  51,5   04:41    NW
 7  10,5  17,9   17:42   2,1   06:05   7,7   0,0   0,0   9,8  37,0   09:55   ESE
 8  15,3  21,9   16:21   8,8   07:49   3,1   0,7   0,0  13,5  70,8   15:43    SE
 9  19,3  24,7   16:02  14,6   06:57   1,0   2,0   0,0  15,4  57,9   16:02     S
10  16,3  19,1   16:12  13,1   05:42   2,0   0,0   0,0  12,4  48,3   10:12   SSE
11  15,6  20,2   16:51  11,3   06:46   2,8   0,2   0,0   9,0  41,8   17:03    SE
12  18,5  25,5   17:12   9,7   06:18   2,4   2,6   0,0  10,4  41,8   15:00   ESE
13  17,6  21,1   17:49  14,1   06:24   0,9   0,3   0,0  14,3  45,1   12:10     S
14  16,1  20,8   18:14  10,8   06:18   2,6   0,4   0,0  11,9  40,2   11:23    SW
15  18,0  24,4   16:38  10,1   03:07   2,4   2,0   0,0  10,1  40,2   14:59    SE
16  17,7  22,4   13:49  14,2   08:32   1,2   0,7   1,4   8,0  37,0   15:11   SSE
17  13,6  16,7   17:40  10,8   23:52   4,7   0,0   0,2  13,5  35,4   17:12    NW
18  14,4  20,3   16:41   8,4   06:38   4,1   0,3   0,0   7,0  29,0   11:58   NNW
19  16,8  22,9   16:03   9,2   06:15   2,6   1,1   0,0   9,5  38,6   16:45   NNW
----------------------------------------------------------------------------------
    14,0  25,5    12     1,2     2    91,8  10,3   3,2  12,5  70,8     8     SSW

Max >=  20,0: 10
Max <=  10,0:  0
Min <=   0,0:  0
Min <= -10,0:  0
Max Rain: 1,6 on day 1
Days of Rain: 3 (>= 0,2 mm)  0 (>= 2,0 mm)  0 (>= 20,0 mm)
Heat Base: 18,3  Cool Base: 18,3  Method: Integration