Raporty NOAA


Raport z 2017 Lis
                   Monthly Climatological Summary for lis 2017

Name: Rybnik-Smolna   City: Rybnik-Smolna   State: Slaskie
Elevation: 273 m  Lat: N 50 05' 14"   Lon: E 018 31' 39"

                  Temperature (C), Rain (mm), Wind Speed (km/h)

                                      Heat  Cool        Avg
    Mean                              Deg   Deg         Wind                 Dom
Day Temp  High   Time   Low    Time   Days  Days  Rain  Speed High   Time    Dir
----------------------------------------------------------------------------------
 1   5,9   7,4   13:11   4,2   00:00  12,4   0,0   0,2  18,2  43,5   17:54    SW
 2   8,5  11,3   15:26   7,3   00:00   9,7   0,0   7,2  19,4  57,9   09:01    SW
 3   8,1   9,4   14:25   6,9   23:31  10,2   0,0   0,2   9,7  30,6   11:47   WNW
 4   8,2  13,5   14:27   3,2   07:00  10,1   0,0   0,0   9,0  32,2   13:54     S
 5   9,8  14,2   13:36   6,2   05:27   8,5   0,0   0,0   9,2  54,7   12:10     S
 6   9,2  11,1   12:30   8,1   23:48   8,7   0,0   0,0   8,2  30,6   03:11   WNW
 7   7,2  10,0   14:15   4,0   23:54  11,1   0,0   0,0   9,1  41,8   15:30   ENE
 8   4,5   5,6   14:52   2,8   04:09  13,8   0,0   0,0   6,8  29,0   07:38     E
 9   6,3   8,8   12:39   4,6   00:07  12,0   0,0   0,4   6,3  25,7   12:41    SW
10   6,8   7,8   13:19   6,1   20:39  11,5   0,0   0,6  20,2  56,3   21:45    SW
11   5,6   6,7   11:44   4,1   06:53  12,7   0,0   0,8  21,8  51,5   13:29    SW
12   4,6   7,0   14:25   2,9   20:57  13,7   0,0   6,4   9,4  32,2   00:38   SSW
13   3,1   4,4   03:26   2,2   08:17  15,0   0,0   2,4  11,3  38,6   04:48    NW
14   3,1   5,4   15:13   0,5   23:25  14,8   0,0   1,0   7,8  27,4   01:38   WNW
15   3,1   7,7   15:32  -0,7   05:44  15,2   0,0   0,0   6,1  20,9   00:07     S
16   3,7   8,4   13:45  -0,6   05:39  14,6   0,0   0,0   4,1  20,9   12:48   ESE
17   4,2   5,0   23:02   3,2   00:49  14,1   0,0   2,6   8,3  29,0   08:27   WSW
18   3,5   5,1   13:29   1,3   05:56  14,8   0,0   0,4  11,1  40,2   20:15   WSW
19   3,6   5,7   12:43   0,8   23:59  14,7   0,0   0,2  19,2  61,2   23:52    SW
20   1,7   3,8   11:43   0,1   01:18  16,4   0,0   2,8  15,6  45,1   09:02     W
21   2,5   4,6   23:55   1,3   00:00  15,6   0,0   2,2  10,7  33,8   11:48   SSW
22   6,9   8,2   20:59   4,5   00:00  11,4   0,0   0,6  11,5  41,8   11:32   SSW
----------------------------------------------------------------------------------
     5,5  14,2     5    -0,7    15   281,0   0,0  28,0  11,5  61,2    19      SW

Max >=  20,0:  0
Max <=  10,0: 18
Min <=   0,0:  2
Min <= -10,0:  0
Max Rain: 7,2 on day 2
Days of Rain: 15 (>= 0,2 mm)  6 (>= 2,0 mm)  0 (>= 20,0 mm)
Heat Base: 18,3  Cool Base: 18,3  Method: Integration