Raporty NOAA

Zaznacz rok lub miesiac
V/Λ2019 > Sty Lut Mar Kwi Maj Cze Lip Sie Wrz Paz Lis Gru
V/Λ2018 > Sty Lut Mar Kwi Maj Cze Lip Sie Wrz Paz Lis Gru
V/Λ2017 > Sty Lut Mar Kwi Maj Cze Lip Sie Wrz Paz Lis Gru
V/Λ2016 > Sty Lut Mar Kwi Maj Cze Lip Sie Wrz Paz Lis Gru
V/Λ2015 > Sty Lut Mar Kwi Maj Cze Lip Sie Wrz Paz Lis Gru
V/Λ2014 > Sty Lut Mar Kwi Maj Cze Lip Sie Wrz Paz Lis Gru
V/Λ2013 > Sty Lut Mar Kwi Maj Cze Lip Sie Wrz Paz Lis Gru
V/Λ2012 > Sty Lut Mar Kwi Maj Cze Lip Sie Wrz Paz Lis Gru
V/Λ2011 > Sty Lut Mar Kwi Maj Cze Lip Sie Wrz Paz Lis Gru

Raport z 2019 Cze
                   Monthly Climatological Summary for cze 2019

Name: Rybnik-Smolna   City: Rybnik-Smolna   State: Slaskie
Elevation: 249 m  Lat: N 50° 06' 36"   Lon: E 018° 28' 21"

                  Temperature (°C), Rain (mm), Wind Speed (km/h)

                                      Heat  Cool        Avg
    Mean                              Deg   Deg         Wind                 Dom
Day Temp  High   Time   Low    Time   Days  Days  Rain  Speed High   Time    Dir
----------------------------------------------------------------------------------
 1  18,9  25,7   16:36  11,1   05:15   1,9   2,6   0,0   3,3  19,3   09:56     N
 2  20,7  28,9   15:36  11,7   04:58   1,5   3,9   0,0   2,6  17,7   11:00    NE
 3  21,3  27,8   13:48  12,7   04:45   1,2   4,2   0,0   5,1  27,4   15:50     E
 4  22,4  29,2   15:11  13,2   05:01   0,9   5,0   0,0   5,6  30,6   13:33     E
 5  21,8  28,7   15:35  14,3   04:54   0,6   4,1   0,4   7,5  37,0   13:30     E
 6  21,1  27,9   15:02  13,4   05:07   1,0   3,8   0,0   5,4  29,0   11:12     S
 7  20,5  26,8   18:33  15,6   01:37   0,5   2,7   7,8   3,2  20,9   05:41     W
 8  19,8  26,6   12:43  13,4   23:53   0,9   2,4   0,0   6,9  45,1   14:26    NW
 9  19,8  26,7   16:12   9,7   04:57   2,1   3,5   0,0   6,3  27,4   11:50     E
10  24,6  31,3   14:14  17,3   05:02   0,0   6,3   0,0   6,5  27,4   11:04    SE
11  25,0  33,3   15:40  16,6   03:07   0,2   6,9   0,0   6,1  35,4   09:40   SSE
12  25,8  33,0   16:18  17,2   05:22   0,1   7,6   0,0   8,1  35,4   12:35     S
13  24,8  33,7   16:55  18,3   04:20   0,0   6,5   6,2   5,8  40,2   17:55   WSW
14  24,0  30,6   16:44  17,4   05:00   0,1   5,7   0,2   5,9  24,1   01:00   NNW
15  26,6  33,7   15:18  18,6   04:41   0,0   8,3   0,0   7,4  43,5   23:04   SSW
16  21,6  26,2   15:49  16,8   05:29   0,1   3,4   0,0   8,2  33,8   14:58   NNW
17  21,2  27,9   16:48  15,5   23:58   0,4   3,4   0,0   7,5  32,2   11:04   NNE
18  21,2  27,6   15:00  14,6   04:46   0,8   3,7   0,0   6,7  29,0   14:29     E
19  22,9  30,4   13:02  14,8   04:39   0,6   5,2   0,0   5,3  29,0   13:33     S
20  22,4  28,0   13:40  17,7   23:55   0,0   4,1   0,0   8,8  30,6   08:40   SSW
21  22,0  28,6   11:52  15,5   04:07   0,5   4,2   0,0   6,6  37,0   14:17    NW
22  20,9  27,0   15:56  14,3   02:59   0,8   3,4   0,2   8,5  30,6   13:50    NE
23  22,0  26,7   12:27  17,8   06:36   0,0   3,7   0,2  12,5  35,4   14:16    NE
----------------------------------------------------------------------------------
    22,2  33,7    13     9,7     9    14,2 104,6  15,0   6,5  45,1     8       E

Max >=  20,0: 23
Max <=  10,0:  0
Min <=   0,0:  0
Min <= -10,0:  0
Max Rain: 7,8 on day 7
Days of Rain: 6 (>= 0,2 mm)  2 (>= 2,0 mm)  0 (>= 20,0 mm)
Heat Base: 18,3  Cool Base: 18,3  Method: Integration