Raporty NOAA

Zaznacz rok lub miesiac

Raport z 2011
                   Annual Climatological Summary for 2011

Name: Jejkowice   City: Jejkowice   State: Slaskie
Elevation: 243 m  Lat: N 50 06' 37"   Lon: E 018 28' 21"

                  Temperature (C), Heat Base: 18,3  Cool Base: 18,3
                          Dep.  Heat  Cool                       Max  Max  Min  Min
        Mean  Mean        From  Deg   Deg                        >=   <=   <=   <=
 YR MO  Max   Min   Mean  Norm  Days  Days  Hi  Date  Low  Date 20,0 10,0  0,0 -10,0
------------------------------------------------------------------------------------
 11  1
 11  2
 11  3
 11  4
 11  5
 11  6  24,6  13,6  18,9   2,4    24    42  31,6   5   8,5   26   26    0    0    0
 11  7  22,3  13,8  17,9  -0,2    50    36  30,7  13   9,9   24   21    0    0    0
 11  8  25,3  14,5  19,8   2,2    19    66  33,8  26   7,1   31   30    0    0    0
 11  9  21,7  10,4  16,0   2,4    83    13  31,3   5   5,9   25   18    0    0    0
 11 10  14,5   5,6   9,5   0,6   263     0  24,8   4  -1,5   16    6    8    3    0
 11 11   9,1  -0,5   3,1  -0,6   152     0  18,9   1  -3,5   29    0    7    6    0
 11 12   2,0   0,6   1,4   1,9   253     4  15,2   5  -2,1   31    0   28   25    0
------------------------------------------------------------------------------------
        17,1   8,3  12,4   1,2   846   163  33,8 sie  -3,5  lis  101   43   34    0

                                Precipitation (mm)

              Dep.   Max        Days of Rain
              From   Obs.           >=
 YR MO Total  Norm   Day Date  0,2  2,0 20,0
---------------------------------------------
 11  1
 11  2
 11  3
 11  4
 11  5
 11  6  74,1 -10,7  59,4  30     9    5    1
 11  7 114,3  19,8  24,3   3    17   12    2
 11  8  41,7 -36,4  17,1  15    11    7    0
 11  9  15,6 -49,0   4,5   5    11    4    0
 11 10  24,3 -21,3   6,3   8    11    5    0
 11 11   0,0 -51,3   0,0   0     0    0    0
 11 12  10,2 -40,2   4,5  31     5    2    0
---------------------------------------------
       280,2-189,1  59,4  cze   64   35    3

                                Wind Speed (km/h)
                          Dom
 YR MO   Avg.  Hi   Date  Dir
------------------------------
 11  1
 11  2
 11  3
 11  4
 11  5
 11  6   8,1  72,4   22   WNW
 11  7   7,8  56,2    1     W
 11  8   6,4  56,2   27   SSW
 11  9   5,4  55,1   13    SW
 11 10   4,9  55,1   12   SSW
 11 11   5,5  50,0   27    SW
 11 12   7,4  50,0    3   WSW
------------------------------
         6,5  72,4  cze   WSW