Raporty NOAA

Zaznacz rok lub miesiac
V/Λ2018 > Sty Lut Mar Kwi Maj Cze Lip Sie Wrz Paz Lis Gru
V/Λ2017 > Sty Lut Mar Kwi Maj Cze Lip Sie Wrz Paz Lis Gru
V/Λ2016 > Sty Lut Mar Kwi Maj Cze Lip Sie Wrz Paz Lis Gru
V/Λ2015 > Sty Lut Mar Kwi Maj Cze Lip Sie Wrz Paz Lis Gru
V/Λ2014 > Sty Lut Mar Kwi Maj Cze Lip Sie Wrz Paz Lis Gru
V/Λ2013 > Sty Lut Mar Kwi Maj Cze Lip Sie Wrz Paz Lis Gru
V/Λ2012 > Sty Lut Mar Kwi Maj Cze Lip Sie Wrz Paz Lis Gru
V/Λ2011 > Sty Lut Mar Kwi Maj Cze Lip Sie Wrz Paz Lis Gru

Raport z 2011 Cze
                   Monthly Climatological Summary for cze 2011

Name: Jejkowice   City: Jejkowice   State: Slaskie
Elevation: 243 m  Lat: N 50 06' 37"   Lon: E 018 28' 21"

                  Temperature (C), Rain (mm), Wind Speed (km/h)

                                      Heat  Cool        Avg
    Mean                              Deg   Deg         Wind                 Dom
Day Temp  High   Time   Low    Time   Days  Days  Rain  Speed High   Time    Dir
----------------------------------------------------------------------------------
 1  19,8  25,0   15:26  15,2   23:36   0,0   1,5   0,0   9,7  30,6   16:19    NW
 2  17,2  21,9   17:46  13,8   07:08   1,1   0,0   0,0  11,4  33,1   07:12   NNW
 3  19,9  26,5   16:37  14,1   04:51   0,0   1,6   0,0   7,8  28,1   16:15     N
 4  21,7  29,5   14:40  14,9   03:53   0,0   3,4   0,0   4,7  25,6   15:12     E
 5  21,8  31,6   15:46  15,6   04:30   0,0   3,5   0,0   5,4  40,3   18:31    SE
 6  20,3  27,3   11:33  15,3   04:39   0,0   2,0   0,6  10,1  47,9   14:27   SSE
 7  22,3  28,0   14:55  14,6   02:59   0,0   4,0   0,0   8,0  40,3   12:25     S
 8  21,8  26,8   16:39  18,1   09:21   0,0   3,5   2,1   8,2  40,3   16:11   SSE
 9  15,2  18,3   00:09  12,7   12:32   3,1   0,0   3,0   8,5  36,7   13:58    NW
10  15,8  19,8   16:50  11,9   05:28   2,5   0,0   0,0   6,8  34,2   11:21    NW
11  17,5  24,0   18:53  11,0   05:17   0,8   0,0   0,0   4,5  37,8   11:27     N
12  17,6  25,1   15:18   9,0   04:40   0,7   0,0   0,0   6,3  34,2   18:19   NNW
13  19,1  25,3   16:27  12,9   04:27   0,0   0,8   0,0   3,5  23,4   13:46   NNE
14  20,1  28,3   14:48  13,5   02:11   0,0   1,8   0,0   4,7  25,6   17:46    SW
15  20,8  26,9   16:53  15,1   02:07   0,0   2,5   0,0   4,2  29,5   14:33   WSW
16  23,0  29,0   17:22  16,5   00:01   0,0   4,7   0,0   8,5  28,1   12:07    SW
17  21,0  25,1   14:48  16,4   23:51   0,0   2,7   0,0   7,2  29,5   07:59    NW
18  19,6  24,4   10:56  14,3   02:51   0,0   1,3   0,0  13,4  49,0   12:48    SW
19  16,0  21,0   17:25  12,1   04:45   2,3   0,0   1,5  10,6  55,1   14:47   WSW
20  15,9  21,6   18:39  11,6   03:21   2,4   0,0   0,3  11,8  46,4   15:13     W
21  18,1  21,6   11:53  13,1   04:40   0,2   0,0   0,9  12,8  40,3   13:16   SSW
22  23,1  29,6   17:32  16,0   06:22   0,0   4,8   3,6   9,0  72,4   23:41   SSW
23  20,2  24,9   15:58  17,0   06:52   0,0   1,9   2,7   6,1  31,7   00:08     W
24  16,5  20,6   15:16  11,7   23:56   1,8   0,0   0,0   8,9  51,5   15:48   WNW
25  13,6  17,5   17:20  10,3   03:42   4,7   0,0   0,0   9,6  42,8   11:48    NW
26  14,5  18,5   16:38   8,5   05:20   3,8   0,0   0,0   5,1  25,6   17:07     W
27  17,4  23,0   17:15  12,5   05:41   0,9   0,0   0,0   7,5  36,7   17:09   NNW
28  19,0  25,1   17:33  10,1   05:18   0,0   0,7   0,0  13,2  50,0   10:56   NNW
29  20,0  26,5   13:29  15,2   05:37   0,0   1,7   0,0   8,0  46,4   12:45   NNW
30  18,2  25,3   12:20  13,5   23:51   0,1   0,0  59,4  11,5  56,2   21:47   NNW
----------------------------------------------------------------------------------
    18,9  31,6     5     8,5    26    24,4  42,4  74,1   8,1  72,4    22     WNW

Max >=  20,0: 26
Max <=  10,0:  0
Min <=   0,0:  0
Min <= -10,0:  0
Max Rain: 59,4 on day 30
Days of Rain: 9 (>= 0,2 mm)  5 (>= 2,0 mm)  1 (>= 20,0 mm)
Heat Base: 18,3  Cool Base: 18,3  Method: Integration