Raporty NOAA

Zaznacz rok lub miesiac
V/Λ2018 > Sty Lut Mar Kwi Maj Cze Lip Sie Wrz Paz Lis Gru
V/Λ2017 > Sty Lut Mar Kwi Maj Cze Lip Sie Wrz Paz Lis Gru
V/Λ2016 > Sty Lut Mar Kwi Maj Cze Lip Sie Wrz Paz Lis Gru
V/Λ2015 > Sty Lut Mar Kwi Maj Cze Lip Sie Wrz Paz Lis Gru
V/Λ2014 > Sty Lut Mar Kwi Maj Cze Lip Sie Wrz Paz Lis Gru
V/Λ2013 > Sty Lut Mar Kwi Maj Cze Lip Sie Wrz Paz Lis Gru
V/Λ2012 > Sty Lut Mar Kwi Maj Cze Lip Sie Wrz Paz Lis Gru
V/Λ2011 > Sty Lut Mar Kwi Maj Cze Lip Sie Wrz Paz Lis Gru

Raport z 2011 Lip
                   Monthly Climatological Summary for lip 2011

Name: Jejkowice   City: Jejkowice   State: Slaskie
Elevation: 243 m  Lat: N 50 06' 37"   Lon: E 018 28' 21"

                  Temperature (C), Rain (mm), Wind Speed (km/h)

                                      Heat  Cool        Avg
    Mean                              Deg   Deg         Wind                 Dom
Day Temp  High   Time   Low    Time   Days  Days  Rain  Speed High   Time    Dir
----------------------------------------------------------------------------------
 1  11,6  13,7   00:19  10,5   14:18   6,7   0,0   6,6  11,7  56,2   01:21    NW
 2  14,0  17,6   14:47  10,8   01:32   4,3   0,0   0,0  12,0  49,0   12:59   WNW
 3  12,3  14,6   18:40  10,8   11:00   6,0   0,0  24,3  16,7  49,0   09:47    SW
 4  14,8  19,2   17:47  11,6   05:41   3,5   0,0   5,7   8,5  33,1   18:44     W
 5  16,3  20,4   18:32  13,2   04:51   2,0   0,0   0,3   8,4  29,5   14:53    NW
 6  18,6  24,5   18:12  13,2   04:21   0,0   0,3   0,0  11,2  39,2   10:56    NW
 7  21,6  28,1   16:41  13,6   04:32   0,0   3,3   0,0   3,4  24,5   17:11    SW
 8  22,4  28,0   10:24  18,0   04:42   0,0   4,1   0,0   5,4  37,8   13:22    SE
 9  22,4  30,3   17:07  13,2   05:41   0,0   4,1   0,0   4,6  20,9   10:32   ESE
10  22,8  26,7   16:42  18,7   04:42   0,0   4,5   0,0   6,1  23,4   06:02     N
11  21,2  25,3   13:52  16,2   23:52   0,0   2,9   0,6  12,1  42,8   09:42     W
12  19,5  24,5   16:52  15,6   05:12   0,0   1,2   0,0   5,1  17,3   08:52   NNE
13  23,0  30,7   17:32  14,5   04:12   0,0   4,7   0,0   5,8  22,0   23:32    SE
14  22,6  26,3   11:01  19,0   23:51   0,0   4,3   2,7   3,7  41,8   11:51    SW
15  16,5  20,8   13:51  13,2   23:52   1,8   0,0   5,4   4,2  29,5   03:11    SW
16  18,2  24,2   17:10  11,8   03:22   0,1   0,0   0,0   2,6  19,4   15:20     E
17  22,4  29,3   16:58  13,2   05:12   0,0   4,1   0,0  10,9  34,2   12:14     S
18  18,7  22,6   00:02  15,3   10:32   0,0   0,4   0,0   4,1  37,8   03:52     W
19  20,0  26,0   14:18  15,2   05:23   0,0   1,7   0,9   4,2  25,6   16:39     E
20  19,0  23,1   10:53  16,8   23:58   0,0   0,7  11,7   8,1  31,7   17:25     S
21  15,4  16,8   00:00  13,5   23:46   2,9   0,0  17,1  11,6  37,8   15:13   WSW
22  13,3  14,4   15:33  12,6   01:54   5,0   0,0  23,4  13,2  35,6   13:30    SW
23  16,6  21,7   17:48  11,6   03:51   1,7   0,0   0,0  11,7  43,9   10:40    SW
24  14,9  19,0   14:18   9,9   05:17   3,4   0,0   0,0   5,5  28,1   16:21     N
25  15,5  18,6   16:29  13,2   07:07   2,8   0,0   0,6   7,4  27,0   08:37    NW
26  16,2  20,1   17:07  14,2   00:09   2,1   0,0   2,4   4,4  18,4   12:57    NW
27  17,3  22,1   12:31  15,2   04:37   1,0   0,0   3,0   4,4  39,2   12:59   WNW
28  18,2  24,3   14:07  12,9   04:42   0,1   0,0   0,3   3,8  34,2   14:45    SW
29  17,6  23,2   14:58  14,3   23:51   0,7   0,0   5,4   5,1  28,1   21:22   WNW
30  15,4  17,9   16:46  12,2   02:31   2,9   0,0   0,0   5,3  20,9   08:40    SW
31  15,1  16,6   13:38  13,9   03:01   3,2   0,0   3,9   8,4  28,1   21:51    NW
----------------------------------------------------------------------------------
    17,9  30,7    13     9,9    24    50,2  36,3 114,3   7,8  56,2     1       W

Max >=  20,0: 21
Max <=  10,0:  0
Min <=   0,0:  0
Min <= -10,0:  0
Max Rain: 24,3 on day 3
Days of Rain: 17 (>= 0,2 mm)  12 (>= 2,0 mm)  2 (>= 20,0 mm)
Heat Base: 18,3  Cool Base: 18,3  Method: Integration