Raporty NOAA

Zaznacz rok lub miesiac

Raport z 2011 Sie
                   Monthly Climatological Summary for sie 2011

Name: Jejkowice   City: Jejkowice   State: Slaskie
Elevation: 243 m  Lat: N 50 06' 37"   Lon: E 018 28' 21"

                  Temperature (C), Rain (mm), Wind Speed (km/h)

                                      Heat  Cool        Avg
    Mean                              Deg   Deg         Wind                 Dom
Day Temp  High   Time   Low    Time   Days  Days  Rain  Speed High   Time    Dir
----------------------------------------------------------------------------------
 1  16,5  20,2   17:42  14,2   02:01   1,8   0,0   4,8   6,0  25,6   17:21    NW
 2  18,3  22,6   16:50  15,5   02:43   0,0   0,0   0,0   6,4  25,6   14:21    NW
 3  19,5  25,8   15:25  12,5   05:24   0,0   1,2   0,0   3,3  23,4   13:27   ENE
 4  20,4  25,9   15:50  14,6   05:27   0,0   2,1   0,0   5,4  22,0   10:12     E
 5  20,4  26,8   14:01  14,2   05:37   0,0   2,1   0,0   5,1  27,0   18:22   SSE
 6  21,8  26,2   13:56  18,1   02:25   0,0   3,5   0,3   6,0  33,1   13:28   SSW
 7  22,5  30,0   14:20  17,6   23:51   0,0   4,2   2,7  11,6  46,4   18:44   WSW
 8  17,8  20,4   13:28  16,5   05:17   0,5   0,0   0,6   7,5  28,1   21:23   SSW
 9  17,4  21,1   13:18  14,1   06:16   0,9   0,0   0,0  10,6  37,8   12:56    SW
10  14,5  17,3   16:20  10,6   23:07   3,8   0,0   0,0   7,6  41,8   15:11   WNW
11  15,9  22,4   16:36   9,4   05:33   2,4   0,0   0,0  12,6  45,4   14:30   SSW
12  19,3  24,2   12:56  15,0   04:37   0,0   1,0   2,7   8,6  40,3   11:53   SSW
13  18,2  23,2   15:37  14,8   23:44   0,1   0,0   6,3   5,7  31,7   17:07   SSW
14  19,8  25,9   17:57  14,3   02:24   0,0   1,5   0,3   4,9  20,9   16:08     S
15  20,9  25,5   15:43  16,6   23:47   0,0   2,6  17,1   6,0  46,4   22:08   NNW
16  18,1  22,5   15:57  14,1   23:37   0,2   0,0   1,2   5,8  25,6   00:15    NW
17  19,6  26,0   15:46  12,5   05:51   0,0   1,3   0,0   1,9  19,4   13:22   SSE
18  22,4  28,2   16:57  16,1   02:59   0,0   4,1   0,0   4,9  23,4   14:26   SSW
19  21,8  27,8   12:32  17,9   04:34   0,0   3,5   2,1   9,6  52,6   14:09   SSW
20  17,9  22,8   17:09  13,1   23:27   0,4   0,0   0,0   6,7  36,7   02:10   WNW
21  19,0  26,4   16:11  10,6   04:59   0,0   0,7   0,0   2,8  22,0   12:18    SE
22  23,4  31,3   14:56  19,0   03:18   0,0   5,1   0,0   8,6  45,4   15:43   SSW
23  23,0  28,6   15:20  16,0   06:25   0,0   4,7   0,0   6,2  25,6   12:28   ENE
24  25,0  31,2   12:34  18,8   06:17   0,0   6,7   0,0   5,7  34,2   13:28    SE
25  24,3  29,2   16:32  20,6   05:56   0,0   6,0   0,0   4,4  41,8   05:14     N
26  26,3  33,8   15:39  19,0   06:33   0,0   8,0   0,0   5,9  28,1   15:45   SSE
27  26,7  32,6   15:40  14,4   23:58   0,0   8,4   0,0  15,8  56,2   21:41     S
28  16,4  22,2   15:30  12,3   05:51   1,9   0,0   3,6   3,9  27,0   00:28   SSW
29  17,5  24,3   17:17  10,2   05:31   0,8   0,0   0,0   4,0  33,1   13:11    SW
30  16,0  20,6   14:47  11,0   23:59   2,3   0,0   0,0   3,7  20,9   15:09    NW
31  13,8  20,1   15:42   7,1   05:57   4,5   0,0   0,0   2,1  19,4   13:30     N
----------------------------------------------------------------------------------
    19,8  33,8    26     7,1    31    19,6  66,7  41,7   6,4  56,2    27     SSW

Max >=  20,0: 30
Max <=  10,0:  0
Min <=   0,0:  0
Min <= -10,0:  0
Max Rain: 17,1 on day 15
Days of Rain: 11 (>= 0,2 mm)  7 (>= 2,0 mm)  0 (>= 20,0 mm)
Heat Base: 18,3  Cool Base: 18,3  Method: Integration