Raporty NOAA

Zaznacz rok lub miesiac

Raport z 2011 Wrz
                   Monthly Climatological Summary for wrz 2011

Name: Jejkowice   City: Jejkowice   State: Slaskie
Elevation: 243 m  Lat: N 50 06' 37"   Lon: E 018 28' 21"

                  Temperature (C), Rain (mm), Wind Speed (km/h)

                                      Heat  Cool        Avg
    Mean                              Deg   Deg         Wind                 Dom
Day Temp  High   Time   Low    Time   Days  Days  Rain  Speed High   Time    Dir
----------------------------------------------------------------------------------
 1  14,9  21,6   16:12   6,6   06:26   3,4   0,0   0,0   2,2  18,4   16:18     N
 2  16,4  23,9   14:15   7,8   05:41   1,9   0,0   0,0   3,2  25,6   15:56   NNW
 3  17,8  26,1   17:24   9,2   05:59   0,5   0,0   0,0   2,1  23,4   13:51     S
 4  20,8  28,9   16:23  12,5   05:44   0,0   2,5   0,0   5,5  22,0   13:44    SE
 5  23,1  31,3   13:49  15,9   23:58   0,0   4,8   4,5   8,3  55,1   19:21     S
 6  16,7  21,8   15:52  13,0   05:15   1,6   0,0   0,3   6,4  42,8   00:19     W
 7  15,4  18,9   14:41  12,3   06:07   2,9   0,0   2,4   9,1  41,8   09:57   SSW
 8  13,4  14,7   15:10  12,1   23:43   4,9   0,0   2,1   9,9  31,7   12:47    SW
 9  14,2  17,6   15:27  11,0   04:38   4,1   0,0   2,1   8,1  39,2   11:12     W
10  17,7  21,5   15:06  13,7   03:28   0,6   0,0   0,0   5,4  19,4   10:30   SSW
11  21,1  27,9   16:38  13,9   06:07   0,0   2,8   0,0   6,0  31,7   13:38     S
12  19,1  23,2   13:19  15,3   22:13   0,0   0,8   0,0   5,8  29,5   10:38   WNW
13  19,4  24,6   15:51  13,6   04:57   0,0   1,1   0,0  11,4  55,1   13:17    SW
14  16,9  20,0   11:30  11,5   23:52   1,4   0,0   0,9   6,4  29,5   13:42   SSW
15  13,4  19,7   15:41   8,3   06:40   4,9   0,0   0,3   4,6  30,6   12:14    SW
16  12,3  18,6   15:09   6,0   06:25   6,0   0,0   0,0   2,8  27,0   12:20    NW
17  15,0  22,9   15:38   7,0   06:31   3,3   0,0   0,0   5,4  27,0   15:54     S
18  20,1  27,4   15:54  12,4   05:07   0,0   1,8   0,0   8,4  36,7   13:27   SSE
19  12,8  18,3   00:03  11,2   08:26   5,5   0,0   1,2   9,5  35,6   22:22   NNW
20  12,7  13,3   19:42  11,9   09:31   5,6   0,0   0,9   7,6  25,6   02:38   NNW
21  14,4  18,5   16:32  10,9   23:58   3,9   0,0   0,3   2,2  15,8   15:31     N
22  14,8  19,3   16:14  10,4   00:58   3,5   0,0   0,0   2,3  24,5   18:51    SW
23  14,9  19,0   14:53  11,5   06:41   3,4   0,0   0,0   3,8  24,5   14:17   WNW
24  12,0  18,2   17:22   6,2   06:48   6,3   0,0   0,0   1,5  17,3   14:39   NNW
25  13,5  21,8   15:42   5,9   05:52   4,8   0,0   0,0   3,2  22,0   14:33     S
26  15,9  24,1   15:46   8,9   05:48   2,4   0,0   0,0   3,8  23,4   11:39     S
27  16,2  24,0   15:13   8,0   06:50   2,1   0,0   0,0   2,0  18,4   15:14   WSW
28  14,9  19,0   15:21   8,9   23:58   3,4   0,0   0,6   5,7  25,6   04:22   NNW
29  14,3  21,4   15:33   6,3   06:47   4,0   0,0   0,0   4,8  29,5   15:46    NW
30  15,6  22,4   17:27  10,0   07:17   2,7   0,0   0,0   3,1  19,4   14:30    NW
----------------------------------------------------------------------------------
    16,0  31,3     5     5,9    25    83,1  13,8  15,6   5,4  55,1     5     WSW

Max >=  20,0: 18
Max <=  10,0:  0
Min <=   0,0:  0
Min <= -10,0:  0
Max Rain: 4,5 on day 5
Days of Rain: 11 (>= 0,2 mm)  4 (>= 2,0 mm)  0 (>= 20,0 mm)
Heat Base: 18,3  Cool Base: 18,3  Method: Integration