Raporty NOAA

Zaznacz rok lub miesiac
V/Λ2018 > Sty Lut Mar Kwi Maj Cze Lip Sie Wrz Paz Lis Gru
V/Λ2017 > Sty Lut Mar Kwi Maj Cze Lip Sie Wrz Paz Lis Gru
V/Λ2016 > Sty Lut Mar Kwi Maj Cze Lip Sie Wrz Paz Lis Gru
V/Λ2015 > Sty Lut Mar Kwi Maj Cze Lip Sie Wrz Paz Lis Gru
V/Λ2014 > Sty Lut Mar Kwi Maj Cze Lip Sie Wrz Paz Lis Gru
V/Λ2013 > Sty Lut Mar Kwi Maj Cze Lip Sie Wrz Paz Lis Gru
V/Λ2012 > Sty Lut Mar Kwi Maj Cze Lip Sie Wrz Paz Lis Gru
V/Λ2011 > Sty Lut Mar Kwi Maj Cze Lip Sie Wrz Paz Lis Gru

Raport z 2011 Paz
                   Monthly Climatological Summary for pa 2011

Name: Jejkowice   City: Jejkowice   State: Slaskie
Elevation: 243 m  Lat: N 50 06' 37"   Lon: E 018 28' 21"

                  Temperature (C), Rain (mm), Wind Speed (km/h)

                                      Heat  Cool        Avg
    Mean                              Deg   Deg         Wind                 Dom
Day Temp  High   Time   Low    Time   Days  Days  Rain  Speed High   Time    Dir
----------------------------------------------------------------------------------
 1  15,4  24,0   15:39   7,3   06:45   2,9   0,0   0,0   4,2  23,4   13:32    NW
 2  13,4  20,4   17:54   8,4   06:08   4,9   0,0   0,0   2,0  20,9   13:43     N
 3  15,9  24,1   15:07   7,9   02:54   2,4   0,0   0,0   6,1  30,6   15:55   SSW
 4  18,3  24,8   15:31  13,3   00:21   0,0   0,0   0,0   7,6  35,6   15:48   SSW
 5  16,1  19,5   14:38  11,6   06:54   2,2   0,0   0,0   5,3  28,1   14:18   WSW
 6  17,6  21,1   14:37  13,9   02:21   0,7   0,0   0,0  13,0  46,4   12:34   SSW
 7  10,3  18,5   00:00   6,9   22:09   8,0   0,0   5,4   7,3  39,2   03:36   WSW
 8   7,2  10,6   12:48   5,5   23:48  11,1   0,0   6,3   6,9  24,5   10:21    SW
 9   7,0   9,3   12:45   4,9   04:50  11,3   0,0   0,9   4,9  23,4   16:24   WNW
10   7,9  10,1   14:50   5,1   04:13  10,4   0,0   2,7  18,2  50,0   13:43   SSW
11  14,5  18,0   12:58   9,8   00:00   3,8   0,0   1,2  13,6  37,8   14:58    SW
12  10,9  15,0   00:00   7,1   23:55   7,4   0,0   3,0   8,0  55,1   04:51   WNW
13   7,2  10,9   13:53   5,0   04:53  11,1   0,0   0,3   0,3  30,6   13:03   WNW
14   4,9   7,8   15:56   1,2   07:29  13,4   0,0   0,0   0,0   0,0   00:00   ---
15   5,5   8,3   14:38   3,3   01:50  12,8   0,0   0,0   0,0   0,0   00:00   ---
16   3,7   9,6   14:47  -1,5   06:51  14,6   0,0   0,0   0,0   0,0   00:00   ---
17   5,1  12,0   15:35  -0,7   05:39   3,5   0,0   0,0   0,0   0,0   00:00     E
18   7,5  11,6   15:19   2,3   06:21  10,8   0,0   0,0   0,0   0,0   00:00     E
19   9,6  14,9   13:12   6,2   23:58   8,7   0,0   0,0   3,4  25,6   17:19   NNW
20   5,9   9,0   12:27   2,3   23:08  12,4   0,0   1,8   3,9  22,0   00:21   WSW
21   3,5   8,5   14:44  -1,4   06:57  14,9   0,0   0,3   2,6  22,0   11:19   NNW
22   4,4   9,4   14:09   0,5   00:57  13,9   0,0   0,0   5,4  30,6   12:42     E
23   6,3  21,9   22:58   3,1   02:08  12,2   0,1   0,0   5,7  25,6   19:46     E
24   7,2   8,2   17:17   5,4   09:16  11,0   0,0   0,0   4,4  33,1   21:13     E
25   8,0  11,1   20:28   4,7   07:44  10,3   0,0   2,1   9,1  41,8   14:16   ESE
26  12,2  16,7   12:48   9,8   01:34   6,2   0,0   0,3   5,9  34,2   13:09    SE
27  10,6  16,0   14:36   6,5   07:54   7,8   0,0   0,0   3,7  34,2   16:20    SE
28   9,9  15,1   14:43   5,4   04:09   8,3   0,0   0,0   7,2  34,2   14:52   SSW
29   9,5  13,9   23:55   7,6   02:07   8,9   0,0   0,0   3,7  17,3   00:23   SSW
30   9,8  12,2   15:07   7,1   05:07   9,1   0,0   0,0   0,0   8,6   09:49     S
31   9,3  17,4   15:45   5,9   20:13   9,0   0,0   0,0   0,0   8,6   13:00     S
----------------------------------------------------------------------------------
     9,5  24,8     4    -1,5    16   264,0   0,1  24,3   4,9  55,1    12     SSW

Max >=  20,0:  6
Max <=  10,0:  8
Min <=   0,0:  3
Min <= -10,0:  0
Max Rain: 6,3 on day 8
Days of Rain: 11 (>= 0,2 mm)  5 (>= 2,0 mm)  0 (>= 20,0 mm)
Heat Base: 18,3  Cool Base: 18,3  Method: Integration