Raporty NOAA

Zaznacz rok lub miesiac
V/Λ2018 > Sty Lut Mar Kwi Maj Cze Lip Sie Wrz Paz Lis Gru
V/Λ2017 > Sty Lut Mar Kwi Maj Cze Lip Sie Wrz Paz Lis Gru
V/Λ2016 > Sty Lut Mar Kwi Maj Cze Lip Sie Wrz Paz Lis Gru
V/Λ2015 > Sty Lut Mar Kwi Maj Cze Lip Sie Wrz Paz Lis Gru
V/Λ2014 > Sty Lut Mar Kwi Maj Cze Lip Sie Wrz Paz Lis Gru
V/Λ2013 > Sty Lut Mar Kwi Maj Cze Lip Sie Wrz Paz Lis Gru
V/Λ2012 > Sty Lut Mar Kwi Maj Cze Lip Sie Wrz Paz Lis Gru
V/Λ2011 > Sty Lut Mar Kwi Maj Cze Lip Sie Wrz Paz Lis Gru

Raport z 2011 Lis
                   Monthly Climatological Summary for lis 2011

Name: Jejkowice   City: Jejkowice   State: lskie
Elevation: 243 m  Lat: N 50 06' 37"   Lon: E 018 28' 21"

                  Temperature (C), Rain (mm), Wind Speed (km/h)

                                      Heat  Cool        Avg
    Mean                              Deg   Deg         Wind                 Dom
Day Temp  High   Time   Low    Time   Days  Days  Rain  Speed High   Time    Dir
----------------------------------------------------------------------------------
 1   9,1  18,9   12:11   2,5   22:39   9,2   0,0   0,0   0,0   0,0   00:00     E
22   8,3  18,0   00:04   0,7   23:58  10,3   0,0   0,0   0,3   8,6   12:14     S
23   0,4  13,9   15:43  -0,5   09:30  18,0   0,0   0,0   2,7  29,5   21:54   SSW
24  -0,2   2,2   12:26  -1,3   07:04  18,5   0,0   0,0   5,3  20,9   01:52   SSW
25   0,3   4,4   12:59  -1,5   02:04  18,0   0,0   0,0   9,1  45,4   21:54   SSW
26   1,8   6,0   15:16  -0,8   00:45  16,5   0,0   0,0   8,4  37,8   00:07   SSW
27   4,2   7,5   12:58   1,7   05:54  14,1   0,0   0,0  12,4  50,0   13:23    SW
28   3,6   8,5   13:29  -2,7   21:23  14,7   0,0   0,0   4,0  29,5   11:09     W
29   2,2   8,0   14:23  -3,5   02:47  16,2   0,0   0,0   4,1  28,1   23:45   SSW
30   1,6   3,6   11:11   0,5   06:05  16,6   0,0   0,0   7,4  36,7   01:09    SW
----------------------------------------------------------------------------------
     3,1  18,9     1    -3,5    29   152,1   0,0   0,0   5,7  50,0    27      SW

Max >=  20,0:  0
Max <=  10,0:  7
Min <=   0,0:  6
Min <= -10,0:  0
Max Rain: 0,0 on day 0
Days of Rain: 0 (> 0,2 mm)  0 (> 2,0 mm)  0 (> 20,0 mm)
Heat Base: 18,3  Cool Base: 18,3  Method: Integration