Raporty NOAA

Zaznacz rok lub miesiac
V/Λ2018 > Sty Lut Mar Kwi Maj Cze Lip Sie Wrz Paz Lis Gru
V/Λ2017 > Sty Lut Mar Kwi Maj Cze Lip Sie Wrz Paz Lis Gru
V/Λ2016 > Sty Lut Mar Kwi Maj Cze Lip Sie Wrz Paz Lis Gru
V/Λ2015 > Sty Lut Mar Kwi Maj Cze Lip Sie Wrz Paz Lis Gru
V/Λ2014 > Sty Lut Mar Kwi Maj Cze Lip Sie Wrz Paz Lis Gru
V/Λ2013 > Sty Lut Mar Kwi Maj Cze Lip Sie Wrz Paz Lis Gru
V/Λ2012 > Sty Lut Mar Kwi Maj Cze Lip Sie Wrz Paz Lis Gru
V/Λ2011 > Sty Lut Mar Kwi Maj Cze Lip Sie Wrz Paz Lis Gru

Raport z 2011 Gru
                   Monthly Climatological Summary for gru 2011

Name: Jejkowice   City: Jejkowice   State: lskie
Elevation: 243 m  Lat: N 50 06' 37"   Lon: E 018 28' 21"

                  Temperature (C), Rain (mm), Wind Speed (km/h)

                                      Heat  Cool        Avg
    Mean                              Deg   Deg         Wind                 Dom
Day Temp  High   Time   Low    Time   Days  Days  Rain  Speed High   Time    Dir
----------------------------------------------------------------------------------
 1   1,7   4,6   23:44  -1,3   06:38  16,8   0,0   0,3  ----  40,3   20:20   SSW
 2   3,7   7,5   10:38   0,6   23:22  14,7   0,0   0,0  ----  42,8   13:13    SW
 3   2,5   6,6   23:47   0,6   07:54  15,8   0,0   1,5  ----  50,0   20:43    SW
 4   7,8  10,4   16:20   5,1   06:29  10,6   0,0   2,1  ----  47,9   15:40    SW
 5   8,4  15,2   20:00   4,2   16:20   8,4   0,0   0,0  ----  45,4   07:47    SW
 6  10,0  10,6   22:54   9,8   11:04   8,3   0,0   0,0  ----   0,0   00:00     E
 7   0,0   0,0   00:04   0,0   15:44   8,7   0,0   0,0  ----   0,0   00:04     E
 8   0,0   0,0   00:04   0,0   19:09   9,2   0,0   0,0  ----   0,0   00:04     E
 9   0,0   0,0   00:04   0,0   18:54   9,7   0,0   0,0  ----   0,0   00:04     E
10   0,0   0,0   23:29   0,0   09:49   7,4   0,0   0,0  ----   0,0   00:04     E
11   0,0   0,0   15:59   0,0   10:14   4,5   0,0   0,0  ----   0,0   00:04     E
12   0,0   0,0   01:59   0,0   08:53  12,4   0,0   0,0  ----   0,0   00:04     E
13   0,0   0,0   18:33   0,0   09:33  11,3   0,0   0,0  ----   0,0   00:03     E
14   0,0   0,0   23:54   0,0   10:53   7,0   0,0   0,0  ----  14,8   17:43     N
15   0,0   0,0   03:44   0,0   11:54   3,9   0,0   0,0  ----  15,8   02:34   NNW
16   0,0   0,0   00:04   0,0   00:04   0,0   0,0   0,0  ----   6,1   00:04     S
17   0,0   0,0   00:01   0,0   00:01   0,0   0,0   0,0  ----   0,0   00:01   ---
18   0,0   0,0   00:01   0,0   00:01   0,0   0,0   0,0  ----   0,0   00:01   ---
19   0,0   0,0   00:01   0,0   00:01   0,0   0,0   0,0  ----   0,0   00:01   ---
20   0,0   0,0   18:47   0,0   00:01   3,8   0,0   0,0  ----   0,0   00:01     E
21   0,0   0,0   00:02   0,0   11:37   8,8   0,0   0,0  ----   0,0   00:02     E
22   0,0   0,0   00:02   0,0   20:22   9,3   0,0   0,0  ----   0,0   00:02     E
23   0,0   0,0   00:02   0,0   23:07   9,7   0,0   0,0  ----   0,0   00:02     E
24   0,0   0,0   19:22   0,0   05:42   6,3   0,0   0,0  ----   0,0   00:02     E
25   0,0   0,0   11:52   0,0   23:56   5,6   0,0   0,0  ----   0,0   00:02     E
26   0,0   0,0   14:36   0,0   04:46  13,0   0,0   0,0  ----   0,0   00:06     E
27   0,0   0,0   14:26   0,0   05:26  10,6   0,0   0,0  ----   0,0   00:06     E
28   0,0   0,0   23:37   0,0   06:46   5,6   0,0   0,0  ----  15,8   22:27     N
29   0,0   0,0   23:57   0,0   07:47   3,7   2,1   0,0  ----   9,7   00:07   SSW
30   9,6   3,1   08:42   0,7   21:09  11,1   2,2   1,8  12,6  37,8   08:12    SW
31   1,2   3,3   13:30  -2,1   22:56  17,1   0,0   4,5   5,5  20,9   05:03   WSW
----------------------------------------------------------------------------------
     1,4  15,2     5    -2,1    31   253,3   4,3  10,2   7,4  50,0     3      SW

Max >=  20,0:  0
Max <=  10,0: 28
Min <=   0,0: 25
Min <= -10,0:  0
Max Rain: 4,5 on day 31
Days of Rain: 5 (> 0,2 mm)  2 (> 2,0 mm)  0 (> 20,0 mm)
Heat Base: 18,3  Cool Base: 18,3  Method: Integration