Raporty NOAA

Zaznacz rok lub miesiac

Raport z 2012
                   Annual Climatological Summary for 2012

Name: Jejkowice   City: Jejkowice   State: Slaskie
Elevation: 243 m  Lat: N 50 06' 37"   Lon: E 018 28' 21"

                  Temperature (C), Heat Base: 18,3  Cool Base: 18,3
                          Dep.  Heat  Cool                       Max  Max  Min  Min
        Mean  Mean        From  Deg   Deg                        >=   <=   <=   <=
 YR MO  Max   Min   Mean  Norm  Days  Days  Hi  Date  Low  Date 20,0 10,0  0,0 -10,0
------------------------------------------------------------------------------------
 12  1   1,1   0,2   0,6   2,6    78     0   9,7   4  -3,0    1    0   38   33    0
 12  2  -1,5  -9,4  -4,5  -4,0   594     0  10,6  29 -22,9   11    0   28   22   13
 12  3  10,2   0,8   5,6   2,3   393     0  20,6  17  -9,4    7    2   17   11    0
 12  4  15,1   5,0  10,3   2,0   260    19  29,2  30  -5,1    9    6    8    4    0
 12  5  21,2   9,1  15,6   2,3   127    44  30,1   1  -1,1   18   21    1    1    0
 12  6  23,0  13,2  18,2   1,7    66    62  32,9  30   7,7    6   22    0    0    0
 12  7  26,0  15,3  20,5   2,4    31   101  33,8   1   8,0   23   27    0    0    0
 12  8  25,2  14,0  19,5   1,9    48    86  34,9  20   6,5   28   26    0    0    0
 12  9  20,0  10,0  15,1   1,5   120    22  30,5  11   2,1   21   16    0    0    0
 12 10  14,0   5,3   9,3   0,4   283     4  22,1   4  -2,8   30    7    5    5    0
 12 11  10,2   2,8   6,5   2,8   330     0  17,3  11  -2,5   17    0   17    5    0
 12 12   1,6  -4,6  -1,3  -0,8   607     0   7,4  27 -16,6    8    0   31   22    5
------------------------------------------------------------------------------------
        13,8   5,1   9,6   1,3  2942   341  34,9 sie -22,9  lut  127  145  103   18

                                Precipitation (mm)

              Dep.   Max        Days of Rain
              From   Obs.           >=
 YR MO Total  Norm   Day Date  0,2  2,0 20,0
---------------------------------------------
 12  1  16,5 -25,9   9,6   4     5    2    0
 12  2  19,8 -18,2   7,2  28     9    3    0
 12  3  26,7 -19,6   8,7  30    11    4    0
 12  4  38,7  -6,9   8,1  16    12    6    0
 12  5  28,8 -48,8  11,4   4     8    5    0
 12  6  76,5  -8,3  12,3  10    16    9    0
 12  7  39,3 -55,2  14,1   3    14    6    0
 12  8  57,3 -20,8  17,1   7    12    5    0
 12  9  40,1 -24,5  21,2  13    12    4    1
 12 10  69,1  23,5  15,1  27    16    6    0
 12 11  28,2 -23,1  22,5   5     8    1    1
 12 12  24,9 -25,5   8,6  24    11    5    0
---------------------------------------------
       465,9-253,3  22,5  lis  134   56    2

                                Wind Speed (km/h)
                          Dom
 YR MO   Avg.  Hi   Date  Dir
------------------------------
 12  1  16,4  64,8    5    SW
 12  2   9,6  64,8   25     W
 12  3  13,1  69,8   31   WNW
 12  4  14,0  63,7   29    SW
 12  5  11,9  51,5   24   NNW
 12  6  10,5  76,0   24   WSW
 12  7  11,1  74,5    2    SW
 12  8   8,6  78,5    6     W
 12  9   9,1  63,7   27   WSW
 12 10   9,3  60,1    6    SW
 12 11   6,7  43,9   29   SSW
 12 12   6,4  52,6   27   SSW
------------------------------
        10,6  78,5  sie   WSW