Raporty NOAA

Zaznacz rok lub miesiac

Raport z 2012 Sty
                   Monthly Climatological Summary for sty 2012

Name: Jejkowice   City: Jejkowice   State: Slaskie
Elevation: 243 m  Lat: N 50 06' 37"   Lon: E 018 28' 21"

                  Temperature (C), Rain (mm), Wind Speed (km/h)

                                      Heat  Cool        Avg
    Mean                              Deg   Deg         Wind                 Dom
Day Temp  High   Time   Low    Time   Days  Days  Rain  Speed High   Time    Dir
----------------------------------------------------------------------------------
 1   1,2   3,7   23:46  -3,0   03:54  17,2   0,0   0,0  12,3  36,7   10:36    SW
 2   5,6   7,5   12:27   3,7   00:00  12,8   0,0   0,9  16,5  35,6   21:11    SW
 3   5,4   7,8   12:23   3,2   09:09  12,9   0,0   1,5  12,7  42,8   21:33   SSW
 4   5,6   9,7   01:46   2,1   21:06  12,8   0,0   9,6  15,2  49,0   00:47    SW
 5   3,4   5,3   18:35   1,8   09:11  14,9   0,0   0,3  25,4  64,8   08:39   SSW
 6   2,7   4,5   00:22   1,5   04:26   7,3   0,0   4,2  15,9  36,7   00:19     W
 7   0,0   0,0   00:07   0,0   00:07   0,0   0,0   4,2  ----   0,0   00:07   ---
 8   0,0   0,0   00:07   0,0   00:07   0,0   0,0   4,2  ----   0,0   00:07   ---
 9   0,0   0,0   00:07   0,0   00:07   0,0   0,0   4,2  ----   0,0   00:07   ---
10   0,0   0,0   00:07   0,0   00:07   0,0   0,0   4,2  ----   0,0   00:07   ---
11   0,0   0,0   00:07   0,0   00:07   0,0   0,0   4,2  ----   0,0   00:07   ---
12   0,0   0,0   00:07   0,0   00:07   0,0   0,0   4,2  ----   0,0   00:07   ---
13   2,4   2,4   00:08   2,4   00:08   0,0   0,0   0,0  ----  19,4   00:08   ---
14   2,4   2,4   00:08   2,4   00:08   0,0   0,0   0,0  ----  19,4   00:08   ---
15   2,4   2,4   00:08   2,4   00:08   0,0   0,0   0,0  ----  19,4   00:08   ---
16   2,4   2,4   00:08   2,4   00:08   0,0   0,0   0,0  ----  19,4   00:08   ---
17   2,4   2,4   00:08   2,4   00:08   0,0   0,0   0,0  ----  19,4   00:08   ---
18   2,4   2,4   00:08   2,4   00:08   0,0   0,0   0,0  ----  19,4   00:08   ---
19   2,4   2,4   00:08   2,4   00:08   0,0   0,0   0,0  ----  19,4   00:08   ---
20   2,4   2,4   00:08   2,4   00:08   0,0   0,0   0,0  ----  19,4   00:08   ---
21   2,4   2,4   00:08   2,4   00:08   0,0   0,0   0,0  ----  19,4   00:08   ---
22   2,4   2,4   00:08   2,4   00:08   0,0   0,0   0,0  ----  19,4   00:08   ---
23   2,4   2,4   00:08   2,4   00:08   0,0   0,0   0,0  ----  19,4   00:08   ---
24   2,4   2,4   00:08   2,4   00:08   0,0   0,0   0,0  ----  19,4   00:08   ---
25   2,4   2,4   00:08   2,4   00:08   0,0   0,0   0,0  ----  19,4   00:08   ---
26   2,4   2,4   00:08   2,4   00:08   0,0   0,0   0,0  ----  19,4   00:08   ---
27   2,4   2,4   00:08   2,4   00:08   0,0   0,0   0,0  ----  19,4   00:08   ---
28   2,4   2,4   00:08   2,4   00:08   0,0   0,0   0,0  ----  19,4   00:08   ---
29   2,4   2,4   00:08   2,4   00:08   0,0   0,0   0,0  19,9  19,4   00:08   WNW
30   0,0   0,0   00:07   0,0   00:07   0,0   0,0   0,0  ----   0,0   00:07   ---
31   0,0   0,0   00:07   0,0   00:07   0,0   0,0   0,0  ----   0,0   00:07   ---
----------------------------------------------------------------------------------
     2,1   9,7     4    -3,0     1    77,9   0,0  41,7  16,4  64,8     5      SW

Max >=  20,0:  0
Max <=  10,0: 31
Min <=   0,0:  9
Min <= -10,0:  0
Max Rain: 9,6 on day 4
Days of Rain: 11 (>= 0,2 mm)  8 (>= 2,0 mm)  0 (>= 20,0 mm)
Heat Base: 18,3  Cool Base: 18,3  Method: Integration