Raporty NOAA

Zaznacz rok lub miesiac

Raport z 2012 Lut
                   Monthly Climatological Summary for lut 2012

Name: Jejkowice   City: Jejkowice   State: Slaskie
Elevation: 243 m  Lat: N 50 06' 37"   Lon: E 018 28' 21"

                  Temperature (C), Rain (mm), Wind Speed (km/h)

                                      Heat  Cool        Avg
    Mean                              Deg   Deg         Wind                 Dom
Day Temp  High   Time   Low    Time   Days  Days  Rain  Speed High   Time    Dir
----------------------------------------------------------------------------------
 1   0,0 -12,0   14:42 -18,5   07:41   0,0   0,0   0,0  ----   0,0   00:00   ---
 2   0,0 -15,3   13:22 -20,7   07:41   0,0   0,0   0,0  ----   0,0   00:00   ---
 3 -17,0 -13,4   14:40 -18,8   23:07   9,5   0,0   0,0   2,4   9,7   20:25     E
 4 -16,3 -13,0   13:30 -21,1   07:25  35,2   0,0   0,0   4,4  17,3   15:41     N
 5 -13,3  -8,6   10:59 -16,3   21:53  31,8   0,0   0,0   5,8  19,4   15:10   NNE
 6 -14,2 -11,7   12:09 -17,1   02:42  32,6   0,0   0,0   6,7  18,4   18:26     N
 7 -10,9  -8,4   13:44 -13,4   03:40  29,1   0,0   0,0   9,0  23,4   16:32     N
 8 -12,1  -7,5   14:51 -16,5   22:44  30,2   0,0   0,0   2,9  11,2   02:35    NE
 9 -10,8  -7,2   12:54 -15,6   00:00  29,1   0,0   0,0   2,5  13,3   21:10    NE
10 -13,7  -6,3   12:21 -18,9   23:43  27,5   0,0   0,0   2,6  12,2   12:06   NNE
11 -15,8  -6,9   12:25 -22,9   07:10  34,1   0,0   0,0   2,4  14,8   12:28   NNE
12 -15,4  -4,5   12:23 -22,9   06:32  34,0   0,0   0,0   1,3   9,7   14:59     N
13 -10,1  -4,7   12:59 -18,8   01:07  28,3   0,0   0,0   1,1   6,1   08:20   SSE
14  -5,6   0,5   12:31  -8,8   19:10  24,0   0,0   0,0   2,6  24,5   22:54   SSW
15  -2,3   1,3   11:18  -6,1   00:00  20,6   0,0   0,0  18,0  45,4   19:13     W
16  -3,0  -1,2   13:29  -4,8   03:46  21,3   0,0   0,0  10,7  31,7   01:39    NW
17  -0,8   1,8   14:35  -4,1   04:49  19,1   0,0   5,4   7,8  23,4   15:34   WSW
18   2,8   6,0   14:20   0,9   01:53  15,6   0,0   0,6   6,1  20,9   00:35    SW
19   2,5   5,1   12:30   0,5   23:33  15,8   0,0   4,8   7,3  24,5   05:25   SSW
20   0,5   6,0   08:46  -6,2   23:57  17,8   0,0   0,0   5,1  28,1   12:08   WNW
21  -0,5   4,6   11:23  -7,1   02:29  18,8   0,0   0,0   7,2  23,4   11:34   SSW
22   2,6   4,5   13:47   0,8   02:33  15,8   0,0   0,0  12,6  45,4   22:45   SSW
23   3,5   4,7   14:07   2,3   06:34  14,9   0,0   0,3  27,5  58,7   08:27   SSW
24   6,1   8,9   18:49   3,2   00:00  12,2   0,0   0,3  17,0  31,7   18:13    SW
25   6,0   8,9   00:30   4,2   06:29  12,3   0,0   0,3  26,4  64,8   03:14   WNW
26   1,5   4,9   00:11  -2,0   23:59  16,8   0,0   0,3  19,5  49,0   15:33    NW
27  -1,8   1,5   14:31  -5,0   06:41  20,1   0,0   0,0  12,1  39,2   13:36    NW
28   0,6   7,1   23:42  -3,7   00:59  17,7   0,0   7,2  14,1  41,8   23:40    SW
29   7,5  10,6   15:15   5,0   23:30  10,8   0,0   0,6  16,9  42,8   00:36   NNW
----------------------------------------------------------------------------------
    -4,5  10,6    29   -22,9    11   595,0   0,0  19,8   9,6  64,8    25       W

Max >=  20,0:  0
Max <=  10,0: 28
Min <=   0,0: 22
Min <= -10,0: 13
Max Rain: 7,2 on day 28
Days of Rain: 9 (>= 0,2 mm)  3 (>= 2,0 mm)  0 (>= 20,0 mm)
Heat Base: 18,3  Cool Base: 18,3  Method: Integration