Raporty NOAA

Zaznacz rok lub miesiac

Raport z 2012 Mar
                   Monthly Climatological Summary for mar 2012

Name: Jejkowice   City: Jejkowice   State: Slaskie
Elevation: 243 m  Lat: N 50 06' 37"   Lon: E 018 28' 21"

                  Temperature (C), Rain (mm), Wind Speed (km/h)

                                      Heat  Cool        Avg
    Mean                              Deg   Deg         Wind                 Dom
Day Temp  High   Time   Low    Time   Days  Days  Rain  Speed High   Time    Dir
----------------------------------------------------------------------------------
 1   7,0   8,9   15:23   5,0   00:42  11,3   0,0   1,8   9,1  25,6   23:19   WSW
 2   6,0   8,0   00:05   3,4   23:56  12,3   0,0   0,0  17,1  37,8   00:17    NW
 3   1,7   6,8   14:38  -3,3   05:37  16,7   0,0   0,0  10,8  37,8   11:33   NNW
 4  -0,7   3,9   13:53  -5,7   06:30  19,2   0,0   0,0   6,3  24,5   12:53   NNE
 5  -1,6   3,0   14:43  -5,3   06:25  19,9   0,0   0,0   6,9  22,0   10:43    NE
 6  -3,1   0,6   14:36  -6,9   02:48  21,4   0,0   0,0  10,0  28,1   10:14   NNE
 7  -2,5   2,6   15:13  -9,4   06:06  20,8   0,0   0,0   9,3  31,7   12:22     S
 8  -0,3   3,4   11:51  -3,5   05:06  18,6   0,0   0,0  14,7  47,9   11:34   SSW
 9   0,9   3,4   16:26  -0,8   22:56  17,6   0,0   0,9   8,7  25,6   11:19   WNW
10   3,3   8,8   15:24  -1,8   04:56  14,9   0,0   0,6  13,0  28,1   13:20   SSW
11   5,2   8,1   14:07   1,3   23:11  13,1   0,0   1,2  20,9  52,6   13:43    NW
12   3,9   6,0   12:11   1,1   03:32  14,4   0,0   0,3  11,4  31,7   14:41    NW
13   5,9   7,2   16:08   4,8   23:11  12,4   0,0   0,3  12,5  35,6   21:34    NW
14   4,9   5,7   11:01   4,4   17:43  13,4   0,0   2,1  14,7  41,8   12:11   WNW
15   4,0   7,1   15:41   0,7   06:10  14,3   0,0   0,0   7,2  24,5   10:51    NW
16   8,7  15,8   14:43   1,2   00:18   9,8   0,0   0,0  17,4  34,2   12:31   SSW
17  13,9  20,6   14:51   8,4   01:14   4,8   0,4   0,0  16,0  33,1   12:45   SSW
18  13,5  20,5   15:27   6,2   04:19   5,0   0,3   0,0   8,5  22,0   21:30   SSW
19   7,5  11,0   00:00   3,5   23:38  10,8   0,0   0,6  15,4  36,7   03:08    NW
20   6,7  12,4   16:49   0,3   05:31  11,5   0,0   0,0  10,4  34,2   13:45   WSW
21   8,5  13,8   15:37   3,2   04:38   9,8   0,0   0,0  11,0  35,6   09:55   WNW
22   8,7  12,5   13:08   3,3   23:58   9,6   0,0   0,0   5,1  18,4   14:08     N
23   8,6  17,6   15:19  -0,7   04:46   9,7   0,0   0,0   4,6  20,9   15:39    NW
24   9,5  16,8   13:54   0,2   06:02   8,7   0,0   0,0   5,4  19,4   14:24    NW
25   9,7  15,5   15:46   3,0   06:50   8,2   0,0   0,0  15,0  43,9   14:08    NW
26   4,8  10,3   16:32  -0,3   05:26  13,5   0,0   0,0  12,8  37,8   02:30   NNW
27   8,7  16,2   15:29   1,2   02:51   9,6   0,0   0,0  18,2  56,2   16:28   WNW
28  12,1  18,9   15:36   5,3   03:55   6,2   0,0   0,0  17,4  47,9   18:15   WNW
29   8,2  12,0   03:57   4,1   23:08  10,1   0,0   5,4  25,5  57,6   14:36   WNW
30   5,5   9,0   17:13   1,5   04:05  12,8   0,0   8,7  24,4  55,1   13:54    NW
31   5,0   8,9   13:21  -0,8   22:28  13,3   0,0   4,8  27,2  69,8   15:07   WNW
----------------------------------------------------------------------------------
     5,6  20,6    17    -9,4     7   393,7   0,7  26,7  13,1  69,8    31     WNW

Max >=  20,0:  2
Max <=  10,0: 17
Min <=   0,0: 11
Min <= -10,0:  0
Max Rain: 8,7 on day 30
Days of Rain: 11 (>= 0,2 mm)  4 (>= 2,0 mm)  0 (>= 20,0 mm)
Heat Base: 18,3  Cool Base: 18,3  Method: Integration