Raporty NOAA

Zaznacz rok lub miesiac

Raport z 2012 Kwi
                   Monthly Climatological Summary for kwi 2012

Name: Jejkowice   City: Jejkowice   State: Slaskie
Elevation: 243 m  Lat: N 50 06' 37"   Lon: E 018 28' 21"

                  Temperature (C), Rain (mm), Wind Speed (km/h)

                                      Heat  Cool        Avg
    Mean                              Deg   Deg         Wind                 Dom
Day Temp  High   Time   Low    Time   Days  Days  Rain  Speed High   Time    Dir
----------------------------------------------------------------------------------
 1   2,4   5,8   16:48  -0,2   06:00  15,9   0,0   0,0  23,0  55,1   03:46   WNW
 2   6,3   9,4   15:37   3,0   00:07  12,0   0,0   0,0  23,4  52,6   12:30    SW
 3   8,2  15,4   16:26   0,7   03:51  10,1   0,0   0,0   7,5  24,5   21:20   ESE
 4  12,5  20,1   15:39   5,5   06:25   6,0   0,2   0,0  16,0  43,9   19:26    SW
 5   5,8   8,6   00:00   5,2   08:04  12,5   0,0   0,9  14,4  27,0   10:33     N
 6   4,3   5,4   00:00   3,4   06:49  14,0   0,0   1,2   9,1  23,4   05:50     N
 7   5,9  11,8   14:41   1,1   23:22  12,4   0,0   3,6  15,9  54,0   14:33     W
 8   0,3   1,8   16:05  -2,9   22:55  18,0   0,0   0,0  16,9  41,8   10:32    NW
 9   1,4   6,6   17:19  -5,1   06:31  16,9   0,0   0,0   7,8  24,5   14:49   SSE
10   7,0  14,1   15:39  -1,2   05:52  11,3   0,0   0,0  13,2  45,4   13:15     S
11  12,2  17,1   16:08   5,3   06:20   6,1   0,0   0,0  15,3  46,4   10:39     S
12  10,3  16,1   13:49   5,2   22:31   8,0   0,0   6,9   9,5  34,2   19:42     W
13   9,4  15,1   14:41   4,5   05:11   8,9   0,0   0,0  10,6  27,0   14:14   WSW
14   9,4  12,8   14:40   6,5   05:28   8,9   0,0   0,9  17,8  43,9   14:55     N
15   9,1  10,3   00:00   7,8   05:59   9,1   0,0   4,8  16,0  35,6   01:18     N
16   6,2   8,9   00:16   5,1   11:49  12,1   0,0   8,1  21,3  39,2   12:41    NW
17   5,6   8,3   16:50   2,3   06:19  12,7   0,0   0,3  10,4  30,6   11:14   NNW
18   8,9  14,2   15:07   3,0   05:21   9,4   0,0   0,0  10,1  31,7   06:28    SE
19  10,8  16,6   13:33   3,1   06:27   7,5   0,0   0,0   5,8  20,9   11:51    SW
20  12,7  18,8   17:12   4,7   06:13   5,7   0,0   7,5  13,8  46,4   20:17    SW
21  10,9  15,1   18:06   7,0   23:45   7,4   0,0   0,0   8,4  31,7   13:21   WSW
22  10,9  15,6   13:29   5,2   06:08   7,4   0,0   2,7  12,6  36,7   14:30   WSW
23  10,5  15,4   15:25   5,3   05:55   7,8   0,0   0,9  14,1  40,3   13:33   SSW
24  12,2  16,3   13:26   6,6   02:57   6,1   0,0   0,9  17,7  55,1   11:52   SSE
25  11,5  15,7   18:16   7,3   05:48   6,9   0,0   0,0  21,3  47,9   00:59   SSW
26  15,8  23,6   17:13   6,5   05:30   3,8   1,3   0,0  12,3  31,7   12:40     S
27  18,8  26,5   17:28   8,6   05:49   2,4   2,8   0,0   7,6  29,5   12:35   SSW
28  21,6  28,5   16:12  13,3   03:12   1,1   4,4   0,0  12,0  36,7   13:52     S
29  23,8  28,9   15:23  16,2   04:44   0,1   5,7   0,0  23,7  63,7   09:28     S
30  23,1  29,2   15:32  16,3   06:45   0,2   5,0   0,0  12,2  42,8   15:18   SSW
----------------------------------------------------------------------------------
    10,3  29,2    30    -5,1     9   260,7  19,4  38,7  14,0  63,7    29      SW

Max >=  20,0:  6
Max <=  10,0:  8
Min <=   0,0:  4
Min <= -10,0:  0
Max Rain: 8,1 on day 16
Days of Rain: 12 (>= 0,2 mm)  6 (>= 2,0 mm)  0 (>= 20,0 mm)
Heat Base: 18,3  Cool Base: 18,3  Method: Integration