Raporty NOAA

Zaznacz rok lub miesiac

Raport z 2012 Maj
                   Monthly Climatological Summary for maj 2012

Name: Jejkowice   City: Jejkowice   State: Slaskie
Elevation: 243 m  Lat: N 50 06' 37"   Lon: E 018 28' 21"

                  Temperature (C), Rain (mm), Wind Speed (km/h)

                                      Heat  Cool        Avg
    Mean                              Deg   Deg         Wind                 Dom
Day Temp  High   Time   Low    Time   Days  Days  Rain  Speed High   Time    Dir
----------------------------------------------------------------------------------
 1  21,5  30,1   15:21  11,8   05:49   1,5   4,8   0,0   7,3  34,2   16:42     S
 2  19,8  30,0   13:55  12,4   05:15   1,3   2,8   3,9   5,8  39,2   14:59   ENE
 3  19,0  25,9   15:43  10,6   04:34   2,0   2,6   0,0  10,4  36,7   10:17   WSW
 4  15,1  17,3   12:16  12,8   23:55   3,2   0,0  11,4   9,2  23,4   08:10   WNW
 5  16,9  23,4   15:56  10,7   05:46   2,9   1,5   2,4  10,3  43,9   22:05     S
 6  14,5  20,2   14:52   8,9   23:55   4,0   0,2   0,3  17,1  35,6   13:07     W
 7   8,8  11,0   16:39   6,8   23:33   9,5   0,0   6,0  11,3  24,5   00:42   NNW
 8  10,5  17,8   17:29   3,5   03:27   7,7   0,0   0,0   8,8  27,0   20:17     E
 9  14,9  23,2   16:09   4,7   05:19   4,7   1,3   0,0   8,7  34,2   12:26   SSE
10  19,9  26,1   16:44  11,4   05:08   1,6   3,2   0,0  11,8  34,2   11:16   SSW
11  22,3  27,2   15:47  16,8   03:32   0,2   4,2   0,0  16,9  46,4   10:07   SSW
12  13,4  20,8   00:08   7,4   23:56   5,1   0,2   3,9  12,1  49,0   09:48   WNW
13   7,1   9,4   14:07   3,8   06:12  11,2   0,0   0,0  13,9  33,1   18:12    NW
14  10,3  14,8   15:58   5,4   05:24   8,1   0,0   0,0  12,9  34,2   13:23    NE
15  10,8  13,9   18:07   8,4   02:14   7,5   0,0   0,0   8,6  27,0   08:29    NE
16   9,1  11,6   14:54   4,6   05:23   9,2   0,0   0,0  16,6  42,8   13:56    NW
17   8,0  10,9   15:58   2,1   23:34  10,3   0,0   0,0  21,7  47,9   14:54    NW
18   9,4  17,3   17:25  -1,1   05:23   8,9   0,0   0,0   9,6  30,6   10:38   ESE
19  14,9  22,1   18:34   5,9   05:20   4,0   0,8   0,0   7,0  23,4   10:27    SE
20  19,0  26,9   16:26   8,9   05:11   2,5   3,2   0,0   8,7  30,6   11:31    SE
21  21,3  27,7   14:34  13,2   04:29   1,1   4,1   0,0   9,5  34,2   11:07    SE
22  22,5  28,5   14:49  15,0   05:15   0,6   4,8   0,0  14,5  43,9   15:18   ENE
23  22,9  28,3   16:57  16,2   04:12   0,3   4,9   0,0  17,7  47,9   15:23   NNE
24  19,4  22,9   13:28  14,4   23:48   0,5   1,7   0,0  23,4  51,5   14:10     N
25  16,0  19,8   16:10  10,9   05:26   2,5   0,2   0,0  19,7  45,4   10:18   NNE
26  15,5  21,1   17:18   7,4   04:56   3,3   0,5   0,0  11,9  39,2   13:10   NNE
27  15,2  21,7   13:41   6,3   05:17   3,6   0,5   0,6   6,5  37,8   15:45     N
28  15,1  20,2   11:35  10,6   04:10   3,3   0,1   0,0   6,9  33,1   13:54   SSW
29  17,5  24,2   16:27   8,3   04:42   2,8   2,0   0,3   8,6  27,0   23:31   WSW
30  17,3  21,5   16:45  12,9   06:07   1,8   0,7   0,0  11,2  33,1   12:53    NW
31  16,0  20,8   18:12  11,0   04:10   2,7   0,4   0,0   9,2  30,6   11:12   WNW
----------------------------------------------------------------------------------
    15,6  30,1     1    -1,1    18   127,9  44,7  28,8  11,9  51,5    24     NNW

Max >=  20,0: 21
Max <=  10,0:  1
Min <=   0,0:  1
Min <= -10,0:  0
Max Rain: 11,4 on day 4
Days of Rain: 8 (>= 0,2 mm)  5 (>= 2,0 mm)  0 (>= 20,0 mm)
Heat Base: 18,3  Cool Base: 18,3  Method: Integration