Raporty NOAA

Zaznacz rok lub miesiac

Raport z 2012 Cze
                   Monthly Climatological Summary for cze 2012

Name: Jejkowice   City: Jejkowice   State: Slaskie
Elevation: 243 m  Lat: N 50 06' 37"   Lon: E 018 28' 21"

                  Temperature (C), Rain (mm), Wind Speed (km/h)

                                      Heat  Cool        Avg
    Mean                              Deg   Deg         Wind                 Dom
Day Temp  High   Time   Low    Time   Days  Days  Rain  Speed High   Time    Dir
----------------------------------------------------------------------------------
 1  13,9  16,5   15:51   9,4   23:31   4,4   0,0   9,9  16,5  55,1   13:19     W
 2  11,6  16,2   17:08   8,0   04:55   6,8   0,0   0,0  14,0  35,6   10:06     W
 3  15,0  20,3   16:22   8,7   05:26   3,5   0,2   0,3   5,3  17,3   10:39   SSE
 4  15,1  20,4   00:58  12,7   07:17   3,3   0,1   6,6  10,6  34,2   01:01   WNW
 5  12,2  15,1   14:42   9,3   22:28   6,1   0,0  10,2  11,8  47,9   18:48   WNW
 6  12,9  17,5   16:54   7,7   05:55   5,4   0,0   0,0   8,5  23,4   14:58   WSW
 7  18,2  23,2   15:55  13,2   01:46   1,5   1,5   0,0  10,5  25,6   08:37    SW
 8  20,7  25,2   16:18  16,0   02:58   0,6   2,9   1,2  14,2  47,9   22:20    SW
 9  17,3  20,3   17:10  14,6   04:40   1,2   0,2   0,9   9,1  27,0   20:28   SSW
10  16,9  22,5   13:45  12,2   05:09   2,1   0,7  12,3   7,6  25,6   21:43    SW
11  14,2  16,4   17:16  11,8   23:50   4,1   0,0   0,0   9,1  20,9   02:37    NW
12  15,6  21,0   13:39  10,4   04:38   3,2   0,4   2,4   7,1  41,8   18:23    SE
13  15,4  18,5   18:14  13,6   05:41   2,9   0,0  11,7  12,3  33,1   13:53     W
14  13,8  16,6   12:13  11,6   22:49   4,5   0,0  11,7   9,8  35,6   15:19     W
15  15,6  21,9   17:43   9,0   05:13   3,4   0,7   0,3   5,5  17,3   11:24   SSE
16  22,3  30,1   15:52  12,1   04:41   1,4   5,4   0,0  14,5  34,2   10:40     S
17  23,3  29,2   15:42  17,7   04:37   0,0   5,0   0,0  11,4  34,2   16:54   WNW
18  24,6  31,1   17:27  17,2   04:51   0,1   6,4   0,0   8,2  24,5   15:32     S
19  23,3  27,5   16:26  19,6   06:54   0,0   5,0   0,0  13,2  31,7   06:43     N
20  25,2  31,6   15:17  18,7   02:49   0,0   6,9   0,0  10,5  29,5   13:11   SSE
21  22,7  27,9   16:55  17,7   23:54   0,0   4,4   4,5  12,1  34,2   20:22     W
22  18,7  22,1   17:45  16,1   23:32   0,6   1,0   0,0   8,5  27,0   11:21    NW
23  19,1  24,1   15:48  15,2   01:25   1,0   1,8   0,0   7,1  23,4   15:36     W
24  20,8  27,1   16:20  12,5   03:54   1,4   3,9   2,4  12,3  76,0   23:50     S
25  18,0  20,8   00:59  12,5   23:43   0,9   0,6   1,2  14,7  55,1   00:00   WSW
26  15,2  19,6   16:41  11,6   04:30   3,2   0,1   0,3  14,7  37,8   16:17     W
27  17,3  23,0   17:40  12,7   00:00   2,2   1,2   0,0  13,4  39,2   16:24   WSW
28  18,1  22,4   18:07  14,1   05:45   1,3   1,2   0,6   8,8  27,0   09:27    NW
29  22,0  28,9   17:27  12,7   04:39   1,2   4,9   0,0   7,2  25,6   12:21     S
30  26,3  32,9   16:31  18,2   04:54   0,0   8,0   0,0   8,2  25,6   10:49     S
----------------------------------------------------------------------------------
    18,2  32,9    30     7,7     6    66,3  62,5  76,5  10,5  76,0    24     WSW

Max >=  20,0: 22
Max <=  10,0:  0
Min <=   0,0:  0
Min <= -10,0:  0
Max Rain: 12,3 on day 10
Days of Rain: 16 (>= 0,2 mm)  9 (>= 2,0 mm)  0 (>= 20,0 mm)
Heat Base: 18,3  Cool Base: 18,3  Method: Integration