Raporty NOAA

Zaznacz rok lub miesiac

Raport z 2012 Lip
                   Monthly Climatological Summary for lip 2012

Name: Jejkowice   City: Jejkowice   State: Slaskie
Elevation: 243 m  Lat: N 50 06' 37"   Lon: E 018 28' 21"

                  Temperature (C), Rain (mm), Wind Speed (km/h)

                                      Heat  Cool        Avg
    Mean                              Deg   Deg         Wind                 Dom
Day Temp  High   Time   Low    Time   Days  Days  Rain  Speed High   Time    Dir
----------------------------------------------------------------------------------
 1  26,5  33,8   18:13  20,3   23:44   0,0   8,1   7,2  10,7  51,5   19:39   SSW
 2  22,7  27,9   18:08  17,5   06:32   0,0   4,4   0,6  15,3  74,5   00:48     N
 3  23,7  31,8   17:31  18,7   23:55   0,0   5,4  14,1  12,5  47,9   19:23   NNW
 4  21,3  27,4   16:46  16,8   04:53   0,2   3,2   0,3   7,7  22,0   18:08     N
 5  25,3  33,7   16:50  16,7   04:36   0,1   7,2   0,0   6,6  22,0   16:51     E
 6  26,7  33,8   16:37  20,8   05:43   0,0   8,5   0,0  10,2  40,3   17:56   SSE
 7  25,2  31,1   16:59  18,9   05:28   0,0   6,9   0,0   9,5  28,1   20:51   SSW
 8  21,5  28,5   16:46  17,5   04:11   0,1   3,3   2,7   9,5  52,6   18:53     N
 9  21,6  26,3   18:07  16,9   04:09   0,1   3,5   0,3   6,5  23,4   16:34     W
10  22,2  27,6   17:19  15,2   04:18   0,4   4,3   0,0   7,0  25,6   20:32   SSW
11  20,7  27,5   12:16  16,5   02:15   0,2   2,6   0,6   9,5  35,6   14:42   SSW
12  18,2  23,4   15:46  12,4   23:54   1,2   1,2   0,0  12,8  49,0   18:24   WSW
13  14,1  17,4   12:53   8,9   04:22   4,2   0,0   0,0  11,7  27,0   10:51     S
14  17,2  22,8   11:40  13,4   05:07   2,1   1,0   2,4  21,0  52,6   16:10   SSW
15  17,5  22,3   15:41  14,0   05:28   1,9   1,1   0,3  14,0  46,4   19:34   SSW
16  15,0  18,5   12:58  13,1   08:24   3,3   0,0   2,4  11,8  39,2   16:21   WSW
17  14,6  19,9   16:08  12,1   05:13   3,8   0,1   6,3  17,0  47,9   20:51   SSW
18  17,0  20,7   19:44  12,8   05:51   1,8   0,6   0,6  15,2  40,3   15:16    SW
19  21,6  27,4   14:40  17,1   04:27   0,1   3,5   0,0  22,1  63,7   15:07    SW
20  18,8  22,2   16:45  15,0   03:40   0,7   1,3   0,0  12,2  36,7   10:49   WSW
21  16,7  20,4   16:40  13,4   23:59   2,0   0,4   0,0   7,6  29,5   13:44   NNW
22  15,7  18,6   17:25  12,1   06:54   2,6   0,0   0,0  12,7  34,2   11:11   NNW
23  17,7  25,1   17:14   8,0   05:51   2,9   2,3   0,0  10,7  41,8   12:40    NE
24  21,5  28,3   17:05  12,6   05:18   1,2   4,5   0,0  13,2  37,8   10:50   ENE
25  20,7  23,7   16:29  17,6   05:55   0,0   2,5   0,0   8,6  29,5   07:32     E
26  21,0  25,9   17:35  15,6   03:58   0,4   3,1   0,6   7,2  30,6   12:34   NNW
27  22,7  27,8   17:41  17,1   05:13   0,1   4,5   0,0   4,5  22,0   13:44   NNE
28  25,7  32,5   16:32  18,0   05:07   0,0   7,4   0,0  10,5  33,1   15:43     S
29  22,2  25,9   13:57  19,6   22:47   0,0   3,9   0,9  14,2  35,6   10:59   SSW
30  20,6  25,1   16:12  14,9   23:51   0,3   2,6   0,0   7,7  19,4   15:22     W
31  20,1  27,7   16:20  11,2   05:19   1,8   3,6   0,0   6,0  23,4   14:07   ESE
----------------------------------------------------------------------------------
    20,5  33,8     1     8,0    23    31,5 101,0  39,3  11,1  74,5     2      SW

Max >=  20,0: 27
Max <=  10,0:  0
Min <=   0,0:  0
Min <= -10,0:  0
Max Rain: 14,1 on day 3
Days of Rain: 14 (>= 0,2 mm)  6 (>= 2,0 mm)  0 (>= 20,0 mm)
Heat Base: 18,3  Cool Base: 18,3  Method: Integration