Raporty NOAA

Zaznacz rok lub miesiac

Raport z 2012 Sie
                   Monthly Climatological Summary for sie 2012

Name: Jejkowice   City: Jejkowice   State: Slaskie
Elevation: 243 m  Lat: N 50 06' 37"   Lon: E 018 28' 21"

                  Temperature (C), Rain (mm), Wind Speed (km/h)

                                      Heat  Cool        Avg
    Mean                              Deg   Deg         Wind                 Dom
Day Temp  High   Time   Low    Time   Days  Days  Rain  Speed High   Time    Dir
----------------------------------------------------------------------------------
 1  21,8  29,0   17:28  12,8   05:34   1,2   4,7   0,0   7,0  25,6   15:29     E
 2  24,5  31,6   17:20  17,0   05:20   0,1   6,3   0,0   9,3  31,7   15:23     S
 3  22,8  28,8   15:06  17,8   23:55   0,0   4,5   1,2   9,1  35,6   11:14    NW
 4  21,6  27,4   14:56  15,1   05:22   0,6   3,9   0,0   4,4  17,3   17:40   ENE
 5  22,9  29,1   18:35  17,8   05:39   0,0   4,6   0,3   8,6  29,5   10:45   SSE
 6  25,9  34,1   14:45  18,6   23:48   0,0   7,6  13,8  12,7  78,5   23:36   SSW
 7  19,5  24,6   15:53  15,4   06:46   0,6   1,8  17,1  14,3  47,9   01:31   WSW
 8  18,4  22,6   16:47  14,0   06:06   1,1   1,2   0,0   8,6  29,5   13:11   WNW
 9  17,0  22,4   13:48  12,2   06:06   2,1   0,8   0,0   7,7  40,3   15:40     W
10  16,8  21,5   16:57  13,3   02:08   2,0   0,6   0,0  11,7  28,1   10:31    NW
11  13,2  15,4   16:34  11,6   11:06   5,1   0,0   9,3   7,9  28,1   17:28   NNW
12  13,5  17,8   14:25  11,6   23:13   4,8   0,0   3,6   8,8  30,6   15:35    NW
13  13,9  19,4   15:07   8,4   04:16   4,4   0,1   0,0   5,0  22,0   15:25    NW
14  14,6  19,9   17:07  10,0   05:55   3,9   0,1   0,0  12,4  42,8   16:32   WNW
15  16,2  22,3   17:07  10,1   06:50   3,0   0,9   0,0   9,4  31,7   11:07    NW
16  17,5  24,2   16:38  10,5   05:07   2,5   1,8   0,0   4,3  15,8   14:30   ESE
17  17,5  21,0   16:58  14,9   23:52   1,4   0,6   0,3   4,7  15,8   07:45   WNW
18  18,6  25,5   16:20  12,2   06:12   2,0   2,4   0,0   4,0  18,4   15:19   NNE
19  21,9  30,1   17:07  12,1   04:57   1,5   5,1   0,0   7,4  23,4   15:45     S
20  26,5  34,9   15:48  19,4   04:56   0,0   8,2   0,0  13,6  35,6   08:28   SSW
21  24,2  28,5   13:40  19,4   23:51   0,0   5,9   0,0   8,6  37,8   01:38     N
22  23,3  29,6   16:29  17,7   06:19   0,0   5,0   0,6   4,7  39,2   11:29   WSW
23  21,9  28,0   18:09  15,8   06:09   0,2   3,8   0,0   6,1  22,0   13:19   NNW
24  22,6  30,4   16:29  15,3   06:49   0,5   4,8   1,8  11,5  37,8   22:49   SSW
25  20,4  23,3   17:29  17,1   23:49   0,0   2,1   1,8  14,6  36,7   01:09   SSW
26  18,6  20,6   13:29  16,3   08:09   0,4   0,7   6,9   8,3  25,6   07:29    SW
27  16,0  19,2   17:20  10,2   23:40   2,4   0,1   0,0  14,8  46,4   08:50    NW
28  15,2  23,0   17:50   6,5   06:00   4,2   1,1   0,0   4,8  15,8   13:20     S
29  18,5  25,9   16:00  12,1   05:50   2,1   2,2   0,0   4,0  14,8   15:20     W
30  21,3  28,7   15:40  12,7   04:50   1,4   4,5   0,0   7,5  19,4   22:17    SE
31  18,0  22,8   12:44  15,3   23:29   1,0   0,7   0,6   9,7  34,2   12:25   WNW
----------------------------------------------------------------------------------
    19,5  34,9    20     6,5    28    48,5  86,1  57,3   8,6  78,5     6       W

Max >=  20,0: 26
Max <=  10,0:  0
Min <=   0,0:  0
Min <= -10,0:  0
Max Rain: 17,1 on day 7
Days of Rain: 12 (>= 0,2 mm)  5 (>= 2,0 mm)  0 (>= 20,0 mm)
Heat Base: 18,3  Cool Base: 18,3  Method: Integration