Raporty NOAA

Zaznacz rok lub miesiac
V/Λ2018 > Sty Lut Mar Kwi Maj Cze Lip Sie Wrz Paz Lis Gru
V/Λ2017 > Sty Lut Mar Kwi Maj Cze Lip Sie Wrz Paz Lis Gru
V/Λ2016 > Sty Lut Mar Kwi Maj Cze Lip Sie Wrz Paz Lis Gru
V/Λ2015 > Sty Lut Mar Kwi Maj Cze Lip Sie Wrz Paz Lis Gru
V/Λ2014 > Sty Lut Mar Kwi Maj Cze Lip Sie Wrz Paz Lis Gru
V/Λ2013 > Sty Lut Mar Kwi Maj Cze Lip Sie Wrz Paz Lis Gru
V/Λ2012 > Sty Lut Mar Kwi Maj Cze Lip Sie Wrz Paz Lis Gru
V/Λ2011 > Sty Lut Mar Kwi Maj Cze Lip Sie Wrz Paz Lis Gru

Raport z 2012 Wrz
                   Monthly Climatological Summary for wrz 2012

Name: Jejkowice   City: Jejkowice   State: Slaskie
Elevation: 243 m  Lat: N 50 06' 37"   Lon: E 018 28' 21"

                  Temperature (C), Rain (mm), Wind Speed (km/h)

                                      Heat  Cool        Avg
    Mean                              Deg   Deg         Wind                 Dom
Day Temp  High   Time   Low    Time   Days  Days  Rain  Speed High   Time    Dir
----------------------------------------------------------------------------------
 1  15,7  16,5   16:15  15,1   06:34   2,6   0,0   0,3   9,7  24,5   13:29   NNW
 2  16,2  20,2   15:56  12,9   04:25   2,4   0,3   0,2   6,3  23,4   16:07   NNE
 3  16,6  21,0   16:22  12,1   02:13   2,2   0,6   0,0   5,4  20,9   11:35    NW
 4  19,1  23,7   15:53  15,5   04:19   0,8   1,6   0,0   7,1  25,6   14:21     N
 5  17,3  23,7   15:08  10,4   06:16   2,5   1,4   0,0   5,7  25,6   16:32     N
 6  14,8  17,8   15:21   9,1   23:52   3,5   0,0   0,2  11,3  35,6   13:19    NW
 7  14,6  21,0   16:20   6,4   05:23   4,2   0,5   0,0  12,0  35,6   14:20   WSW
 8  16,5  18,0   15:32  14,2   06:47   1,9   0,0   1,2   9,5  27,0   13:37     W
 9  18,1  23,1   15:37  14,1   05:25   1,5   1,2   0,0   6,5  23,4   11:33   WNW
10  19,9  28,2   14:52  11,6   06:19   1,9   3,5   0,0  10,1  41,8   12:17     S
11  22,0  30,5   13:58  11,9   06:16   1,5   5,2   0,0   2,6  23,4   17:54     S
12  17,2  22,0   14:57  10,5   23:54   2,1   0,9   8,4  12,1  36,7   15:32   WNW
13   9,8  10,5   00:00   9,0   04:46   8,5   0,0  21,2  15,4  34,2   10:46   NNW
14  12,2  16,1   16:17   9,5   03:45   6,1   0,0   0,0   5,3  19,4   22:39    SW
15  13,4  16,9   14:26   9,3   06:54   4,9   0,0   0,0  12,0  39,2   14:44   WNW
16  14,0  17,9   13:51  10,6   23:55   4,3   0,0   0,0   4,1  12,2   14:23    SW
17  15,0  21,9   14:45   7,9   06:35   4,1   0,8   0,0   9,9  37,8   13:55     S
18  17,5  23,8   15:52  11,3   06:12   2,3   1,4   0,0   9,9  39,2   13:18   SSW
19  12,3  16,7   08:49  10,3   22:37   6,0   0,0   3,4   9,1  37,8   09:50   WNW
20  10,1  14,0   15:16   5,5   23:58   8,2   0,0   0,0   8,2  27,0   13:34    NW
21   9,3  15,9   14:45   2,1   07:19   9,0   0,0   0,0   4,5  20,9   12:55    SE
22  10,8  16,7   14:14   6,1   03:26   7,5   0,0   1,7  11,8  50,0   12:46    SW
23  10,1  15,2   14:31   5,1   06:44   8,2   0,0   0,0   7,0  27,0   12:34   WSW
24  14,5  23,4   16:24   6,0   00:36   4,8   1,0   0,0   8,3  27,0   15:31    SE
25  16,2  20,5   15:31  12,8   21:30   2,4   0,3   0,2   9,9  27,0   09:13   WSW
26  18,4  24,8   15:29  11,6   02:41   2,2   2,2   0,0  14,1  43,9   13:13     S
27  18,4  23,7   10:13  14,0   23:50   1,1   1,2   0,0  17,0  63,7   10:38   SSW
28  14,5  19,1   14:33  10,9   21:29   3,8   0,0   0,4  13,6  33,1   08:37   SSW
29  14,9  21,7   14:46   7,2   06:46   4,0   0,6   2,1   9,0  46,4   22:53    SW
30  12,5  17,0   15:37   7,5   23:13   5,8   0,0   0,8   6,0  19,4   09:25   WNW
----------------------------------------------------------------------------------
    15,1  30,5    11     2,1    21   120,3  22,7  40,1   9,1  63,7    27     WSW

Max >=  20,0: 16
Max <=  10,0:  0
Min <=   0,0:  0
Min <= -10,0:  0
Max Rain: 21,2 on day 13
Days of Rain: 12 (>= 0,2 mm)  4 (>= 2,0 mm)  1 (>= 20,0 mm)
Heat Base: 18,3  Cool Base: 18,3  Method: Integration