Raporty NOAA

Zaznacz rok lub miesiac

Raport z 2012 Paz
                   Monthly Climatological Summary for pa 2012

Name: Jejkowice   City: Jejkowice   State: Slaskie
Elevation: 243 m  Lat: N 50 06' 37"   Lon: E 018 28' 21"

                  Temperature (C), Rain (mm), Wind Speed (km/h)

                                      Heat  Cool        Avg
    Mean                              Deg   Deg         Wind                 Dom
Day Temp  High   Time   Low    Time   Days  Days  Rain  Speed High   Time    Dir
----------------------------------------------------------------------------------
 1  14,0  21,3   15:07   8,0   00:30   4,8   0,4   0,8   5,9  15,8   10:54     E
 2  14,7  18,2   15:25  12,5   04:08   3,6   0,0   0,0   3,3  12,2   00:16   NNW
 3  14,8  19,3   16:09  11,3   08:11   3,6   0,1   0,0   7,3  19,4   14:53   WSW
 4  16,1  22,1   13:41  10,8   06:22   3,0   0,9  10,1  17,5  55,1   21:40   SSW
 5  12,3  16,1   19:32   6,7   07:28   6,0   0,0   0,2  17,5  45,4   12:29   SSW
 6  18,2  22,1   13:49  13,6   07:26   1,4   1,3   1,7  27,6  60,1   18:55   SSW
 7   9,0  14,9   00:00   6,0   23:28   9,3   0,0  10,7  10,5  31,7   15:49    NW
 8   8,4  11,7   13:28   5,5   22:45   9,9   0,0   0,0  12,8  40,3   14:26     W
 9   8,5  14,4   15:25   2,8   07:07   9,8   0,0   0,4  14,8  52,6   09:59    SW
10   7,3  10,7   13:44   3,9   05:42  11,0   0,0   0,0   8,4  23,4   11:47     W
11   6,9  11,2   15:08   2,0   23:22  11,4   0,0   0,0   8,7  30,6   14:10     W
12   6,7  12,6   16:10  -0,1   02:07  11,6   0,0   0,0   6,0  18,4   19:41    SE
13  10,4  15,0   15:10   6,8   22:07   7,9   0,0   0,2   8,4  23,4   04:14   SSW
14  11,1  15,4   14:21   7,4   03:55   7,3   0,0   0,0   8,5  42,8   12:27     S
15  14,7  19,3   13:48   8,7   07:15   3,7   0,1   1,3  12,7  52,6   15:20   SSW
16   8,3  11,7   00:00   7,5   20:27  10,0   0,0  13,4  13,3  29,5   18:31    NW
17   9,4  14,1   15:35   5,1   06:32   8,9   0,0   0,0  11,3  33,1   14:55     S
18  12,5  20,1   13:53   5,6   07:08   6,0   0,2   0,0   8,3  36,7   13:46   SSE
19  12,6  20,6   15:46   6,4   04:13   6,0   0,3   0,0   4,9  17,3   11:30   SSE
20  12,1  22,0   13:57   4,8   07:20   6,8   0,7   0,0   2,7  11,2   11:09   ESE
21  11,2  21,6   14:53   3,8   05:55   7,6   0,5   0,0   1,6  11,2   15:19     S
22   9,4  18,4   13:10   3,4   07:21   8,9   0,0   0,0   4,0  17,3   16:31   NNW
23   9,1  10,7   15:44   7,6   04:31   9,2   0,0   0,4   3,4  11,2   10:27   NNE
24   9,8  11,6   14:22   8,3   23:43   8,5   0,0   0,0   5,2  19,4   10:14     E
25   9,1  10,7   12:23   7,7   03:31   9,2   0,0   0,0   7,6  24,5   14:45    SW
26   5,6   9,3   02:18   1,2   22:48  12,8   0,0   3,1   9,4  31,7   06:14   NNW
27   1,6   2,9   10:08  -0,3   23:07  16,7   0,0  15,1   8,6  23,4   03:10   NNE
28   0,0   1,1   13:10  -0,9   05:30  19,0   0,0   0,4   4,4  18,4   11:47     N
29  -0,2   1,1   11:29  -1,0   22:57  18,5   0,0   0,6   9,3  23,4   13:57     N
30   0,7   3,1   12:47  -2,8   06:44  17,6   0,0  10,1  12,5  33,1   18:21   SSW
31   5,1  10,5   13:22   2,3   01:42  13,2   0,0   0,6  10,0  24,5   00:11     S
----------------------------------------------------------------------------------
     9,3  22,1     4    -2,8    30   283,2   4,5  69,1   9,3  60,1     6      SW

Max >=  20,0:  7
Max <=  10,0:  5
Min <=   0,0:  5
Min <= -10,0:  0
Max Rain: 15,1 on day 27
Days of Rain: 16 (>= 0,2 mm)  6 (>= 2,0 mm)  0 (>= 20,0 mm)
Heat Base: 18,3  Cool Base: 18,3  Method: Integration