Raporty NOAA

Zaznacz rok lub miesiac

Raport z 2012 Lis
                   Monthly Climatological Summary for lis 2012

Name: Jejkowice   City: Jejkowice   State: Slaskie
Elevation: 243 m  Lat: N 50 06' 37"   Lon: E 018 28' 21"

                  Temperature (C), Rain (mm), Wind Speed (km/h)

                                      Heat  Cool        Avg
    Mean                              Deg   Deg         Wind                 Dom
Day Temp  High   Time   Low    Time   Days  Days  Rain  Speed High   Time    Dir
----------------------------------------------------------------------------------
 1   5,5  10,1   23:07   0,8   02:54  12,8   0,0   0,8   6,0  22,0   12:29    SE
 2   7,7  10,0   00:00   3,6   23:15  10,6   0,0   0,0  11,3  28,1   07:29   SSW
 3   8,7  13,0   12:34   2,0   04:18   9,6   0,0   0,0  11,8  40,3   12:13   SSW
 4   9,1  13,4   12:46   5,3   06:29   9,1   0,0   0,0   3,9  13,3   00:14    SE
 5   8,5  13,2   00:30   6,3   22:22   9,8   0,0  22,5   9,4  36,7   05:49   WNW
 6   5,9   8,8   14:26   2,3   23:53  12,4   0,0   0,8  10,5  36,7   12:47   WNW
 7   5,5   7,7   17:35   1,3   01:27  12,8   0,0   0,8  15,6  36,7   11:47   WSW
 8   8,4   9,5   11:12   7,0   07:11   9,9   0,0   0,0  14,1  34,2   14:11   SSW
 9   6,5   9,1   12:06   0,3   23:43  11,8   0,0   0,0   4,5  20,9   11:14   WNW
10   5,6  12,8   13:27  -0,4   00:46  12,6   0,0   0,2   5,5  29,5   17:31   SSE
11   9,7  17,3   13:49   3,5   07:07   8,6   0,0   0,0   4,6  18,4   11:33    SW
12  10,9  15,9   02:43   6,7   17:03   8,7   0,0   0,0   4,9  15,8   00:53   WNW
13   7,8  10,3   15:29   5,8   00:00   5,1   0,1   0,0  10,3   0,0   15:49    SW
14   4,4   8,3   00:09  -0,6   00:00   9,7   0,0   0,0  13,6   0,0   20:19    NW
15   1,2   7,0   17:19  -1,9   00:00   9,0   0,0   0,0  11,5   0,0   15:59     S
16   1,7   8,4   15:29  -2,3   00:00  10,1   0,1   0,0   1,6   0,0   15:29   SSE
17   4,5   8,3   14:20  -2,5   07:08  13,9   0,1   0,0   0,9  29,5   14:20     S
18   6,4  10,9   12:45   1,5   00:00  11,9   0,0   0,0   7,9  31,7   10:40   WSW
19   6,6   8,7   13:47   4,9   02:14  11,7   0,0   0,0   2,4  11,2   14:22     E
20   6,7  10,0   14:18   5,0   23:44  11,6   0,0   0,0   3,6  12,2   19:52   ESE
21   4,2   5,2   13:46   3,0   18:15  14,2   0,0   0,0   5,7  15,8   10:17   ESE
22   7,3  10,8   12:54   3,8   00:00  10,4   0,0   0,0   5,3  19,4   09:28     S
23   6,7   7,6   13:44   5,8   03:21  11,6   0,0   0,4   3,2  15,8   21:35     S
24   6,0   8,8   12:38   1,3   22:25  12,4   0,0   0,0   7,3  27,0   13:44   SSW
25   6,6   9,7   12:35   2,1   00:00  11,7   0,0   0,0   9,4  35,6   16:38   SSW
26   7,2   9,6   14:48   5,1   03:32  11,1   0,0   0,0   5,5  18,4   11:57   SSW
27   9,1  12,7   13:11   6,1   07:49   9,2   0,0   0,0   1,4   7,2   12:45   SSE
28   7,9  13,0   13:36   3,0   23:19  10,4   0,0   0,0   1,0  12,2   10:37     E
29   6,7  11,8   12:50   3,3   00:00  11,6   0,0   0,8   9,1  43,9   18:53   SSW
30   2,4   4,0   00:00   0,4   20:56  16,0   0,0   1,9   7,3  31,7   00:25   WSW
----------------------------------------------------------------------------------
     6,5  17,3    11    -2,5    17   330,3   0,3  28,2   6,7  43,9    29      SW

Max >=  20,0:  0
Max <=  10,0: 17
Min <=   0,0:  5
Min <= -10,0:  0
Max Rain: 22,5 on day 5
Days of Rain: 8 (>= 0,2 mm)  1 (>= 2,0 mm)  1 (>= 20,0 mm)
Heat Base: 18,3  Cool Base: 18,3  Method: Integration