Raporty NOAA

Zaznacz rok lub miesiac
V/Λ2018 > Sty Lut Mar Kwi Maj Cze Lip Sie Wrz Paz Lis Gru
V/Λ2017 > Sty Lut Mar Kwi Maj Cze Lip Sie Wrz Paz Lis Gru
V/Λ2016 > Sty Lut Mar Kwi Maj Cze Lip Sie Wrz Paz Lis Gru
V/Λ2015 > Sty Lut Mar Kwi Maj Cze Lip Sie Wrz Paz Lis Gru
V/Λ2014 > Sty Lut Mar Kwi Maj Cze Lip Sie Wrz Paz Lis Gru
V/Λ2013 > Sty Lut Mar Kwi Maj Cze Lip Sie Wrz Paz Lis Gru
V/Λ2012 > Sty Lut Mar Kwi Maj Cze Lip Sie Wrz Paz Lis Gru
V/Λ2011 > Sty Lut Mar Kwi Maj Cze Lip Sie Wrz Paz Lis Gru

Raport z 2012 Gru
                   Monthly Climatological Summary for gru 2012

Name: Jejkowice   City: Jejkowice   State: Slaskie
Elevation: 243 m  Lat: N 50 06' 37"   Lon: E 018 28' 21"

                  Temperature (C), Rain (mm), Wind Speed (km/h)

                                      Heat  Cool        Avg
    Mean                              Deg   Deg         Wind                 Dom
Day Temp  High   Time   Low    Time   Days  Days  Rain  Speed High   Time    Dir
----------------------------------------------------------------------------------
 1  -0,7   2,0   12:06  -4,7   21:40  19,0   0,0   0,4   1,4   7,2   10:12   NNW
 2  -0,8   1,6   13:43  -4,5   00:00  19,1   0,0   0,0   0,4   6,1   12:48    SE
 3  -1,5  -0,8   18:27  -3,3   23:59  19,8   0,0   0,0   0,0   1,1   16:22    NW
 4  -0,9   1,4   11:51  -3,9   00:59  19,2   0,0   0,4   6,0  29,5   12:09   SSW
 5  -0,7   3,4   12:15  -4,5   20:23  19,0   0,0   1,5   5,5  24,5   16:07   WSW
 6  -2,3   1,1   11:25  -7,1   04:53  20,6   0,0   0,0   7,0  27,0   16:51    SW
 7  -6,5  -2,8   12:35 -13,9   23:55  24,8   0,0   0,2   4,2  25,6   00:00   WSW
 8 -11,7  -4,9   13:26 -16,6   07:30  30,0   0,0   0,0   0,9   9,7   14:10     N
 9 -10,8  -6,0   23:40 -15,8   04:37  29,1   0,0   0,0   2,1  14,8   23:29    SE
10  -2,2  -0,1   12:49  -6,3   01:13  20,4   0,0   0,0   6,6  20,9   08:26     S
11  -4,2  -0,8   00:00  -6,1   15:23  22,5   0,0   0,0   6,6  22,0   08:50     W
12  -4,8  -3,5   01:19  -7,3   20:18  23,1   0,0   0,0   8,4  22,0   10:52    NW
13  -7,9  -3,6   13:33 -11,5   05:09  26,2   0,0   0,0   4,5  23,4   10:32     S
14  -5,5   0,9   12:44 -11,5   03:56  23,8   0,0   0,2   1,6  11,2   14:18    SE
15   3,0   5,3   11:25  -2,1   00:07  15,3   0,0   3,1   4,4  20,9   20:32     S
16   3,7   6,2   12:30   2,5   07:09  14,6   0,0   0,4  10,0  31,7   13:15   SSW
17   4,2   6,3   10:58   2,8   23:59  14,1   0,0   3,6   5,4  20,9   12:07     S
18   3,5   5,9   12:25   2,3   23:39  14,8   0,0   0,0   5,4  17,3   12:06     S
19   1,8   2,9   13:11   0,2   23:13  16,5   0,0   0,0   2,4   9,7   15:19     E
20  -3,1   0,3   00:10  -8,1   20:31  21,4   0,0   0,0   4,9  17,3   20:10     E
21  -6,7  -5,6   17:59  -7,9   04:30  25,1   0,0   0,0   2,6  11,2   00:00   ESE
22  -6,0  -4,8   23:38  -7,1   07:41  24,4   0,0   0,0   3,6  13,3   23:16   ESE
23  -2,3   0,6   23:40  -4,9   00:07  20,6   0,0   0,0   5,5  18,4   19:52    SE
24   3,3   5,5   13:28   0,6   00:00  15,0   0,0   8,6  12,0  27,0   02:41   SSW
25   5,0   6,5   12:54   2,6   08:18  13,4   0,0   0,0  14,8  40,3   03:07   SSW
26   5,6   6,7   12:20   4,7   01:25  12,7   0,0   0,0  13,7  27,0   01:52   SSW
27   5,3   7,4   14:19   2,8   05:15  13,0   0,0   4,4  17,6  52,6   11:12   SSW
28   0,5   5,0   00:00  -6,4   23:34  17,9   0,0   2,1   6,9  29,5   09:35    NW
29  -2,0   3,4   12:58  -7,1   03:35  20,3   0,0   0,0   5,3  22,0   10:37     S
30   1,8   4,0   12:46  -1,1   00:00  16,5   0,0   0,0  15,0  46,4   12:26   SSW
31   3,5   6,7   13:34   0,2   00:07  14,9   0,0   0,0  15,2  35,6   14:50   SSW
----------------------------------------------------------------------------------
    -1,3   7,4    27   -16,6     8   607,1   0,0  24,9   6,4  52,6    27     SSW

Max >=  20,0:  0
Max <=  10,0: 31
Min <=   0,0: 22
Min <= -10,0:  5
Max Rain: 8,6 on day 24
Days of Rain: 11 (>= 0,2 mm)  5 (>= 2,0 mm)  0 (>= 20,0 mm)
Heat Base: 18,3  Cool Base: 18,3  Method: Integration