Raporty NOAA

Zaznacz rok lub miesiac

Raport z 2013
                   Annual Climatological Summary for 2013

Name: Jejkowice   City: Jejkowice   State: Slaskie
Elevation: 243 m  Lat: N 50 06' 37"   Lon: E 018 28' 21"

                  Temperature (C), Heat Base: 18,3  Cool Base: 18,3
                          Dep.  Heat  Cool                       Max  Max  Min  Min
        Mean  Mean        From  Deg   Deg                        >=   <=   <=   <=
 YR MO  Max   Min   Mean  Norm  Days  Days  Hi  Date  Low  Date 20,0 10,0  0,0 -10,0
------------------------------------------------------------------------------------
 13  1  -0,4  -4,4  -2,3  -0,3   632     0   7,8  30 -12,0   27    0   31   24    3
 13  2   1,9  -2,0  -0,1   0,4   506     0   7,8   1  -7,1   21    0   28   20    0
 13  3   3,5  -3,5  -0,1  -3,4   569     0  14,5   6 -12,9   24    0   28   28    2
 13  4  14,9   4,4   9,8   1,5   247    12  27,1  26  -7,6    8   11    8    7    0
 13  5  16,9   8,7  12,6  -0,7    37     1  22,9   6   6,8    5    1    0    0    0
 13  6
 13  7
 13  8
 13  9  16,3   8,0  11,9  -1,7   145     2  23,4   8   0,9   29    3    0    0    0
 13 10  16,4   6,1  11,1   2,2   225     3  22,3  23  -2,9    4    7    2    5    0
 13 11   8,5   2,9   5,7   2,0   366     0  17,7   8  -3,2   27    0   20    6    0
 13 12   5,7   0,1   2,9   3,4   441     0  14,7  28  -5,3    3    0   25   16    0
------------------------------------------------------------------------------------
         9,3   2,3   5,7   0,4  3171    19  27,1 kwi -12,9  mar   22  142  106    5

                                Precipitation (mm)

              Dep.   Max        Days of Rain
              From   Obs.           >=
 YR MO Total  Norm   Day Date  0,2  2,0 20,0
---------------------------------------------
 13  1  37,9  -4,5  10,3  29    10    6    0
 13  2  28,4  -9,6   5,9  24    15    6    0
 13  3  28,8 -17,5   9,2  19    14    3    0
 13  4  32,0 -13,6   7,4   4    14    5    0
 13  5  44,3 -33,3  32,6   3     4    3    1
 13  6
 13  7
 13  8
 13  9  89,8  25,2  19,2  17    17    9    0
 13 10  21,8 -23,8   9,2  16    12    3    0
 13 11  42,0  -9,3  17,4   3    16    5    0
 13 12  18,0 -32,4  15,2   9     8    1    0
---------------------------------------------
       343,0-118,8  32,6  maj  110   41    1

                                Wind Speed (km/h)
                          Dom
 YR MO   Avg.  Hi   Date  Dir
------------------------------
 13  1   6,4  50,0    4   WSW
 13  2   6,1  42,8    2   WNW
 13  3   7,9  43,9   15   NNW
 13  4   7,2  40,3   26   WSW
 13  5   6,6  29,3    6   NNE
 13  6
 13  7
 13  8
 13  9   3,1  35,4   19     W
 13 10   3,1  35,4   27     S
 13 11   3,9  33,8   30    SW
 13 12   6,2  64,4    6   SSW
------------------------------
         5,6  64,4  gru     W