Raporty NOAA

Zaznacz rok lub miesiac
V/Λ2018 > Sty Lut Mar Kwi Maj Cze Lip Sie Wrz Paz Lis Gru
V/Λ2017 > Sty Lut Mar Kwi Maj Cze Lip Sie Wrz Paz Lis Gru
V/Λ2016 > Sty Lut Mar Kwi Maj Cze Lip Sie Wrz Paz Lis Gru
V/Λ2015 > Sty Lut Mar Kwi Maj Cze Lip Sie Wrz Paz Lis Gru
V/Λ2014 > Sty Lut Mar Kwi Maj Cze Lip Sie Wrz Paz Lis Gru
V/Λ2013 > Sty Lut Mar Kwi Maj Cze Lip Sie Wrz Paz Lis Gru
V/Λ2012 > Sty Lut Mar Kwi Maj Cze Lip Sie Wrz Paz Lis Gru
V/Λ2011 > Sty Lut Mar Kwi Maj Cze Lip Sie Wrz Paz Lis Gru

Raport z 2013 Sty
                   Monthly Climatological Summary for sty 2013

Name: Jejkowice   City: Jejkowice   State: Slaskie
Elevation: 243 m  Lat: N 50 06' 37"   Lon: E 018 28' 21"

                  Temperature (C), Rain (mm), Wind Speed (km/h)

                                      Heat  Cool        Avg
    Mean                              Deg   Deg         Wind                 Dom
Day Temp  High   Time   Low    Time   Days  Days  Rain  Speed High   Time    Dir
----------------------------------------------------------------------------------
 1   3,9   7,1   13:27   0,2   23:50  14,4   0,0   0,0  14,6  33,1   11:45    SW
 2   0,1   1,2   23:16  -0,7   03:37  18,2   0,0   0,2  11,6  30,6   00:24   SSW
 3   1,9   5,6   23:43   0,5   07:32  16,4   0,0   4,0  13,8  35,6   11:31   SSW
 4   5,7   6,7   01:35   3,8   21:41  12,6   0,0   6,9  15,5  50,0   10:12   WNW
 5   4,3   6,8   01:11   1,0   23:33  14,0   0,0   1,5  15,2  42,8   12:43   NNW
 6   0,3   1,5   12:19  -0,5   23:47  18,1   0,0   0,0   2,9  19,4   00:27   WNW
 7  -3,4  -0,5   00:00  -8,3   23:54  21,7   0,0   0,0   0,0   0,0   00:00     E
 8  -5,2  -0,8   23:51 -10,1   03:56  23,7   0,0   0,0   4,7  19,4   18:13     S
 9   0,6   1,3   12:21  -0,8   00:00  17,7   0,0   3,1   3,1  18,4   23:18     S
10   1,3   2,4   22:46   0,1   06:11  17,0   0,0   6,7  12,1  33,1   01:10   SSW
11  -2,0   2,1   00:00  -4,1   22:28  20,3   0,0   0,0   9,4  28,1   17:46   WNW
12  -3,5  -2,2   13:34  -5,1   08:37  21,8   0,0   0,0   7,0  19,4   10:49   WSW
13  -5,4  -3,9   12:23  -6,9   23:46  23,9   0,0   0,0   2,9  15,8   02:47   WNW
14  -5,7  -3,9   23:42  -7,3   02:23  24,0   0,0   0,0   3,0  12,2   09:13     E
15  -1,5   0,7   14:29  -3,9   00:00  19,8   0,0   0,2   2,4  13,3   17:38     E
16  -2,1  -1,1   03:27  -3,6   23:41  20,3   0,0   0,0   5,1  18,4   14:30    NW
17  -4,2  -3,2   01:26  -5,7   23:52  22,7   0,0   0,0   9,3  22,0   10:31     N
18  -5,8  -5,3   14:07  -6,4   07:44  24,1   0,0   0,0  11,4  23,4   12:16     N
19  -6,6  -5,8   14:09  -7,1   07:07  25,1   0,0   0,0   6,1  23,4   03:09     N
20  -4,5  -2,8   13:17  -7,2   00:21  22,8   0,0   0,0   3,0  11,2   13:53    NE
21  -5,3  -2,4   08:10  -6,7   23:46  23,5   0,0   0,0   1,9  13,3   00:11     E
22  -7,6  -6,7   00:00  -8,3   23:09  25,9   0,0   0,0   0,0   0,0   00:00     E
23  -7,9  -6,8   23:19  -8,9   07:08  26,2   0,0   0,0   0,0   0,0   00:00     E
24  -5,2  -2,5   14:11  -6,9   06:32  23,4   0,0   0,0   0,0   0,0   00:00     E
25  -6,7  -6,1   17:48  -7,5   05:18  24,9   0,0   0,0   0,0   0,0   00:00     E
26  -7,5  -6,0   14:07 -11,6   23:47  25,8   0,0   0,0   0,0   0,0   00:00   ESE
27  -7,0  -4,0   21:47 -12,0   00:21  25,5   0,0   0,0   0,0   0,0   00:00     E
28  -2,5  -1,3   22:41  -4,2   00:53  20,8   0,0   0,0   3,0  15,8   23:50     S
29   1,1   2,9   17:42  -3,2   03:41  17,2   0,0  10,3  14,3  35,6   08:53   SSW
30   4,5   7,8   21:51   2,1   02:13  12,3   0,0   4,8  12,9  31,7   22:26   SSW
31   5,2   6,5   15:43   3,8   04:18   8,3   0,0   0,2  13,1  34,2   20:43   WSW
----------------------------------------------------------------------------------
    -2,3   7,8    30   -12,0    27   632,4   0,0  37,9   6,4  50,0     4     WSW

Max >=  20,0:  0
Max <=  10,0: 31
Min <=   0,0: 24
Min <= -10,0:  3
Max Rain: 10,3 on day 29
Days of Rain: 10 (>= 0,2 mm)  6 (>= 2,0 mm)  0 (>= 20,0 mm)
Heat Base: 18,3  Cool Base: 18,3  Method: Integration