Raporty NOAA

Zaznacz rok lub miesiac
V/Λ2018 > Sty Lut Mar Kwi Maj Cze Lip Sie Wrz Paz Lis Gru
V/Λ2017 > Sty Lut Mar Kwi Maj Cze Lip Sie Wrz Paz Lis Gru
V/Λ2016 > Sty Lut Mar Kwi Maj Cze Lip Sie Wrz Paz Lis Gru
V/Λ2015 > Sty Lut Mar Kwi Maj Cze Lip Sie Wrz Paz Lis Gru
V/Λ2014 > Sty Lut Mar Kwi Maj Cze Lip Sie Wrz Paz Lis Gru
V/Λ2013 > Sty Lut Mar Kwi Maj Cze Lip Sie Wrz Paz Lis Gru
V/Λ2012 > Sty Lut Mar Kwi Maj Cze Lip Sie Wrz Paz Lis Gru
V/Λ2011 > Sty Lut Mar Kwi Maj Cze Lip Sie Wrz Paz Lis Gru

Raport z 2013 Lut
                   Monthly Climatological Summary for lut 2013

Name: Jejkowice   City: Jejkowice   State: Slaskie
Elevation: 243 m  Lat: N 50 06' 37"   Lon: E 018 28' 21"

                  Temperature (C), Rain (mm), Wind Speed (km/h)

                                      Heat  Cool        Avg
    Mean                              Deg   Deg         Wind                 Dom
Day Temp  High   Time   Low    Time   Days  Days  Rain  Speed High   Time    Dir
----------------------------------------------------------------------------------
 1   5,0   7,8   14:26   2,7   05:07  13,3   0,0   0,4  12,5  30,6   11:41    SW
 2   3,7   5,6   13:22   1,5   23:59  13,0   0,0   4,0   8,4  42,8   15:54   WNW
 3  -1,1   1,5   00:00  -2,7   17:56  19,3   0,0   0,4  12,4  33,1   01:36    NW
 4   1,6   4,5   13:56  -1,0   00:00  16,7   0,0   1,3  16,3  37,8   18:43   SSW
 5   4,0   6,0   13:49   2,7   21:56  14,3   0,0   0,0  15,5  35,6   10:26   SSW
 6   1,1   4,9   14:06  -2,1   21:34  17,2   0,0   0,2   5,7  24,5   00:36    SW
 7  -1,2   0,8   14:13  -2,5   07:38  19,5   0,0   0,0   5,5  19,4   11:59   NNW
 8  -1,7   0,9   12:23  -5,4   22:50  20,0   0,0   0,4   2,3  12,2   10:22    NW
 9  -2,2  -0,1   13:29  -4,4   00:08  20,6   0,0   0,0   5,2  17,3   16:02     N
10  -2,7  -1,6   13:01  -3,2   00:47  21,1   0,0   0,0   7,2  20,9   13:45   NNE
11  -2,4   0,1   13:24  -4,5   23:59  20,7   0,0   2,1   5,4  20,9   14:15    SE
12  -3,0  -1,2   16:52  -4,6   00:08  21,3   0,0   0,0   4,0  14,8   13:37   ENE
13  -1,3  -0,5   13:06  -2,2   00:56  19,7   0,0   0,0   2,7  11,2   21:59   NNW
14  -1,0  -0,1   15:37  -1,8   03:13  19,0   0,0   0,0   3,4  11,2   02:27     N
15   0,4   2,0   13:51  -0,8   04:48  17,6   0,0   4,8   0,3   3,6   10:01     E
16   0,8   2,0   14:18   0,1   06:04  17,5   0,0   3,1   1,2   5,0   12:46   NNW
17   0,3   1,9   11:50  -1,1   23:38  18,0   0,0   0,4   1,7   6,1   12:53    NE
18  -1,6  -0,7   15:17  -2,3   20:48  19,9   0,0   0,0   1,7  11,2   16:04   WSW
19  -0,7   0,5   11:10  -2,3   00:31  19,0   0,0   0,8   8,9  28,1   11:19    SW
20  -2,7  -1,2   12:18  -5,7   23:56  21,0   0,0   0,0   7,3  25,6   13:29   WNW
21  -5,5  -3,9   12:32  -7,1   07:38  23,8   0,0   0,0   3,2  13,3   13:33   WNW
22  -3,8  -1,9   13:41  -6,9   02:23  22,1   0,0   0,0  10,0  28,1   12:06    NE
23  -0,6   1,3   15:11  -2,9   02:34  17,0   0,0   4,0   4,3  15,8   09:36   ENE
24   2,8   6,4   13:04   0,7   00:00  14,6   0,0   5,9   3,8  11,2   10:52     E
25   2,6   5,9   15:20   1,3   06:53  14,6   0,0   0,2   3,1  14,8   04:41     E
26   1,4   2,0   04:45   1,0   09:54  16,9   0,0   0,4   4,6  17,3   23:56   NNE
27   2,7   5,5   16:02   1,3   06:37  12,3   0,0   0,0   8,5  22,0   01:13   NNE
28   1,6   5,6   13:35  -2,5   22:18  16,8   0,0   0,0   2,8  14,8   12:13     W
----------------------------------------------------------------------------------
    -0,1   7,8     1    -7,1    21   506,8   0,0  28,4   6,1  42,8     2     WNW

Max >=  20,0:  0
Max <=  10,0: 28
Min <=   0,0: 20
Min <= -10,0:  0
Max Rain: 5,9 on day 24
Days of Rain: 15 (>= 0,2 mm)  6 (>= 2,0 mm)  0 (>= 20,0 mm)
Heat Base: 18,3  Cool Base: 18,3  Method: Integration