Raporty NOAA

Zaznacz rok lub miesiac

Raport z 2013 Mar
                   Monthly Climatological Summary for mar 2013

Name: Jejkowice   City: Jejkowice   State: Slaskie
Elevation: 243 m  Lat: N 50 06' 37"   Lon: E 018 28' 21"

                  Temperature (C), Rain (mm), Wind Speed (km/h)

                                      Heat  Cool        Avg
    Mean                              Deg   Deg         Wind                 Dom
Day Temp  High   Time   Low    Time   Days  Days  Rain  Speed High   Time    Dir
----------------------------------------------------------------------------------
 1   1,1   2,0   13:14  -0,1   00:24  17,2   0,0   0,2   8,3  23,4   11:54   WNW
 2   1,1   5,9   13:49  -2,0   06:32  17,2   0,0   0,0   7,2  25,6   14:15   WNW
 3   0,7   2,7   14:08  -2,0   06:24  17,6   0,0   0,0  10,9  37,8   13:46   WNW
 4   1,2   7,6   14:29  -3,5   06:53  17,1   0,0   0,0   3,9  19,4   00:19   WNW
 5   3,5  12,4   14:50  -3,5   05:07  14,8   0,0   0,0   5,5  25,6   11:22   SSW
 6   6,6  14,5   13:18  -1,9   06:29  11,7   0,0   0,0   8,4  40,3   12:33   SSW
 7   8,1  12,3   11:46   2,9   00:41  10,2   0,0   1,5   4,2  19,4   10:17    SE
 8   4,7   7,6   00:00   1,7   23:46  13,6   0,0   1,0   5,9  19,4   12:37   ENE
 9   1,6   2,5   14:33   0,4   23:53  16,7   0,0   0,6   3,5  12,2   19:38    NE
10   2,0   6,0   14:18   0,0   03:16  16,3   0,0   1,0   4,1  12,2   14:19     E
11  -0,7   2,2   09:08  -3,7   23:56  19,0   0,0   1,9   2,5  24,5   09:17    NE
12  -2,8  -0,4   13:48  -4,0   05:50  21,1   0,0   0,2   3,6  14,8   21:30     N
13  -2,6  -1,3   10:02  -3,4   04:48  20,9   0,0   0,0   6,5  15,8   16:05   NNW
14  -4,3  -3,3   00:00  -5,3   21:23  22,6   0,0   0,0  14,4  34,2   20:39     N
15  -3,4  -0,9   14:43  -5,3   03:14  21,7   0,0   0,0  17,9  43,9   11:09   NNW
16  -4,3   0,5   14:20  -9,6   23:58  22,6   0,0   0,2   5,3  22,0   12:47    NW
17  -3,0   3,2   14:23 -10,7   05:48  21,3   0,0   0,0   9,5  31,7   11:28    SE
18   0,9   4,7   11:44  -2,1   06:27  17,4   0,0   0,0  10,4  27,0   12:41   ESE
19   1,0   2,4   16:10  -0,8   23:58  17,3   0,0   9,2   6,7  30,6   15:02   WSW
20   3,9   9,8   15:35  -1,7   01:17  14,4   0,0   1,5   8,5  28,1   11:32   WSW
21   1,0   5,2   14:45  -1,2   23:47  17,3   0,0   4,4   8,3  37,8   15:53    NW
22  -2,1  -1,2   00:00  -4,6   23:43  19,3   0,0   0,0  13,6  28,1   02:37   NNW
23  -6,0  -2,5   14:16  -9,5   23:54  24,3   0,0   0,2  13,1  29,5   16:36   NNE
24  -6,0  -0,2   14:56 -12,9   05:53  24,3   0,0   0,0   8,2  24,5   16:52     E
25  -4,0  -1,0   13:43  -6,7   00:11  22,3   0,0   0,0  16,0  36,7   12:13   ENE
26  -2,8  -0,6   13:23  -4,3   05:09  21,2   0,0   0,0  18,4  36,7   11:31   ENE
27  -2,7  -0,4   15:34  -4,7   05:40  21,0   0,0   0,0  13,8  33,1   11:33     E
28   0,2   4,4   12:48  -4,3   05:16  18,2   0,0   0,0   5,9  20,9   13:12    SE
29   1,4   4,7   15:25  -1,3   00:53  16,9   0,0   6,7   8,1  29,5   15:27     S
30   2,7   7,6   14:19  -2,6   05:47  15,6   0,0   0,2   4,5  18,4   23:43     N
31  -0,7   2,0   00:00  -2,2   23:28  18,2   0,0   0,0   4,8  25,6   20:14     N
----------------------------------------------------------------------------------
    -0,1  14,5     6   -12,9    24   569,3   0,0  28,8   7,9  43,9    15     NNE

Max >=  20,0:  0
Max <=  10,0: 28
Min <=   0,0: 28
Min <= -10,0:  2
Max Rain: 9,2 on day 19
Days of Rain: 14 (>= 0,2 mm)  3 (>= 2,0 mm)  0 (>= 20,0 mm)
Heat Base: 18,3  Cool Base: 18,3  Method: Integration