Raporty NOAA

Zaznacz rok lub miesiac

Raport z 2013 Kwi
                   Monthly Climatological Summary for kwi 2013

Name: Jejkowice   City: Jejkowice   State: Slaskie
Elevation: 243 m  Lat: N 50 06' 37"   Lon: E 018 28' 21"

                  Temperature (C), Rain (mm), Wind Speed (km/h)

                                      Heat  Cool        Avg
    Mean                              Deg   Deg         Wind                 Dom
Day Temp  High   Time   Low    Time   Days  Days  Rain  Speed High   Time    Dir
----------------------------------------------------------------------------------
 1  -1,2   1,1   13:39  -2,8   04:08  19,5   0,0   2,7   8,4  27,0   00:11   WNW
 2   0,4   4,6   15:07  -3,6   07:17  17,9   0,0   7,3  ----  22,0   14:27    NE
 4   0,2   1,5   00:07   0,0   23:14   4,4   0,0   7,4   4,9  17,3   00:07    NW
 5   0,8   2,8   14:23  -0,2   05:25  17,6   0,0   0,4   3,7   9,7   14:16   NNW
 6   0,9   1,8   16:25  -1,6   15:23  17,4   0,0   0,2   5,6  25,6   18:38    NW
 7   2,0   5,5   13:43  -3,0   23:54  16,8   0,0   0,2   4,3  19,4   11:38   NNW
 8   1,3   7,8   16:46  -7,6   06:42  17,0   0,0   0,0   4,2  39,2   15:27     E
 9   2,6   4,8   15:22   0,7   06:46  15,7   0,0   4,6   3,5  12,2   04:15   ESE
10   6,4  10,9   16:48   1,1   02:15  12,0   0,0   1,3   7,8  27,0   10:25   SSW
11  10,7  16,5   13:25   4,6   05:27   7,6   0,0   0,0  13,2  39,2   12:39     S
12  11,8  15,1   17:41   8,5   05:56   6,5   0,0   0,4   9,2  34,2   14:24   SSW
13  10,0  15,2   14:53   5,3   02:58   8,3   0,0   3,1   8,7  34,2   17:26   WSW
14   9,7  16,6   15:26   2,1   06:28   8,6   0,0   0,0   7,2  29,5   13:07    NW
15  10,3  17,6   16:29   3,1   06:10   8,0   0,0   0,0   6,7  22,0   20:54   ESE
16  12,6  20,8   15:16   2,4   06:20   6,1   0,4   0,0   6,8  24,5   14:36   SSW
17  14,6  21,3   16:47  10,0   01:48   4,3   0,5   0,0   5,1  22,0   08:41   SSW
18  16,6  24,9   15:14   6,5   05:39   3,6   1,9   0,0   6,8  23,4   11:23   SSW
19  12,8  16,5   00:00   8,9   23:43   5,5   0,0   0,4   7,4  23,4   16:08    NW
20  10,0  12,1   15:52   8,5   03:58   8,2   0,0   0,6  11,1  24,5   11:24     N
21  12,1  17,7   15:48   6,4   06:07   6,2   0,0   0,0  11,3  30,6   11:47   ENE
22  14,2  23,0   16:40   4,5   06:07   5,1   1,0   0,0   4,5  20,9   17:56    SE
23  14,8  22,9   14:52   8,5   03:58   4,5   1,0   0,0   6,4  28,1   16:39     W
24  14,9  20,8   15:19   8,4   05:29   3,9   0,5   0,0   5,3  20,9   11:42   WNW
25  16,4  24,0   16:39   7,1   05:23   3,6   1,7   0,0   5,8  24,5   13:22   WNW
26  18,9  27,1   15:52   8,5   05:16   2,7   3,3   0,0  10,1  40,3   13:18    SW
27  19,0  24,8   15:50  12,7   23:58   1,0   1,7   0,0   7,6  22,0   05:12     W
28  10,1  12,8   00:00   8,5   12:43   8,2   0,0   1,7   8,0  29,5   09:47    NW
29  14,8  22,3   15:11   9,4   00:36   4,2   0,7   0,0   7,1  33,1   14:30     W
30  15,2  20,2   16:24  11,8   23:59   3,2   0,1   1,7   7,7  22,0   13:26    NE
----------------------------------------------------------------------------------
     9,8  27,1    26    -7,6     8   247,6  12,8  32,0   7,2  40,3    26       W

Max >=  20,0: 11
Max <=  10,0:  8
Min <=   0,0:  7
Min <= -10,0:  0
Max Rain: 7,4 on day 4
Days of Rain: 14 (>= 0,2 mm)  5 (>= 2,0 mm)  0 (>= 20,0 mm)
Heat Base: 18,3  Cool Base: 18,3  Method: Integration