Raporty NOAA

Zaznacz rok lub miesiac

Raport z 2013 Wrz
                   Monthly Climatological Summary for wrz 2013

Name: Jejkowice   City: Jejkowice   State: Slaskie
Elevation: 243 m  Lat: N 50 06' 37"   Lon: E 018 28' 21"

                  Temperature (C), Rain (mm), Wind Speed (km/h)

                                      Heat  Cool        Avg
    Mean                              Deg   Deg         Wind                 Dom
Day Temp  High   Time   Low    Time   Days  Days  Rain  Speed High   Time    Dir
----------------------------------------------------------------------------------
 8  18,1  23,4   12:58  14,0   06:35   1,3   1,1   4,8  ----  19,4   09:20    SE
 9  14,2  15,9   17:56   0,0   16:27   1,2   0,0   0,0   0,6  32,2   12:31   SSW
10  15,8  23,3   16:07   8,6   04:32   3,5   1,0   0,2   2,2  30,6   23:51   SSE
11  11,5  14,1   00:00   8,0   23:37   6,8   0,0   9,2   2,4  22,5   00:14    NW
12  12,8  19,9   16:54   6,4   02:21   5,6   0,1   0,4   1,9  19,3   11:48     S
13  11,8  15,7   15:04   9,4   18:33   6,5   0,0  13,8   2,3  19,3   18:10   WSW
14  13,1  16,2   16:32  10,8   00:54   5,1   0,0   9,8   3,2  30,6   04:26    SW
15  15,4  19,7   12:32  11,2   06:32   2,9   0,1   0,0   2,6  17,7   16:29   SSW
16  16,4  20,6   14:59  13,3   23:05   2,1   0,2   4,2   2,8  25,7   14:31    SW
17  10,3  13,3   00:00   7,7   21:52   7,9   0,0  19,2   4,5  33,8   09:39   WNW
18  10,8  15,7   13:58   5,1   06:38   7,4   0,0   1,0   4,7  25,7   12:55     S
19  10,5  14,4   16:42   8,0   06:52   7,8   0,0   0,6   4,6  35,4   16:58   WNW
20  11,1  15,6   14:50   7,8   03:21   7,1   0,0   0,0   2,8  20,9   14:20    SW
21  12,2  15,8   15:44   8,9   22:46   5,9   0,0   1,8   2,8  17,7   13:10    NW
22  12,0  16,2   14:52   6,4   06:50   6,3   0,0   0,2   2,2  20,9   12:10   WSW
23  14,0  16,9   12:56  12,7   00:00   4,3   0,0   5,4   7,8  33,8   15:10     W
24  11,4  13,1   00:00   9,3   23:47   6,9   0,0  13,2   4,0  24,1   20:53   WNW
25  10,1  13,7   13:59   5,8   05:33   8,2   0,0   0,2   1,0  11,3   11:07   WNW
26  10,9  16,0   13:31   6,1   23:54   7,4   0,0   5,6   4,3  32,2   13:34     W
27   8,3  12,8   13:51   4,0   23:57   9,8   0,0   0,0   1,9  11,3   00:50   WNW
28   7,6  14,1   15:28   2,4   03:58  10,7   0,0   0,0   1,4  17,7   15:31    NW
29   7,7  14,7   15:32   0,9   07:04  10,6   0,0   0,2   1,9  14,5   12:58   ENE
30   8,2  13,7   15:38   3,6   06:31  10,1   0,0   0,0   4,9  33,8   10:55   ENE
----------------------------------------------------------------------------------
    11,9  23,4     8     0,0     9   145,4   2,5  89,8   3,1  35,4    19       W

Max >=  20,0:  3
Max <=  10,0:  0
Min <=   0,0:  1
Min <= -10,0:  0
Max Rain: 19,2 on day 17
Days of Rain: 17 (>= 0,2 mm)  9 (>= 2,0 mm)  0 (>= 20,0 mm)
Heat Base: 18,3  Cool Base: 18,3  Method: Integration