Raporty NOAA

Zaznacz rok lub miesiac

Raport z 2013 Paz
                   Monthly Climatological Summary for pa 2013

Name: Jejkowice   City: Jejkowice   State: Slaskie
Elevation: 243 m  Lat: N 50 06' 37"   Lon: E 018 28' 21"

                  Temperature (C), Rain (mm), Wind Speed (km/h)

                                      Heat  Cool        Avg
    Mean                              Deg   Deg         Wind                 Dom
Day Temp  High   Time   Low    Time   Days  Days  Rain  Speed High   Time    Dir
----------------------------------------------------------------------------------
 1   7,4  12,7   13:37   2,9   05:07  10,9   0,0   0,0   4,5  30,6   11:07    NE
 2   7,1   9,8   14:20   3,8   23:56  11,2   0,0   0,0   3,3  20,9   14:24    NE
 3   4,1   9,1   15:06  -2,3   06:31  14,1   0,0   0,0   2,7  20,9   16:00     E
 4   4,9  12,8   15:57  -2,9   06:38  13,3   0,0   0,0   2,2  16,1   12:40   ESE
 5   7,0  16,7   15:36  -1,9   05:42  11,2   0,0   0,0   1,4  17,7   12:58   SSE
 6  10,1  13,3   13:05   5,8   23:58   8,2   0,0   0,0   2,1  20,9   14:06    SW
 7   8,4  16,5   13:28   0,9   07:27   9,9   0,0   0,0   0,7  11,3   15:42   NNE
 8  11,5  17,7   15:52   6,8   00:00   6,8   0,0   0,0   1,3  12,9   11:37   ESE
 9  10,8  17,1   12:27   3,8   07:25   7,5   0,0   0,4   2,5  24,1   13:41   SSW
10  13,8  17,6   14:56  11,8   05:13   4,5   0,0   0,0   3,9  19,3   21:09   SSE
11  14,8  20,1   15:28  11,2   07:15   3,6   0,1   1,0   2,2  17,7   15:52     E
12  14,8  19,2   15:49  12,1   04:02   3,5   0,0   5,0   2,4  16,1   20:20     E
13  13,3  19,7   12:33   8,2   22:57   5,2   0,1   0,0   2,8  24,1   14:10   WSW
14  10,5  15,8   15:47   6,9   23:10   7,8   0,0   0,0   1,3  16,1   13:30     E
15  10,3  15,8   12:58   6,2   07:38   8,0   0,0   0,2   2,9  25,7   14:47     S
16   9,2  10,7   00:00   8,4   16:56   9,0   0,0   9,2   4,0  22,5   15:47    NW
17  10,0  13,4   12:58   7,9   05:22   8,3   0,0   0,2   4,0  24,1   23:12   SSW
18  10,2  12,5   11:41   7,1   23:59   8,1   0,0   1,0   6,6  33,8   10:35     W
19   6,3  13,9   15:52  -0,7   07:45  12,0   0,0   0,2   1,9  17,7   13:39    SE
20  12,8  17,6   15:38   6,9   00:51   5,5   0,0   0,0   4,3  25,7   09:09    SW
21  14,7  19,2   13:23  11,2   23:38   3,6   0,0   0,2   4,3  27,4   15:28   SSW
22  13,8  22,1   15:24   7,3   07:44   5,1   0,6   0,0   0,9   9,7   11:08    SE
23  14,5  22,3   14:00   8,3   07:27   4,6   0,8   0,2   2,1  20,9   13:12   SSW
24  14,6  17,6   14:40   9,4   23:57   3,6   0,0   3,8   3,3  20,9   12:55     S
25  12,6  20,7   15:12   6,0   07:28   5,9   0,2   0,4   0,9  11,3   11:51   ESE
26  15,3  20,3   13:39  10,8   01:17   3,2   0,3   0,0   5,9  30,6   11:18     S
27  16,1  21,2   11:28   9,6   03:20   2,9   0,6   0,0   6,4  35,4   11:58   SSW
28  16,3  20,7   13:39  12,7   04:20   2,3   0,4   0,0   7,7  32,2   08:35     S
29  14,4  17,2   12:46  10,0   22:51   3,9   0,0   0,0   4,2  22,5   08:59   WSW
30   9,1  12,3   12:31   2,1   23:56   9,1   0,0   0,0   2,0  24,1   13:43    SW
31   5,1  12,9   13:38  -1,2   06:26  13,1   0,0   0,0   1,0  14,5   12:32     E
----------------------------------------------------------------------------------
    11,1  22,3    23    -2,9     4   225,9   3,1  21,8   3,1  35,4    27       S

Max >=  20,0:  7
Max <=  10,0:  2
Min <=   0,0:  5
Min <= -10,0:  0
Max Rain: 9,2 on day 16
Days of Rain: 12 (>= 0,2 mm)  3 (>= 2,0 mm)  0 (>= 20,0 mm)
Heat Base: 18,3  Cool Base: 18,3  Method: Integration