Raporty NOAA

Zaznacz rok lub miesiac

Raport z 2013 Lis
                   Monthly Climatological Summary for lis 2013

Name: Jejkowice   City: Jejkowice   State: Slaskie
Elevation: 243 m  Lat: N 50 06' 37"   Lon: E 018 28' 21"

                  Temperature (C), Rain (mm), Wind Speed (km/h)

                                      Heat  Cool        Avg
    Mean                              Deg   Deg         Wind                 Dom
Day Temp  High   Time   Low    Time   Days  Days  Rain  Speed High   Time    Dir
----------------------------------------------------------------------------------
 1   8,1  14,1   13:44   1,1   04:18  10,1   0,0   0,2   4,1  33,8   11:41   SSW
 2  10,9  14,6   13:41   5,9   04:35   7,3   0,0   0,0   4,2  27,4   14:10   SSW
 3  10,8  14,2   11:39   6,7   23:58   7,5   0,0  17,4   4,4  25,7   18:04   SSW
 4   8,7  12,3   13:57   5,1   01:50   9,5   0,0   0,0   6,0  27,4   13:43     S
 5   7,9  10,8   05:23   4,4   23:41  10,4   0,0   2,4   3,3  22,5   09:32    SW
 6   5,4   9,2   13:19   2,9   05:03  12,9   0,0   1,4   4,9  29,0   07:14   SSW
 7  10,6  14,1   13:56   6,1   00:00   7,7   0,0   1,2   6,8  29,0   10:43     S
 8  13,4  17,7   14:17  10,7   21:08   4,9   0,0   0,0   5,0  27,4   13:23     S
 9  10,1  13,7   10:28   6,9   07:03   8,1   0,0   5,8   1,9  19,3   09:56   SSW
10   7,5  12,1   13:31   4,7   20:08  10,8   0,0   0,0   1,7  16,1   09:20     S
11   4,9   6,6   00:11   0,9   23:14  13,4   0,0   0,8   4,7  20,9   02:53   NNW
12   2,4   5,9   14:00  -0,7   04:45  15,8   0,0   0,2   1,3  16,1   11:01   ENE
13   3,8   6,0   13:48   0,0   01:55  14,4   0,0   0,2   1,7  17,7   17:21   WNW
14   3,7   7,1   12:39   0,6   05:39  14,2   0,0   0,0   1,7  17,7   12:20     E
15   4,8   8,6   13:50   3,2   06:14   7,8   0,0   0,0   0,7   6,4   00:16    NE
16   3,7   4,4   13:19   3,0   21:58   9,5   0,0   0,0   1,6   8,0   10:56    SW
17   3,4   6,3   13:10   1,9   20:09  14,8   0,0   0,0   1,1  12,9   23:51     N
18   5,0   8,0   13:32   3,1   07:49  13,2   0,0   0,0   4,3  33,8   22:58    SE
19   6,2  10,2   14:47   2,2   23:33  12,1   0,0   0,0   1,7  25,7   00:50    SW
20   6,4   9,6   13:34   1,8   00:19  11,8   0,0   5,2   2,1  19,3   14:39   SSW
21   6,5   8,2   13:04   4,9   06:53  11,7   0,0   2,4   2,0  14,5   17:37     E
22   6,8   7,3   14:21   6,1   09:59  11,4   0,0   0,0   0,9  11,3   00:42   ENE
23   6,8   7,9   23:01   5,4   04:16  11,4   0,0   0,2   3,6  24,1   21:16     N
24   6,4   8,2   01:21   1,8   23:59  11,7   0,0   0,8   7,2  32,2   23:18   NNW
25   0,4   1,9   00:00  -0,7   06:05  17,9   0,0   0,0   8,8  32,2   02:46    NW
26   0,3   0,9   13:20  -0,3   05:16  17,9   0,0   0,0   4,8  20,9   02:33    NW
27  -1,4  -0,2   00:05  -3,2   19:56  19,7   0,0   0,0   3,3  17,7   21:37    NW
28  -0,4   3,9   23:21  -2,9   00:00  18,6   0,0   0,4   7,6  29,0   02:23   SSW
29   3,5   4,9   13:42   2,3   06:12  14,7   0,0   1,6   6,6  30,6   23:59   WSW
30   3,2   5,6   14:28   1,8   01:55  14,8   0,0   1,8   7,2  33,8   01:43     S
----------------------------------------------------------------------------------
     5,7  17,7     8    -3,2    27   366,0   0,0  42,0   3,9  33,8     1      SW

Max >=  20,0:  0
Max <=  10,0: 20
Min <=   0,0:  6
Min <= -10,0:  0
Max Rain: 17,4 on day 3
Days of Rain: 16 (>= 0,2 mm)  5 (>= 2,0 mm)  0 (>= 20,0 mm)
Heat Base: 18,3  Cool Base: 18,3  Method: Integration