Raporty NOAA

Zaznacz rok lub miesiac

Raport z 2013 Gru
                   Monthly Climatological Summary for gru 2013

Name: Jejkowice   City: Jejkowice   State: Slaskie
Elevation: 243 m  Lat: N 50 06' 37"   Lon: E 018 28' 21"

                  Temperature (C), Rain (mm), Wind Speed (km/h)

                                      Heat  Cool        Avg
    Mean                              Deg   Deg         Wind                 Dom
Day Temp  High   Time   Low    Time   Days  Days  Rain  Speed High   Time    Dir
----------------------------------------------------------------------------------
 1   4,1   6,4   13:14   2,7   05:39  14,1   0,0   0,2   4,6  24,1   13:42    SW
 2   2,4   5,8   14:07  -4,2   23:22  15,8   0,0   0,0   3,5  20,9   00:10    NW
 3  -0,2   3,8   13:20  -5,3   03:51  18,5   0,0   0,0   4,7  30,6   11:14   SSW
 4   1,1   3,4   12:47  -0,2   23:09  17,0   0,0   0,0   8,5  37,0   11:41   SSW
 5   3,0   5,6   12:56   0,2   00:00  15,1   0,0   0,6   9,4  56,3   21:48   SSW
 6   1,6   3,9   02:14  -0,4   07:44  16,6   0,0   0,2  12,8  64,4   02:31     W
 7   0,6   1,5   00:00  -1,2   21:02  17,4   0,0   0,0  15,1  61,2   11:44   WNW
 8   0,1   3,4   23:48  -2,9   08:09  18,2   0,0   0,0   5,1  27,4   01:52   SSW
 9   4,7   6,7   12:19   1,5   23:56  13,6   0,0  15,2   7,2  33,8   13:07     W
10   0,1   3,0   13:40  -1,7   07:55  17,8   0,0   0,0   1,6  16,1   23:31   ESE
11   3,1   4,0   17:29   0,3   00:16  15,2   0,0   0,0   5,9  22,5   09:24     S
12   1,8   3,4   00:00  -0,4   23:53  16,2   0,0   0,0   4,8  19,3   07:53     S
13  -0,1   4,3   13:58  -1,2   06:55  18,3   0,0   0,0   3,0  16,1   00:12   SSE
14  -0,3   0,8   23:25  -1,3   07:00  18,6   0,0   0,0   5,5  22,5   13:13     S
15   2,6   5,2   12:51   0,8   00:00  15,4   0,0   0,0   4,9  22,5   17:34     S
16   3,4   6,3   12:47   0,9   23:56  14,9   0,0   0,0   8,4  35,4   17:56     S
17   1,6   4,9   12:46  -0,2   23:52  16,7   0,0   0,0  10,9  33,8   00:13   SSW
18  -0,5   0,5   12:27  -1,6   22:32  18,2   0,0   0,0   9,9  29,0   00:00     S
20  -1,1   0,1   11:21  -2,2   07:32  13,3   0,0   0,0  ----  37,0   16:05   SSW
21   2,1   3,9   23:58  -2,8   06:50   6,0   0,0   0,0   6,6  29,0   15:18   SSW
22   4,3   6,8   13:31   2,8   20:18  14,0   0,0   0,0   7,4  29,0   06:40    SW
23   4,8   8,3   13:09   2,3   22:45  13,4   0,0   0,0   6,3  33,8   09:33   SSW
24   6,5  12,8   13:39   0,4   07:45  11,7   0,0   0,2   3,3  32,2   23:15   SSE
25   9,9  11,7   13:24   7,8   02:56   8,4   0,0   0,0   8,6  41,8   17:03   SSE
26  11,2  12,8   10:54   9,1   00:57   7,1   0,0   0,0   7,7  38,6   04:18    SE
27   6,4  10,8   00:00   0,3   21:59  11,8   0,0   0,4   2,4  17,7   00:07   SSW
28   7,2  14,7   12:38   1,6   04:27  11,1   0,0   0,2   2,7  29,0   15:24     S
29   6,2   8,1   13:20   2,8   23:42  12,1   0,0   0,0   3,9  30,6   07:14    SW
30   1,1   6,5   13:40  -2,4   21:19  16,9   0,0   0,0   0,4   8,0   11:59     N
31   0,5   2,6   13:17  -2,6   00:07  17,7   0,0   1,0   0,7   8,0   11:30   ESE
----------------------------------------------------------------------------------
     2,9  14,7    28    -5,3     3   441,1   0,0  18,0   6,1  64,4     6     SSW

Max >=  20,0:  0
Max <=  10,0: 25
Min <=   0,0: 16
Min <= -10,0:  0
Max Rain: 15,2 on day 9
Days of Rain: 8 (>= 0,2 mm)  1 (>= 2,0 mm)  0 (>= 20,0 mm)
Heat Base: 18,3  Cool Base: 18,3  Method: Integration