Raporty NOAA

Zaznacz rok lub miesiac
V/Λ2018 > Sty Lut Mar Kwi Maj Cze Lip Sie Wrz Paz Lis Gru
V/Λ2017 > Sty Lut Mar Kwi Maj Cze Lip Sie Wrz Paz Lis Gru
V/Λ2016 > Sty Lut Mar Kwi Maj Cze Lip Sie Wrz Paz Lis Gru
V/Λ2015 > Sty Lut Mar Kwi Maj Cze Lip Sie Wrz Paz Lis Gru
V/Λ2014 > Sty Lut Mar Kwi Maj Cze Lip Sie Wrz Paz Lis Gru
V/Λ2013 > Sty Lut Mar Kwi Maj Cze Lip Sie Wrz Paz Lis Gru
V/Λ2012 > Sty Lut Mar Kwi Maj Cze Lip Sie Wrz Paz Lis Gru
V/Λ2011 > Sty Lut Mar Kwi Maj Cze Lip Sie Wrz Paz Lis Gru

Raport z 2014
                   Annual Climatological Summary for 2014

Name: Jejkowice   City: Jejkowice   State: Slaskie
Elevation: 243 m  Lat: N 50 06' 37"   Lon: E 018 28' 21"

                  Temperature (C), Heat Base: 18,3  Cool Base: 18,3
                          Dep.  Heat  Cool                       Max  Max  Min  Min
        Mean  Mean        From  Deg   Deg                        >=   <=   <=   <=
 YR MO  Max   Min   Mean  Norm  Days  Days  Hi  Date  Low  Date 20,0 10,0  0,0 -10,0
------------------------------------------------------------------------------------
 14  1   3,3  -1,9   0,8   2,8   521     0  11,6   5 -13,7   25    0   30   17    4
 14  2   9,1  -0,2   4,2   4,7   386     0  12,3  28  -4,5    5    0   15   14    0
 14  3  13,3   1,8   7,5   4,2   327     1  21,6  22  -3,9   11    2    7   12    0
 14  4  17,0   6,0  11,1   2,8   215     4  22,8  22  -0,6   18   11    3    2    0
 14  5  19,3   8,7  14,4   1,1   140    27  29,6  23   0,0    6   13    1    1    0
 14  6  22,7  10,7  16,7   0,2    93    47  33,4   9   5,3   16   19    0    0    0
 14  7  27,3  15,0  21,0   2,9    24   110  33,0  20   7,5    2   31    0    0    0
 14  8  23,3  13,2  17,8   0,2    64    47  32,1   2   5,9   25   23    0    0    0
 14  9  20,7  11,3  15,7   2,1    98    21  27,2   7   1,6   24   20    0    0    0
 14 10  16,1   7,0  11,2   2,3   232     5  23,7  11  -0,6   29    6    3    2    0
 14 11  10,6   4,8   7,5   3,8   312     0  19,6   5  -3,7   29    0   14    3    0
 14 12
------------------------------------------------------------------------------------
        16,6   6,9  11,6   2,5  2414   265  33,4 cze -13,7  sty  125   73   51    4

                                Precipitation (mm)

              Dep.   Max        Days of Rain
              From   Obs.           >=
 YR MO Total  Norm   Day Date  0,2  2,0 20,0
---------------------------------------------
 14  1  26,0 -16,4  10,0  20    15    2    0
 14  2  19,2 -18,8   6,6  12    11    4    0
 14  3  38,4  -7,9  11,8  16     9    5    0
 14  4  47,4   1,8  12,4  28    15    8    0
 14  5  91,0  13,4  27,4  16    22   12    1
 14  6 123,4  38,6  35,6  26    15   10    2
 14  7  51,0 -43,5  15,8   9    11    8    0
 14  8 139,6  61,5  26,4  13    23   15    1
 14  9 140,0  75,4  23,0   9    18   12    2
 14 10  52,6   7,0  34,0  22    18    4    1
 14 11  44,8  -6,5  24,4   8    13    6    1
 14 12
---------------------------------------------
       773,4 104,6  35,6  cze  170   86    8

                                Wind Speed (km/h)
                          Dom
 YR MO   Avg.  Hi   Date  Dir
------------------------------
 14  1   4,0  46,7   12   SSE
 14  2   3,0  35,4   14     S
 14  3   3,9  67,6   16   WNW
 14  4   3,3  41,8   19    NW
 14  5   4,1  48,3   15   WNW
 14  6   2,9  45,1   10   WNW
 14  7   2,6  35,4    8    SE
 14  8   2,5  38,6   18   SSW
 14  9   2,3  33,8   22    SW
 14 10   2,4  48,3   22     S
 14 11   3,2  43,5    5    SE
 14 12
------------------------------
         3,1  67,6  mar    SW