Raporty NOAA

Zaznacz rok lub miesiac
V/Λ2018 > Sty Lut Mar Kwi Maj Cze Lip Sie Wrz Paz Lis Gru
V/Λ2017 > Sty Lut Mar Kwi Maj Cze Lip Sie Wrz Paz Lis Gru
V/Λ2016 > Sty Lut Mar Kwi Maj Cze Lip Sie Wrz Paz Lis Gru
V/Λ2015 > Sty Lut Mar Kwi Maj Cze Lip Sie Wrz Paz Lis Gru
V/Λ2014 > Sty Lut Mar Kwi Maj Cze Lip Sie Wrz Paz Lis Gru
V/Λ2013 > Sty Lut Mar Kwi Maj Cze Lip Sie Wrz Paz Lis Gru
V/Λ2012 > Sty Lut Mar Kwi Maj Cze Lip Sie Wrz Paz Lis Gru
V/Λ2011 > Sty Lut Mar Kwi Maj Cze Lip Sie Wrz Paz Lis Gru

Raport z 2014 Sty
                   Monthly Climatological Summary for sty 2014

Name: Jejkowice   City: Jejkowice   State: Slaskie
Elevation: 243 m  Lat: N 50 06' 37"   Lon: E 018 28' 21"

                  Temperature (C), Rain (mm), Wind Speed (km/h)

                                      Heat  Cool        Avg
    Mean                              Deg   Deg         Wind                 Dom
Day Temp  High   Time   Low    Time   Days  Days  Rain  Speed High   Time    Dir
----------------------------------------------------------------------------------
 1   2,4   4,7   14:11  -0,4   04:53  15,9   0,0   0,0   3,4  25,7   14:35     S
 2   2,4   6,1   15:02  -2,0   05:19  15,8   0,0   0,2   2,6  24,1   16:26   SSW
 3   5,1   9,1   14:42   2,4   17:55  13,0   0,0   0,4   4,0  22,5   11:26   SSW
 4   6,3   8,7   23:55   3,7   00:00  12,0   0,0   1,6   4,5  27,4   04:45   SSE
 5   9,8  11,6   14:01   8,7   00:00   7,8   0,0   0,8   3,7  32,2   02:18     S
 6   6,3   8,9   00:00  -0,3   08:35  10,2   0,0   0,2   4,5  19,3   15:11     S
 7   6,9   9,1   13:00   4,4   19:19   6,5   0,0   0,0   6,8  27,4   10:14    SW
 8   6,8   8,4   13:42   5,2   00:00   7,1   0,0   0,0   6,7  35,4   13:43   SSW
 9   6,9   7,4   12:15   4,1   07:50   7,2   0,0   0,8   6,0  33,8   16:34   SSW
10   6,0   7,5   12:08   3,4   23:54  12,3   0,0   0,6   6,9  32,2   01:05    SW
11   4,7   6,8   13:12   2,6   01:18  13,3   0,0   0,0   6,2  30,6   23:01   SSW
12   3,9   5,7   01:59   1,9   20:26  14,2   0,0   0,0   9,8  46,7   02:08     W
13   1,0   4,2   12:46  -1,6   05:36  17,3   0,0   0,0   2,3  14,5   01:14     S
14   1,4   3,9   15:36  -2,7   02:54  16,8   0,0   0,6   0,8   9,7   09:02   ESE
15   2,3   4,9   04:15   0,7   17:16  16,0   0,0   0,8   3,0  17,7   04:29     W
16   3,0   6,3   14:27   0,2   07:41  15,3   0,0   0,0   1,1  12,9   12:12    SE
17   4,2   7,4   13:59   0,8   01:15  14,1   0,0   1,4   2,3  19,3   11:51    SW
18   2,3   5,2   23:06  -1,9   06:46  16,0   0,0   0,8   1,6  14,5   19:47     E
19   5,8   8,0   13:46   4,9   08:40  12,4   0,0   0,4   4,1  17,7   09:25     E
20   3,0   5,1   00:00   0,8   23:46  15,1   0,0  10,0   4,7  17,7   09:53     E
21   0,0   0,8   00:00  -1,8   23:43  18,0   0,0   6,8   2,5  12,9   02:01   NNE
22  -3,8  -1,7   00:00  -5,2   23:41  21,7   0,0   0,0   3,5  12,9   11:46     N
23  -5,2  -3,9   13:44  -6,7   20:47  23,5   0,0   0,0   2,9  17,7   19:57    NE
24  -7,0  -5,7   13:08 -10,5   23:51  25,2   0,0   0,0   5,6  24,1   21:40     E
25 -11,8 -10,4   00:03 -13,7   07:22  30,0   0,0   0,0   5,9  24,1   13:00   NNE
26 -10,2  -6,5   14:20 -12,3   02:21  28,5   0,0   0,0   2,3  11,3   02:02   ESE
27  -7,5  -3,0   14:02 -11,9   03:07  25,8   0,0   0,0   3,2  12,9   06:17   ESE
28  -6,9  -5,8   09:34  -7,6   16:44  25,0   0,0   0,0   3,7  19,3   21:07     E
29  -6,2  -4,1   12:12  -7,7   03:04  24,2   0,0   0,0   4,2  19,3   15:03     E
30  -5,8  -3,6   14:14  -8,8   07:36  23,6   0,0   0,0   4,6  17,7   03:48     E
31  -0,1   6,9   14:14  -6,7   06:38  18,1   0,0   0,6   4,1  22,5   12:20   ESE
----------------------------------------------------------------------------------
     0,8  11,6     5   -13,7    25   521,9   0,0  26,0   4,0  46,7    12     SSE

Max >=  20,0:  0
Max <=  10,0: 30
Min <=   0,0: 17
Min <= -10,0:  4
Max Rain: 10,0 on day 20
Days of Rain: 15 (>= 0,2 mm)  2 (>= 2,0 mm)  0 (>= 20,0 mm)
Heat Base: 18,3  Cool Base: 18,3  Method: Integration