Raporty NOAA

Zaznacz rok lub miesiac
V/Λ2018 > Sty Lut Mar Kwi Maj Cze Lip Sie Wrz Paz Lis Gru
V/Λ2017 > Sty Lut Mar Kwi Maj Cze Lip Sie Wrz Paz Lis Gru
V/Λ2016 > Sty Lut Mar Kwi Maj Cze Lip Sie Wrz Paz Lis Gru
V/Λ2015 > Sty Lut Mar Kwi Maj Cze Lip Sie Wrz Paz Lis Gru
V/Λ2014 > Sty Lut Mar Kwi Maj Cze Lip Sie Wrz Paz Lis Gru
V/Λ2013 > Sty Lut Mar Kwi Maj Cze Lip Sie Wrz Paz Lis Gru
V/Λ2012 > Sty Lut Mar Kwi Maj Cze Lip Sie Wrz Paz Lis Gru
V/Λ2011 > Sty Lut Mar Kwi Maj Cze Lip Sie Wrz Paz Lis Gru

Raport z 2014 Lut
                   Monthly Climatological Summary for lut 2014

Name: Jejkowice   City: Jejkowice   State: Slaskie
Elevation: 243 m  Lat: N 50 06' 37"   Lon: E 018 28' 21"

                  Temperature (C), Rain (mm), Wind Speed (km/h)

                                      Heat  Cool        Avg
    Mean                              Deg   Deg         Wind                 Dom
Day Temp  High   Time   Low    Time   Days  Days  Rain  Speed High   Time    Dir
----------------------------------------------------------------------------------
 1   4,8   8,3   12:12   1,9   06:07  13,4   0,0   0,0   2,9  25,7   06:59   SSE
 2   3,2   5,9   12:55   1,0   03:18  15,1   0,0   0,6   1,6  14,5   09:25   SSW
 3   1,5   7,4   15:04  -2,9   23:15  16,8   0,0   0,0   1,0  11,3   10:15    SE
 4   2,5  11,1   13:45  -3,2   23:27  15,7   0,0   0,0   2,4  17,7   14:33     S
 5   2,7  10,9   14:18  -4,5   03:22  15,3   0,0   0,0   2,8  25,7   15:16     S
 6   3,4   5,4   15:30   0,9   23:58  14,9   0,0   0,0   6,3  27,4   04:45   SSW
 7   3,6   8,5   13:26  -1,7   06:15  14,7   0,0   0,0   4,3  29,0   22:05   SSW
 8   6,4  10,3   13:40   3,5   07:50  11,8   0,0   0,0   3,8  22,5   13:06     S
 9   6,1  10,9   12:46   2,4   23:50  12,2   0,0   2,8   3,6  22,5   09:58   WSW
10   4,3   8,9   14:50   0,7   06:48  13,8   0,0   0,2   6,0  20,9   12:20   SSE
11   6,0   7,9   12:41   1,4   23:54  12,2   0,0   3,0   4,2  25,7   00:37     S
12   0,3   1,6   14:21  -1,4   03:58  17,8   0,0   6,6   0,6  11,3   08:42   WNW
13   1,3   6,9   15:01  -3,4   05:42  16,9   0,0   0,8   2,1  25,7   14:30     S
14   4,1   7,3   12:53   0,5   00:02  14,2   0,0   0,2   4,1  35,4   12:05     W
15   4,5  10,9   15:37  -0,9   01:46  13,8   0,0   0,0   3,0  19,3   09:48   SSE
16   5,2   7,3   13:17   0,1   01:40  12,7   0,0   0,0   7,2  20,9   05:10   SSW
17   5,2  10,4   14:38  -0,4   23:11  13,0   0,0   0,0   2,1  20,9   13:33    SW
18   3,4   9,9   12:13  -2,6   04:30  14,7   0,0   0,0   1,5  14,5   11:37     S
19   5,7   8,6   11:27   4,1   22:52   9,8   0,0   1,8   2,7  22,5   01:07   SSW
20   5,7  11,3   13:56   0,4   23:58  12,4   0,0   0,2   2,1  14,5   13:19     S
21   5,0  10,1   14:30  -0,6   01:37  13,1   0,0   0,0   4,7  27,4   16:19     S
22   5,7   7,8   15:34   3,3   21:29  12,4   0,0   2,8   1,3  14,5   00:41   WSW
23   4,1  10,6   14:39  -1,8   23:56  14,2   0,0   0,0   0,9  14,5   12:53   NNE
24   2,6   9,2   14:25  -2,7   03:00  15,6   0,0   0,2   2,9  30,6   11:21     E
25   3,6  11,2   13:50  -0,9   05:13  14,5   0,0   0,0   3,9  14,5   13:08   ESE
26   6,2  12,1   14:34   1,0   03:38  12,1   0,0   0,0   3,5  20,9   12:15   ESE
27   5,2  10,7   13:10   0,6   06:03  12,9   0,0   0,0   1,6  12,9   14:00     W
28   6,0  12,3   13:36  -0,8   07:12  10,0   0,0   0,0   2,4  24,1   13:31    SW
----------------------------------------------------------------------------------
     4,2  12,3    28    -4,5     5   386,0   0,0  19,2   3,0  35,4    14       S

Max >=  20,0:  0
Max <=  10,0: 15
Min <=   0,0: 14
Min <= -10,0:  0
Max Rain: 6,6 on day 12
Days of Rain: 11 (>= 0,2 mm)  4 (>= 2,0 mm)  0 (>= 20,0 mm)
Heat Base: 18,3  Cool Base: 18,3  Method: Integration