Raporty NOAA

Zaznacz rok lub miesiac
V/Λ2018 > Sty Lut Mar Kwi Maj Cze Lip Sie Wrz Paz Lis Gru
V/Λ2017 > Sty Lut Mar Kwi Maj Cze Lip Sie Wrz Paz Lis Gru
V/Λ2016 > Sty Lut Mar Kwi Maj Cze Lip Sie Wrz Paz Lis Gru
V/Λ2015 > Sty Lut Mar Kwi Maj Cze Lip Sie Wrz Paz Lis Gru
V/Λ2014 > Sty Lut Mar Kwi Maj Cze Lip Sie Wrz Paz Lis Gru
V/Λ2013 > Sty Lut Mar Kwi Maj Cze Lip Sie Wrz Paz Lis Gru
V/Λ2012 > Sty Lut Mar Kwi Maj Cze Lip Sie Wrz Paz Lis Gru
V/Λ2011 > Sty Lut Mar Kwi Maj Cze Lip Sie Wrz Paz Lis Gru

Raport z 2014 Mar
                   Monthly Climatological Summary for mar 2014

Name: Jejkowice   City: Jejkowice   State: Slaskie
Elevation: 243 m  Lat: N 50 06' 37"   Lon: E 018 28' 21"

                  Temperature (C), Rain (mm), Wind Speed (km/h)

                                      Heat  Cool        Avg
    Mean                              Deg   Deg         Wind                 Dom
Day Temp  High   Time   Low    Time   Days  Days  Rain  Speed High   Time    Dir
----------------------------------------------------------------------------------
 1   8,3  12,6   14:15  -1,0   06:30   6,4   0,0   0,0   2,8  24,1   14:38     S
 2   4,6  13,1   15:02  -2,0   06:12  13,6   0,0   0,0   3,1  24,1   23:00     E
 3   4,3   9,2   12:59  -0,3   05:18  13,6   0,0   0,0   2,2  14,5   00:10     E
 4   5,4   8,7   12:53   2,9   03:52  12,8   0,0   0,0   2,2  14,5   06:42     E
 5   5,3   9,1   14:44   2,6   04:09  12,7   0,0   0,0   1,7  16,1   13:17    NE
 6   5,1   7,8   13:08   3,1   07:16  13,1   0,0   0,0   4,1  24,1   11:13   NNE
 7   4,5   5,9   11:14   0,9   23:49  13,7   0,0   0,0   3,0  17,7   10:10   ENE
 8   3,4  10,1   14:40  -1,8   03:25  14,7   0,0   0,0   2,3  17,7   15:40    NE
 9   5,2  13,1   15:02  -3,6   05:55  13,0   0,0   0,2   3,2  24,1   10:23     E
10   6,4  15,3   14:36  -0,7   23:58  11,8   0,0   0,0   1,0  12,9   12:44     E
11   5,5  15,4   15:37  -3,9   05:07  12,7   0,0   0,0   1,6  16,1   11:57     N
12   5,9  13,2   14:59  -1,4   06:24  12,3   0,0   0,0   1,6  17,7   11:39     N
13   6,8  17,2   16:36  -2,8   06:22  11,3   0,0   0,0   1,0  14,5   14:20   WSW
14   8,0  16,6   15:00  -0,8   06:25  10,2   0,0   0,0   1,9  19,3   13:11     W
15   7,2  10,6   07:57   4,4   22:20  11,1   0,0   6,6   9,6  49,9   16:42     W
16   7,2  10,2   13:46   3,7   03:42  11,0   0,0  11,8  12,7  67,6   15:55   WNW
17  10,8  13,3   12:09   7,9   00:02   7,5   0,0   1,0  10,0  43,5   06:17   WNW
18  10,8  14,1   15:53   8,0   05:51   7,5   0,0   3,0   4,7  27,4   14:49   WSW
19   8,7  10,6   11:34   6,7   08:25   9,6   0,0   9,4   7,0  43,5   11:13   WNW
20  12,1  19,1   15:23   7,1   05:53   6,1   0,0   0,0   5,7  29,0   13:28   SSW
21  14,8  20,6   13:24   6,4   01:49   3,8   0,4   0,0   7,6  33,8   19:51   SSW
22  14,3  21,6   15:17   6,0   05:43   4,5   0,5   0,0   3,4  19,3   14:13     S
23  10,0  13,8   00:00   4,4   23:58   8,2   0,0   5,4   3,0  27,4   23:14    NW
24   4,1   5,5   12:44   3,1   22:27  13,9   0,0   0,6   5,7  22,5   18:29   WNW
25   4,3   9,2   16:18   0,8   23:46  13,6   0,0   0,4   5,3  24,1   02:36   WNW
26   5,7  12,9   13:30  -2,2   06:00  12,3   0,0   0,0   2,9  22,5   13:34     E
27   7,5  13,9   13:27   0,1   06:11  10,7   0,0   0,0   2,3  20,9   16:42   ENE
28   9,4  14,8   15:31   6,3   23:54   8,8   0,0   0,0   3,2  20,9   12:54   ENE
29   9,1  17,6   15:50   3,1   23:54   9,2   0,0   0,0   1,1  14,5   15:55   NNW
30   9,1  19,2   16:52  -0,8   06:20   8,7   0,1   0,0   1,1  14,5   14:45   NNE
31   9,5  17,4   15:55   0,3   06:04   8,7   0,0   0,0   2,8  22,5   14:09   WNW
----------------------------------------------------------------------------------
     7,5  21,6    22    -3,9    11   327,1   1,0  38,4   3,9  67,6    16     WNW

Max >=  20,0:  2
Max <=  10,0:  7
Min <=   0,0: 12
Min <= -10,0:  0
Max Rain: 11,8 on day 16
Days of Rain: 9 (>= 0,2 mm)  5 (>= 2,0 mm)  0 (>= 20,0 mm)
Heat Base: 18,3  Cool Base: 18,3  Method: Integration