Raporty NOAA

Zaznacz rok lub miesiac

Raport z 2014 Kwi
                   Monthly Climatological Summary for kwi 2014

Name: Jejkowice   City: Jejkowice   State: Slaskie
Elevation: 243 m  Lat: N 50 06' 37"   Lon: E 018 28' 21"

                  Temperature (C), Rain (mm), Wind Speed (km/h)

                                      Heat  Cool        Avg
    Mean                              Deg   Deg         Wind                 Dom
Day Temp  High   Time   Low    Time   Days  Days  Rain  Speed High   Time    Dir
----------------------------------------------------------------------------------
 1   9,9  15,8   15:50   4,2   06:41   8,4   0,0   0,0   3,2  20,9   13:24    NW
 2   9,1  15,7   16:56   2,9   06:33   9,1   0,0   0,0   2,7  14,5   00:47     E
 3  13,1  21,4   15:52   3,6   06:58   5,7   0,6   0,0   3,3  33,8   12:52    SW
 4  13,9  19,7   14:35   6,5   07:03   3,6   0,2   0,0   3,6  22,5   17:00   ENE
 5   9,4  11,9   00:00   7,0   06:34   8,8   0,0   0,8   1,7  17,7   08:22   ENE
 6  10,4  15,1   17:11   6,8   03:25   7,8   0,0   0,0   3,3  24,1   10:29   WNW
 7  11,9  20,0   16:27   3,7   06:13   6,4   0,2   0,0   1,5  17,7   14:24     W
 8  14,9  22,5   15:09   8,4   01:30   4,0   0,6   6,4   4,9  41,8   18:57   SSW
 9   8,2  11,4   00:00   5,9   08:20   9,9   0,0   0,4   6,9  38,6   09:54   WNW
10   5,7   8,6   17:03   3,6   23:41  12,2   0,0   5,0   4,2  27,4   10:12   WNW
11   7,4  14,1   17:31   2,8   00:52  10,9   0,0   0,2   1,4  14,5   20:54   NNW
12   7,6  15,0   15:35   0,9   06:19  10,6   0,0   0,0   1,9  24,1   14:12     E
13   8,2  13,6   16:36   1,4   04:20   9,9   0,0   0,0   2,8  19,3   10:32   WSW
14   8,2  11,8   14:21   4,8   23:22  10,0   0,0   3,0   5,0  41,8   12:27     W
15   4,6   7,6   16:35   2,9   12:42  13,3   0,0   5,4   6,6  32,2   16:52   WNW
16   4,5   6,9   17:42   2,1   23:35  13,5   0,0   0,4   6,1  25,7   09:17   NNW
17   6,5  13,4   15:34  -0,2   04:18  11,5   0,0   0,2   3,6  20,9   10:40    NE
18   9,5  18,6   16:13  -0,6   05:29   8,8   0,0   2,0   2,0  17,7   14:11   WSW
19  11,6  20,1   13:08   6,7   02:40   6,8   0,1   0,2   5,9  41,8   16:23    NE
20  13,1  18,4   14:53   8,2   05:50   5,1   0,0   0,0   5,2  27,4   12:13     E
21  13,1  19,6   14:09   5,1   04:52   5,3   0,1   0,0   3,1  25,7   14:34    SE
22  15,3  22,8   12:25  10,9   23:39   3,6   0,7   0,0   2,4  25,7   16:27   SSE
23  13,8  21,7   14:20   9,8   05:02   4,7   0,3   2,4   0,9  16,1   15:51   NNE
24  15,0  22,1   16:51   7,6   06:18   3,9   0,7   1,0   3,5  22,5   18:11    NE
25  15,2  18,9   15:59  10,8   05:31   3,2   0,1   0,0   2,7  20,9   10:14     E
26  14,3  19,3   16:30  12,4   04:45   4,0   0,0   7,6   2,4  19,3   15:57    SW
27  14,5  22,2   16:20  10,2   04:14   3,1   0,3   0,0   1,5  12,9   09:32     S
28  15,2  20,8   13:10  11,5   05:44   3,2   0,2  12,4   2,2  16,1   01:34    NE
29  14,8  20,6   14:43  10,0   05:29   3,8   0,3   0,0   2,4  20,9   17:36   NNW
30  14,6  21,3   14:38   8,8   05:50   4,0   0,5   0,0   1,1  19,3   11:42     N
----------------------------------------------------------------------------------
    11,1  22,8    22    -0,6    18   215,1   4,9  47,4   3,3  41,8     8      NW

Max >=  20,0: 11
Max <=  10,0:  3
Min <=   0,0:  2
Min <= -10,0:  0
Max Rain: 12,4 on day 28
Days of Rain: 15 (>= 0,2 mm)  8 (>= 2,0 mm)  0 (>= 20,0 mm)
Heat Base: 18,3  Cool Base: 18,3  Method: Integration