Raporty NOAA

Zaznacz rok lub miesiac

Raport z 2014 Maj
                   Monthly Climatological Summary for maj 2014

Name: Jejkowice   City: Jejkowice   State: Slaskie
Elevation: 243 m  Lat: N 50 06' 37"   Lon: E 018 28' 21"

                  Temperature (C), Rain (mm), Wind Speed (km/h)

                                      Heat  Cool        Avg
    Mean                              Deg   Deg         Wind                 Dom
Day Temp  High   Time   Low    Time   Days  Days  Rain  Speed High   Time    Dir
----------------------------------------------------------------------------------
 1  14,7  21,9   15:00   6,8   04:27   4,3   0,8   0,0   1,4  19,3   17:22    NW
 2  12,8  18,8   11:45   7,1   05:07   5,4   0,0   0,0   3,9  20,9   12:26     N
 3   6,4   9,2   00:00   4,6   18:39  11,3   0,0   2,2   5,1  22,5   14:48   NNW
 4   7,5  14,2   14:57   1,6   05:07  10,6   0,0   0,2   5,2  27,4   15:17    NW
 5   9,8  13,5   17:00   4,0   00:09   5,4   0,0   0,0   3,0  12,9   11:59   WNW
 6  15,9  19,7   20:10   0,0   02:01   1,4   0,1   0,0   8,5  24,1   13:10   SSW
 7  17,6  21,2   18:49  12,7   07:08   0,8   0,4   0,2   4,1  24,1   12:18    SW
 8  16,7  20,5   16:01   9,4   04:44   1,1   0,2   0,4   2,8  29,0   18:37   WSW
 9  18,2  21,5   16:22   6,4   01:00   0,7   0,7   0,0   5,3  30,6   13:07   SSW
10  15,5  18,7   15:14  11,0   05:13   1,9   0,0   0,0   4,1  30,6   10:02   WNW
11  13,0  17,1   11:16   9,4   23:59   5,3   0,0   2,2   5,8  30,6   15:23     S
12  11,8  17,4   17:59   7,8   04:33   6,5   0,0   4,2   3,6  27,4   12:25   WSW
13  11,0  16,2   12:30   7,3   04:58   7,2   0,0   0,6   4,2  20,9   11:41     S
14   9,1  10,7   18:44   7,6   05:59   8,9   0,0   7,6   4,8  22,5   12:30    NW
15   9,7  13,5   14:09   6,9   05:06   8,5   0,0  14,6  10,9  48,3   14:17   NNW
16   9,1  10,7   00:00   7,9   07:16   9,1   0,0  27,4   8,2  40,2   02:54   NNW
17   9,7  10,8   06:13   8,4   12:38   8,5   0,0   5,2   3,9  20,9   09:19    NW
18  12,0  17,4   16:11   7,8   06:10   6,2   0,0   0,2   2,7  19,3   13:39   SSE
19  17,0  24,1   15:03   9,3   01:11   3,1   1,8   5,0   3,3  30,6   21:01   SSE
20  18,8  26,6   16:15   9,4   04:58   2,4   2,9   0,2   1,5  17,7   12:47   SSE
21  20,1  27,7   16:15  10,8   04:40   1,7   3,5   0,0   2,7  20,9   10:00   SSE
22  21,9  29,2   16:12  12,8   04:56   1,2   4,7   0,0   4,4  27,4   11:15    SE
23  23,3  29,6   14:19  15,2   04:52   0,4   5,4   0,0   5,2  32,2   10:52    SE
24  20,6  28,9   12:20  15,2   23:50   0,5   2,8   3,8   2,6  30,6   13:16   SSW
25  16,0  19,3   10:27  13,4   05:21   1,8   0,1   1,0   2,2  16,1   08:07   NNW
26  18,2  24,8   16:33  10,5   05:05   2,1   2,0   5,8   3,0  27,4   20:55   NNE
27  18,1  24,2   13:03  14,0   04:37   1,2   1,0   0,6   1,3  25,7   14:04    SW
28  17,6  22,8   13:35  13,3   05:02   1,6   0,9   4,6   2,9  22,5   14:41    SW
29  10,7  14,6   02:57   8,0   23:49   7,5   0,0   4,6   4,6  19,3   05:55    NW
30   9,9  13,8   19:12   6,4   23:43   8,3   0,0   0,2   3,2  17,7   11:38   NNW
31  13,2  19,7   16:32   3,8   04:18   5,2   0,1   0,2   3,0  25,7   16:39   NNW
----------------------------------------------------------------------------------
    14,4  29,6    23     0,0     6   140,1  27,4  91,0   4,1  48,3    15       W

Max >=  20,0: 13
Max <=  10,0:  1
Min <=   0,0:  1
Min <= -10,0:  0
Max Rain: 27,4 on day 16
Days of Rain: 22 (>= 0,2 mm)  12 (>= 2,0 mm)  1 (>= 20,0 mm)
Heat Base: 18,3  Cool Base: 18,3  Method: Integration