Raporty NOAA

Zaznacz rok lub miesiac

Raport z 2014 Cze
                   Monthly Climatological Summary for cze 2014

Name: Jejkowice   City: Jejkowice   State: Slaskie
Elevation: 243 m  Lat: N 50 06' 37"   Lon: E 018 28' 21"

                  Temperature (C), Rain (mm), Wind Speed (km/h)

                                      Heat  Cool        Avg
    Mean                              Deg   Deg         Wind                 Dom
Day Temp  High   Time   Low    Time   Days  Days  Rain  Speed High   Time    Dir
----------------------------------------------------------------------------------
 1  14,7  19,8   14:11  10,7   04:58   3,6   0,0   1,2   5,1  25,7   13:26    NW
 2  11,8  14,9   11:32   9,6   23:52   6,5   0,0   3,0   4,2  22,5   17:16   WNW
 3  11,6  13,8   16:44   9,4   00:11   6,7   0,0   4,6   1,7  14,5   12:40     W
 4  15,5  21,7   17:18  11,3   02:59   3,2   0,5   0,0   1,4  12,9   12:32    SE
 5  17,4  23,6   12:21   9,2   04:56   2,4   1,5   3,2   3,2  27,4   13:06   SSW
 6  17,5  23,4   16:35  12,0   23:34   2,4   1,6   1,8   2,3  22,5   15:15    NW
 7  19,3  27,7   17:10   9,4   03:49   2,4   3,4   0,0   2,5  14,5   10:00    NE
 8  22,3  31,6   18:10  12,2   04:30   1,4   5,5   0,0   3,5  11,3   13:00    SW
 9  24,6  33,4   17:00  13,8   05:10   0,8   7,0   0,0   3,4  11,3   11:39   WSW
10  24,0  33,1   13:22  15,8   04:12   0,3   6,0   9,0   1,8  45,1   15:00   ESE
11  23,9  30,4   17:07  17,8   00:58   0,0   5,6   0,0   1,9  17,7   18:10   NNE
12  20,1  25,7   17:20  13,9   23:52   0,3   2,1   0,0   4,7  25,7   17:46    NW
13  15,6  21,3   15:24  11,6   05:12   2,9   0,2   0,0   2,6  20,9   15:44   WNW
14  13,8  18,6   15:22  11,2   22:42   4,5   0,0   7,0   4,1  29,0   15:33   WNW
15  12,6  18,4   18:11   8,7   23:26   5,7   0,0   0,2   1,7  12,9   11:10    NW
16  14,8  22,6   15:09   5,3   04:33   4,2   0,8   0,0   1,2  14,5   14:07    NW
17  15,7  22,4   15:23   5,9   04:31   3,7   1,1   0,0   2,1  22,5   15:58   NNW
18  16,8  23,9   16:22   8,0   03:55   3,2   1,7   0,0   2,0  17,7   14:47    NW
19  17,2  24,4   15:31   6,9   04:30   3,0   1,9   0,0   2,8  22,5   22:09   WNW
20  14,6  17,3   11:28  12,5   23:58   3,7   0,0   0,2   4,4  27,4   11:31   WNW
21  14,1  19,2   17:05  10,7   03:47   4,2   0,0   1,4   3,7  29,0   14:24   WNW
22  14,3  18,6   11:23  12,1   05:49   2,6   0,0   0,0   2,0  22,5   11:26   WSW
23  15,4  22,1   17:51   8,8   02:40   3,1   0,5   0,0   3,2  17,7   10:51     W
24  15,4  22,1   15:54   7,2   05:00   3,5   0,7   0,0   2,0  25,7   14:40    NW
25  13,5  17,4   08:58  11,2   01:15   4,8   0,0  14,0   2,6  17,7   20:34     N
26  13,9  19,3   19:22   9,6   23:58   4,4   0,0  35,6   4,6  25,7   01:11   NNW
27  16,8  23,9   18:02   8,3   04:34   3,2   1,7   0,0   1,5  16,1   16:33     S
28  19,1  27,2   15:37  12,4   05:07   1,7   2,5   7,6   4,5  33,8   10:41     S
29  20,2  28,1   14:09  13,4   05:11   1,2   3,1  11,2   3,5  29,0   10:26    SW
30  14,4  16,4   00:00  13,3   22:57   3,9   0,0  23,4   2,9  17,7   06:01    NW
----------------------------------------------------------------------------------
    16,7  33,4     9     5,3    16    93,5  47,4 123,4   2,9  45,1    10     WNW

Max >=  20,0: 19
Max <=  10,0:  0
Min <=   0,0:  0
Min <= -10,0:  0
Max Rain: 35,6 on day 26
Days of Rain: 15 (>= 0,2 mm)  10 (>= 2,0 mm)  2 (>= 20,0 mm)
Heat Base: 18,3  Cool Base: 18,3  Method: Integration