Raporty NOAA

Zaznacz rok lub miesiac

Raport z 2014 Lip
                   Monthly Climatological Summary for lip 2014

Name: Jejkowice   City: Jejkowice   State: Slaskie
Elevation: 243 m  Lat: N 50 06' 37"   Lon: E 018 28' 21"

                  Temperature (C), Rain (mm), Wind Speed (km/h)

                                      Heat  Cool        Avg
    Mean                              Deg   Deg         Wind                 Dom
Day Temp  High   Time   Low    Time   Days  Days  Rain  Speed High   Time    Dir
----------------------------------------------------------------------------------
 1  15,3  20,1   15:55  10,5   23:58   3,1   0,1   0,0   3,5  20,9   08:08   WNW
 2  15,5  20,2   17:08   7,5   05:04   3,1   0,4   0,0   2,8  24,1   13:18    SE
 3  18,0  24,0   17:54  12,2   23:52   2,0   1,8   0,0   2,7  24,1   13:35    NW
 4  20,8  28,6   16:25  10,6   03:53   1,6   4,2   0,0   3,2  20,9   12:26     S
 5  20,3  26,8   15:20  13,2   04:13   1,1   3,1   0,6   3,1  27,4   16:13     S
 6  23,3  29,7   14:32  16,5   04:39   0,1   5,1   0,0   2,0  16,1   15:08    SW
 7  24,9  32,3   16:37  15,7   04:54   0,4   7,0   0,0   1,9  20,9   19:14   SSE
 8  23,4  31,6   13:29  18,3   03:31   0,0   5,1   9,6   3,3  35,4   14:07   ESE
 9  18,1  21,4   08:32  16,2   22:52   0,5   0,4  15,8   1,8  16,1   08:00   SSW
10  17,3  22,6   16:55  13,9   06:31   1,3   0,6   4,6   3,3  17,7   08:07   SSW
11  17,0  22,2   14:34  15,1   00:50   0,3   0,0   4,0   0,2  34,0   14:38   NNW
12  18,0  24,1   14:53  11,4   04:38   1,9   1,6   0,0   3,1  24,1   13:36    NW
13  19,9  25,8   16:57  13,2   05:45   1,2   2,8   0,0   3,0  20,9   14:58   SSW
14  22,2  28,6   15:36  15,8   04:46   0,3   4,3   0,0   3,3  19,3   16:45   SSW
15  21,9  29,0   15:48  14,3   04:48   0,7   4,3   0,0   2,2  16,1   16:15   NNW
16  22,5  28,7   16:59  15,4   04:38   0,4   4,5   0,0   2,1  27,4   13:41     N
17  22,1  30,2   15:22  14,4   05:37   0,7   4,5   0,0   2,3  20,9   12:31   ENE
18  22,2  27,9   14:00  17,2   01:00   0,2   4,1   0,0   1,3  14,5   13:50    NE
19  23,7  31,7   17:29  14,7   04:42   0,6   6,0   0,0   1,4  12,9   12:07   ESE
20  25,7  33,0   16:45  17,1   03:36   0,1   7,5   0,0   2,3  22,5   11:21   SSE
21  24,7  30,2   12:40  18,5   05:05   0,0   6,4   0,0   2,9  20,9   10:40     E
22  24,2  29,3   15:41  19,6   05:03   0,0   5,9   0,0   4,8  29,0   15:48    NE
23  19,0  24,9   11:22  15,9   05:11   0,8   1,5   5,6   3,8  27,4   12:24     N
24  17,5  21,8   18:07  15,2   03:01   1,4   0,5   2,6   2,7  16,1   07:16    NW
25  21,7  28,4   17:50  15,4   00:54   0,5   3,9   0,0   1,3  14,5   11:31   ESE
26  22,7  31,0   16:44  15,4   05:34   0,4   4,9   0,8   1,6  25,7   18:03   ESE
27  23,5  31,8   16:32  15,1   05:04   0,5   5,7   0,2   2,3  22,5   19:38   ESE
28  21,5  30,7   14:30  15,7   05:08   0,3   3,4   4,2   2,4  25,7   15:55     E
29  21,9  29,7   15:31  15,8   04:54   0,3   4,0   0,0   2,0  20,9   17:08   ESE
30  22,9  28,1   14:58  16,7   03:34   0,2   4,8   0,0   1,8  17,7   14:56   SSE
31  20,1  22,8   13:23  18,1   21:11   0,0   1,8   3,0   3,1  24,1   15:38    NW
----------------------------------------------------------------------------------
    21,0  33,0    20     7,5     2    24,0 110,2  51,0   2,6  35,4     8      SE

Max >=  20,0: 31
Max <=  10,0:  0
Min <=   0,0:  0
Min <= -10,0:  0
Max Rain: 15,8 on day 9
Days of Rain: 11 (>= 0,2 mm)  8 (>= 2,0 mm)  0 (>= 20,0 mm)
Heat Base: 18,3  Cool Base: 18,3  Method: Integration