Raporty NOAA

Zaznacz rok lub miesiac
V/Λ2018 > Sty Lut Mar Kwi Maj Cze Lip Sie Wrz Paz Lis Gru
V/Λ2017 > Sty Lut Mar Kwi Maj Cze Lip Sie Wrz Paz Lis Gru
V/Λ2016 > Sty Lut Mar Kwi Maj Cze Lip Sie Wrz Paz Lis Gru
V/Λ2015 > Sty Lut Mar Kwi Maj Cze Lip Sie Wrz Paz Lis Gru
V/Λ2014 > Sty Lut Mar Kwi Maj Cze Lip Sie Wrz Paz Lis Gru
V/Λ2013 > Sty Lut Mar Kwi Maj Cze Lip Sie Wrz Paz Lis Gru
V/Λ2012 > Sty Lut Mar Kwi Maj Cze Lip Sie Wrz Paz Lis Gru
V/Λ2011 > Sty Lut Mar Kwi Maj Cze Lip Sie Wrz Paz Lis Gru

Raport z 2014 Sie
                   Monthly Climatological Summary for sie 2014

Name: Jejkowice   City: Jejkowice   State: Slaskie
Elevation: 243 m  Lat: N 50 06' 37"   Lon: E 018 28' 21"

                  Temperature (C), Rain (mm), Wind Speed (km/h)

                                      Heat  Cool        Avg
    Mean                              Deg   Deg         Wind                 Dom
Day Temp  High   Time   Low    Time   Days  Days  Rain  Speed High   Time    Dir
----------------------------------------------------------------------------------
 1  19,6  22,8   16:48  17,8   05:19   0,1   1,4   4,8   2,3  12,9   08:12    NW
 2  24,8  32,1   16:58  20,1   00:00   0,0   6,5   0,0   2,7  20,9   17:34   ESE
 3  23,1  31,6   13:13  17,1   05:33   0,1   4,9   1,0   2,7  30,6   17:27    SE
 4  19,2  25,6   10:48  15,8   23:19   0,4   1,2   7,0   1,3  24,1   11:30   SSW
 5  20,2  25,8   16:45  15,3   01:03   0,5   2,4   0,2   2,4  16,1   15:24    NW
 6  19,8  24,4   14:26  15,5   04:55   0,6   2,1   0,0   3,2  17,7   11:56   NNW
 7  19,5  25,1   16:35  15,7   05:55   0,7   1,9   0,0   1,2  11,3   15:41     N
 8  21,5  28,2   16:58  17,1   03:00   0,3   3,5   0,0   2,9  17,7   12:40   WNW
 9  22,1  30,1   16:13  14,8   04:46   0,6   4,4   5,8   3,7  33,8   18:13     S
10  22,3  30,2   14:34  16,4   05:36   0,3   4,3   0,0   1,7  30,6   16:21    SE
11  21,1  28,9   12:56  17,8   05:42   0,0   2,8  19,6   2,5  24,1   09:30   SSW
12  18,1  21,3   15:46  15,5   23:02   1,0   0,8   0,2   2,7  17,7   16:17   SSW
13  18,5  22,6   11:04  14,7   05:13   1,1   1,3  26,4   2,8  17,7   15:45   ESE
14  17,4  19,6   14:50  13,2   23:40   1,1   0,2   0,0   3,2  24,1   05:10    SW
15  17,1  24,2   15:00  11,2   05:50   2,3   1,1   2,2   2,2  33,8   11:37     S
16  14,9  18,6   11:14  11,9   23:52   3,4   0,0   7,4   2,7  24,1   16:03   WSW
17  15,7  21,2   17:43  10,1   04:29   3,1   0,4   0,0   3,5  24,1   12:38    SW
18  18,2  24,3   15:08  12,4   04:38   1,7   1,6   6,6   5,9  38,6   17:41   SSW
19  15,2  18,1   18:05  12,9   05:41   3,1   0,0   7,0   2,3  19,3   00:03     S
20  16,5  22,4   14:48  12,4   05:07   2,5   0,7   0,2   2,2  22,5   15:29    SW
21  13,9  19,1   16:05   9,7   23:58   4,5   0,0   4,2   0,8  11,3   15:55    SE
22  14,7  20,9   11:36   7,8   03:09   4,1   0,4   0,2   2,2  16,1   12:25   SSE
23  17,4  23,1   15:35  12,9   01:53   1,9   1,1   5,0   2,7  17,7   13:17    SW
24  13,3  16,9   17:13   8,5   22:30   5,0   0,0  12,2   3,0  25,7   17:53   WNW
25  13,7  19,8   15:37   5,9   05:52   4,7   0,1   0,2   3,4  22,5   13:34   SSW
26  12,6  13,8   13:46  11,4   06:05   5,7   0,0  15,4   1,0  11,3   09:54     S
27  13,2  17,2   17:41  10,5   23:51   5,1   0,0   2,2   1,5  12,9   14:45   NNW
28  14,5  21,7   16:56   8,0   06:12   4,3   0,6   0,2   1,8  19,3   13:50     W
29  16,9  23,8   15:40   8,6   04:10   2,9   1,4   0,0   3,4  25,7   12:26     S
30  18,8  24,4   16:52  13,9   05:43   1,0   1,5   0,8   2,2  14,5   15:13    SW
31  17,1  23,3   13:53  12,8   05:44   2,0   0,8  10,8   1,5  19,3   09:58   SSE
----------------------------------------------------------------------------------
    17,8  32,1     2     5,9    25    64,1  47,4 139,6   2,5  38,6    18     SSW

Max >=  20,0: 23
Max <=  10,0:  0
Min <=   0,0:  0
Min <= -10,0:  0
Max Rain: 26,4 on day 13
Days of Rain: 23 (>= 0,2 mm)  15 (>= 2,0 mm)  1 (>= 20,0 mm)
Heat Base: 18,3  Cool Base: 18,3  Method: Integration