Raporty NOAA

Zaznacz rok lub miesiac
V/Λ2018 > Sty Lut Mar Kwi Maj Cze Lip Sie Wrz Paz Lis Gru
V/Λ2017 > Sty Lut Mar Kwi Maj Cze Lip Sie Wrz Paz Lis Gru
V/Λ2016 > Sty Lut Mar Kwi Maj Cze Lip Sie Wrz Paz Lis Gru
V/Λ2015 > Sty Lut Mar Kwi Maj Cze Lip Sie Wrz Paz Lis Gru
V/Λ2014 > Sty Lut Mar Kwi Maj Cze Lip Sie Wrz Paz Lis Gru
V/Λ2013 > Sty Lut Mar Kwi Maj Cze Lip Sie Wrz Paz Lis Gru
V/Λ2012 > Sty Lut Mar Kwi Maj Cze Lip Sie Wrz Paz Lis Gru
V/Λ2011 > Sty Lut Mar Kwi Maj Cze Lip Sie Wrz Paz Lis Gru

Raport z 2014 Wrz
                   Monthly Climatological Summary for wrz 2014

Name: Jejkowice   City: Jejkowice   State: Slaskie
Elevation: 243 m  Lat: N 50 06' 37"   Lon: E 018 28' 21"

                  Temperature (C), Rain (mm), Wind Speed (km/h)

                                      Heat  Cool        Avg
    Mean                              Deg   Deg         Wind                 Dom
Day Temp  High   Time   Low    Time   Days  Days  Rain  Speed High   Time    Dir
----------------------------------------------------------------------------------
 1  16,0  17,6   15:41  14,2   00:30   2,3   0,0  12,8   1,6  12,9   12:17   NNW
 2  16,0  18,1   15:59  14,7   23:41   2,3   0,0  19,6   3,0  19,3   20:02     N
 3  16,5  19,2   14:37  13,7   05:58   1,9   0,1   0,0   3,9  22,5   13:06   NNE
 4  18,5  23,4   15:35  14,8   06:21   1,1   1,4   0,0   4,4  25,7   13:02     E
 5  17,8  24,4   15:40  12,1   05:55   2,1   1,6   0,0   2,5  14,5   08:15     E
 6  18,4  26,3   16:16  10,0   06:13   2,5   2,6   0,0   1,1  16,1   15:17   SSW
 7  20,3  27,2   16:36  14,8   05:19   0,8   2,8   0,0   1,7  12,9   09:33   SSW
 8  20,4  27,2   16:37  14,9   02:37   0,8   3,0  19,8   1,7  29,0   23:28   SSW
 9  17,6  22,1   15:51  15,1   02:53   1,3   0,5  23,0   1,8  16,1   14:17    NW
10  16,3  20,4   15:40  13,1   23:41   2,1   0,2   0,0   1,7  12,9   11:21   NNW
11  14,9  16,9   23:02  12,1   01:23   3,3   0,0   6,6   3,7  17,7   22:52    NE
12  17,0  20,3   15:16  14,0   23:52   1,5   0,1   7,2   1,7  16,1   07:29     E
13  15,7  21,2   16:05  12,1   04:51   2,9   0,4   0,4   1,4  11,3   15:47    NW
14  17,1  20,7   16:50  15,1   22:13   1,5   0,4  15,6   0,7  29,0   19:10   ESE
15  16,9  23,3   15:58  10,6   06:47   2,5   1,2   0,2   1,3  12,9   11:41   ESE
16  17,1  23,4   15:52  12,2   07:06   2,2   1,0   0,0   1,7  19,3   14:30     E
17  15,8  22,7   15:11  10,3   05:51   3,3   0,8   0,2   1,3  12,9   15:43   ESE
18  16,1  22,4   15:01  10,1   06:51   3,2   0,9   0,0   2,0  20,9   12:44    SE
19  16,8  23,3   14:05  10,4   04:03   2,9   1,3   0,0   2,6  22,5   11:21    SE
20  17,0  22,8   16:18  13,3   00:25   2,0   0,7   2,4   1,3  16,1   10:33   WSW
21  17,5  21,8   13:36  15,0   03:59   1,4   0,6   1,2   1,3  14,5   11:23   WSW
22  12,5  15,7   00:00   8,2   23:53   5,8   0,0  20,0   4,4  33,8   13:26   WNW
23   9,4  11,7   14:03   6,8   23:54   8,9   0,0   4,6   4,4  25,7   11:22   WNW
24   9,4  16,9   15:38   1,6   06:34   8,9   0,0   0,0   1,7  14,5   13:06     S
25  12,0  17,0   15:32   6,5   01:34   6,3   0,0   0,6   2,6  19,3   13:15   WSW
26  11,5  13,1   13:49  10,5   03:49   6,7   0,0   3,2   2,2  16,1   13:43   WNW
27  13,2  18,1   14:59   7,1   23:49   5,1   0,0   2,4   2,4  17,7   11:50   WNW
28  11,5  20,1   16:01   3,7   06:14   6,9   0,1   0,2   0,8  12,9   12:19     S
29  15,2  21,0   15:28  10,1   06:43   3,6   0,5   0,0   5,1  32,2   10:03   SSW
30  16,9  22,7   13:50  12,1   06:23   2,3   0,9   0,0   3,6  14,5   03:17   SSW
----------------------------------------------------------------------------------
    15,7  27,2     7     1,6    24    98,4  21,1 140,0   2,3  33,8    22      SW

Max >=  20,0: 20
Max <=  10,0:  0
Min <=   0,0:  0
Min <= -10,0:  0
Max Rain: 23,0 on day 9
Days of Rain: 18 (>= 0,2 mm)  12 (>= 2,0 mm)  2 (>= 20,0 mm)
Heat Base: 18,3  Cool Base: 18,3  Method: Integration