Raporty NOAA

Zaznacz rok lub miesiac

Raport z 2014 Paz
                   Monthly Climatological Summary for pa 2014

Name: Jejkowice   City: Jejkowice   State: Slaskie
Elevation: 243 m  Lat: N 50 06' 37"   Lon: E 018 28' 21"

                  Temperature (C), Rain (mm), Wind Speed (km/h)

                                      Heat  Cool        Avg
    Mean                              Deg   Deg         Wind                 Dom
Day Temp  High   Time   Low    Time   Days  Days  Rain  Speed High   Time    Dir
----------------------------------------------------------------------------------
 1  15,6  17,1   13:49  14,2   23:39   2,7   0,0   0,2   1,6  11,3   14:02    NW
 2  13,9  14,7   13:42  12,5   23:59   4,4   0,0   1,4   3,3  14,5   05:15   NNW
 3  11,1  13,5   16:33   8,3   07:00   7,2   0,0   0,2   0,8  12,9   08:58     E
 4  11,7  16,1   14:36   8,7   04:44   6,6   0,0   0,0   2,3  14,5   13:38     E
 5  11,8  18,3   14:32   7,6   23:51   6,5   0,0   0,0   1,1   9,7   14:45   ESE
 6  10,9  17,7   12:56   4,4   07:33   7,4   0,0   0,2   1,2  12,9   15:30   ESE
 7  12,1  18,9   14:30   5,8   07:05   6,2   0,0   0,2   3,4  27,4   12:06   SSE
 8  14,1  20,5   15:17   8,2   02:09   4,5   0,3   0,0   1,5  20,9   10:51     S
 9  16,9  23,5   15:16  10,9   07:03   2,6   1,2   0,0   2,9  19,3   13:20     S
10  16,1  23,3   15:17  10,1   06:05   3,3   1,1   0,2   1,3  22,5   10:07   WSW
11  16,3  23,7   13:48  10,0   05:53   3,3   1,3   0,0   0,9  12,9   13:26    SW
12  16,0  22,7   14:13  11,7   23:54   8,8   0,7   0,0   0,8   8,0   10:54   WSW
13  16,3  23,5   14:11  11,1   01:41   3,0   1,0   0,2   1,3  12,9   13:10    SE
14  13,2  15,5   11:49   9,7   23:45   5,1   0,0   3,6   2,0  24,1   13:55   WSW
15  11,7  16,4   13:57   6,3   05:35   6,5   0,0   2,6   1,0  11,3   15:03   SSE
16  12,5  16,1   13:07   8,6   03:24   5,8   0,0   0,8   1,9  14,5   11:59   SSW
17  13,2  15,2   14:57  11,9   21:29   5,1   0,0   5,6   2,0  17,7   15:19   WSW
18  12,5  17,4   15:42   8,2   23:19   5,8   0,0   0,0   1,2  11,3   02:17   WNW
19  13,6  19,4   15:11   7,5   02:02   4,8   0,1   0,4   5,1  33,8   15:53   SSW
20  15,6  18,7   13:49  13,8   03:54   2,1   0,0   0,0   5,0  25,7   01:14    SW
21  12,5  16,9   14:22   8,5   07:18   5,8   0,0   0,6   4,2  17,7   22:28   SSW
22   8,0  11,4   00:00   6,3   22:08  10,3   0,0  34,0   5,2  48,3   04:50   WNW
23   6,2   8,3   06:44   3,8   21:18  12,1   0,0   1,8   6,1  27,4   08:02   NNE
24   4,0   5,6   16:01   2,8   08:51  14,3   0,0   0,0   4,6  22,5   01:53   ENE
25   5,8   9,8   15:09   1,9   01:45  12,5   0,0   0,0   3,5  20,9   14:26   SSE
26   6,4  10,9   13:46   2,3   21:18  12,4   0,0   0,0   2,2  17,7   10:17     S
27   5,1  13,1   14:26   0,5   23:45  13,2   0,0   0,2   1,8  12,9   09:05    SE
28   4,6  14,4   14:25  -0,1   05:17  13,6   0,0   0,2   1,7   9,7   09:18    SE
29   5,2  13,1   14:10  -0,6   03:39  13,1   0,0   0,2   2,9  16,1   10:02   SSE
30   5,5  10,3   13:17   0,1   06:42  12,8   0,0   0,0   1,7  16,1   09:46   WSW
31   7,5  12,7   14:15   3,1   23:44  10,7   0,0   0,0   0,5   8,0   12:58   SSW
----------------------------------------------------------------------------------
    11,2  23,7    11    -0,6    29   232,5   5,7  52,6   2,4  48,3    22     SSW

Max >=  20,0:  6
Max <=  10,0:  3
Min <=   0,0:  2
Min <= -10,0:  0
Max Rain: 34,0 on day 22
Days of Rain: 18 (>= 0,2 mm)  4 (>= 2,0 mm)  1 (>= 20,0 mm)
Heat Base: 18,3  Cool Base: 18,3  Method: Integration