Raporty NOAA

Zaznacz rok lub miesiac
V/Λ2018 > Sty Lut Mar Kwi Maj Cze Lip Sie Wrz Paz Lis Gru
V/Λ2017 > Sty Lut Mar Kwi Maj Cze Lip Sie Wrz Paz Lis Gru
V/Λ2016 > Sty Lut Mar Kwi Maj Cze Lip Sie Wrz Paz Lis Gru
V/Λ2015 > Sty Lut Mar Kwi Maj Cze Lip Sie Wrz Paz Lis Gru
V/Λ2014 > Sty Lut Mar Kwi Maj Cze Lip Sie Wrz Paz Lis Gru
V/Λ2013 > Sty Lut Mar Kwi Maj Cze Lip Sie Wrz Paz Lis Gru
V/Λ2012 > Sty Lut Mar Kwi Maj Cze Lip Sie Wrz Paz Lis Gru
V/Λ2011 > Sty Lut Mar Kwi Maj Cze Lip Sie Wrz Paz Lis Gru

Raport z 2014 Lis
                   Monthly Climatological Summary for lis 2014

Name: Jejkowice   City: Jejkowice   State: Slaskie
Elevation: 243 m  Lat: N 50 06' 37"   Lon: E 018 28' 21"

                  Temperature (C), Rain (mm), Wind Speed (km/h)

                                      Heat  Cool        Avg
    Mean                              Deg   Deg         Wind                 Dom
Day Temp  High   Time   Low    Time   Days  Days  Rain  Speed High   Time    Dir
----------------------------------------------------------------------------------
 1   8,1  13,2   14:42   2,8   01:43  10,1   0,0   0,0   3,9  17,7   09:30     S
 2  10,2  14,5   12:48   7,3   06:22   8,1   0,0   0,2   6,6  27,4   14:07     S
 3   9,3  14,6   14:40   4,4   22:52   9,0   0,0   0,0   4,5  29,0   09:10   SSW
 4  11,7  17,4   13:46   3,9   03:18   6,6   0,0   0,0   6,1  41,8   14:44     S
 5  16,0  19,6   13:15  12,6   03:31   2,5   0,2   0,0   8,2  43,5   12:32   SSE
 6  14,8  19,2   12:21   8,7   23:48   3,5   0,0   0,0   4,2  29,0   14:02     S
 7  10,0  12,2   12:02   6,9   05:46   8,3   0,0   1,2   0,3   9,7   19:49   WNW
 8   9,6  13,1   03:55   8,6   08:00   8,7   0,0  24,4   1,4  22,5   04:09    NW
 9   9,9  12,8   12:54   8,2   02:39   8,4   0,0   0,4   2,6  12,9   18:15   ESE
10  11,6  17,1   15:06   6,3   07:18   6,5   0,0   0,2   1,4  16,1   12:19   SSE
11  12,7  19,3   13:32   6,5   07:33   5,7   0,1   0,0   2,3  20,9   13:59    SE
12  12,6  17,1   12:54   8,9   06:50   5,7   0,0   0,0   2,4  20,9   12:35   ESE
13  10,0  15,9   14:39   6,6   06:24   8,3   0,0   0,0   0,4   6,4   08:43    SE
14   8,5   9,8   13:48   7,2   00:00   9,8   0,0   0,0   1,9  12,9   20:07   ESE
15   8,0  10,9   12:45   6,7   23:44  10,3   0,0   0,0   4,1  19,3   17:12   ESE
16   8,2  11,7   12:36   5,5   04:48  10,1   0,0   2,4   2,5  17,7   07:05   ESE
17   7,3   8,0   01:53   6,5   07:02  11,0   0,0   0,2   1,8  14,5   18:43     E
18   6,5   7,9   12:09   5,0   23:03  11,8   0,0   5,4   4,4  20,9   14:51     E
19   6,1   7,2   16:30   5,0   07:21  12,1   0,0   2,2   1,8  11,3   00:41   ENE
20   4,4   6,0   00:00   3,7   22:45  13,9   0,0   2,8   3,8  17,7   11:37    NW
21   3,6   4,2   11:29   2,8   21:12  14,7   0,0   1,0   1,4   9,7   03:07   NNW
22   3,7   4,8   12:01   2,6   04:52  14,3   0,0   0,0   0,7   8,0   21:12    SE
23   4,8   6,9   13:45   2,1   23:52  13,4   0,0   0,0   4,0  17,7   16:07   ESE
24   2,3   5,4   16:22  -0,4   07:04  16,0   0,0   2,6   5,6  25,7   21:40   SSE
25   4,2   7,4   12:57   2,2   23:44  14,1   0,0   1,8   2,1  19,3   01:03    SW
26   3,6   6,1   12:39   2,4   21:20  14,5   0,0   0,0   0,9  12,9   12:56    SE
27   2,3   4,0   11:50   1,1   23:13  16,0   0,0   0,0   2,7  14,5   08:02   ESE
28   0,2   1,1   00:00  -1,1   23:34  18,0   0,0   0,0   4,1  19,3   17:50     E
29  -2,5  -0,9   00:00  -3,7   07:14  20,8   0,0   0,0   5,2  24,1   08:02     E
----------------------------------------------------------------------------------
     7,5  19,6     5    -3,7    29   312,2   0,3  44,8   3,2  43,5     5      SE

Max >=  20,0:  0
Max <=  10,0: 14
Min <=   0,0:  3
Min <= -10,0:  0
Max Rain: 24,4 on day 8
Days of Rain: 13 (>= 0,2 mm)  6 (>= 2,0 mm)  1 (>= 20,0 mm)
Heat Base: 18,3  Cool Base: 18,3  Method: Integration