Raporty NOAA

Zaznacz rok lub miesiac

Raport z 2015
                   Annual Climatological Summary for 2015

Name: Rybnik-Smolna   City: Rybnik-Smolna   State: Slaskie
Elevation: 273 m  Lat: N 50 05' 13"   Lon: E 018 31' 38"

                  Temperature (C), Heat Base: 18,3  Cool Base: 18,3
                          Dep.  Heat  Cool                       Max  Max  Min  Min
        Mean  Mean        From  Deg   Deg                        >=   <=   <=   <=
 YR MO  Max   Min   Mean  Norm  Days  Days  Hi  Date  Low  Date 20,0 10,0  0,0 -10,0
------------------------------------------------------------------------------------
 15  1   3,9  -0,8   1,7   4,7   495     0  13,1  10  -9,6    7    0   26   16    0
 15  2   4,6  -1,0   1,6   3,0   464     0  11,2  15  -5,4   17    0   26   17    0
 15  3  10,4   1,8   5,7   2,2   396     0  18,8  25  -3,2   23    0   15    7    0
 15  4  14,6   4,8   9,6   0,8   266     5  24,2  27  -1,0    7    7    9    4    0
 15  5  18,5   9,4  13,9   0,6   147     9  25,7   5   4,4    3   12    0    0    0
 15  6  22,9  13,1  18,1   1,3    61    53  32,9  13   8,6   18   20    0    0    0
 15  7  27,8  16,4  21,9   3,5    21   131  35,7  22   8,9   11   30    0    0    0
 15  8  29,9  17,6  23,4   5,4    12   171  36,3  11  11,7    1   31    0    0    0
 15  9  20,7  12,0  16,0   1,7   100    31  33,8   1   5,3   22   15    0    0    0
 15 10  13,7   5,6   9,5  -0,2   275     2  21,9   3   0,9   12    5    6    0    0
 15 11  10,8   4,4   7,6   3,6   320     0  17,0   8  -4,7   25    0   11    6    0
 15 12   7,4   2,8   5,1   5,6   405     0  12,3  23  -8,4   31    0   26    3    0
------------------------------------------------------------------------------------
        15,4   7,2  11,2   2,7  2966   405  36,3 sie  -9,6  sty  120  119   53    0

                                Precipitation (mm)

              Dep.   Max        Days of Rain
              From   Obs.           >=
 YR MO Total  Norm   Day Date  0,2  2,0 20,0
---------------------------------------------
 15  1  62,8  29,8  19,0   9    12    7    0
 15  2  32,0   0,0  11,0   9     8    4    0
 15  3  58,2  22,2  32,6  30    13    8    1
 15  4  45,0  -4,0  13,6  28    12    6    0
 15  5  64,9 -16,1  20,9   6    15    8    1
 15  6  68,2 -28,8  26,6  14     9    8    1
 15  7  79,7 -15,3  29,0   8     9    5    2
 15  8  11,2 -69,8   8,5  25     4    1    0
 15  9  23,5 -35,5   6,7   4     9    4    0
 15 10  21,9 -22,1   7,3  21     9    4    0
 15 11  79,9  33,9  13,4  18    16    9    0
 15 12  15,2 -25,8   3,2  18    10    3    0
---------------------------------------------
       562,5-131,5  32,6  mar  126   67    5

                                Wind Speed (km/h)
                          Dom
 YR MO   Avg.  Hi   Date  Dir
------------------------------
 15  1   8,1  62,8   10   SSE
 15  2   4,9  62,8    8    SE
 15  3   6,1  64,4   30   SSE
 15  4   6,8  69,2   20   SSE
 15  5   4,5  53,1   10    SE
 15  6   5,2  90,1   14   ESE
 15  7   4,7  90,1   18     S
 15  8   2,9  48,3   12   ESE
 15  9   5,0  59,5    6    SE
 15 10   2,9  40,2   11    SE
 15 11   7,0  90,1   18     S
 15 12  10,3  67,6   20     S
------------------------------
         5,7  90,1  cze   SSE