Raporty NOAA

Zaznacz rok lub miesiac
V/Λ2018 > Sty Lut Mar Kwi Maj Cze Lip Sie Wrz Paz Lis Gru
V/Λ2017 > Sty Lut Mar Kwi Maj Cze Lip Sie Wrz Paz Lis Gru
V/Λ2016 > Sty Lut Mar Kwi Maj Cze Lip Sie Wrz Paz Lis Gru
V/Λ2015 > Sty Lut Mar Kwi Maj Cze Lip Sie Wrz Paz Lis Gru
V/Λ2014 > Sty Lut Mar Kwi Maj Cze Lip Sie Wrz Paz Lis Gru
V/Λ2013 > Sty Lut Mar Kwi Maj Cze Lip Sie Wrz Paz Lis Gru
V/Λ2012 > Sty Lut Mar Kwi Maj Cze Lip Sie Wrz Paz Lis Gru
V/Λ2011 > Sty Lut Mar Kwi Maj Cze Lip Sie Wrz Paz Lis Gru

Raport z 2015 Sty
                   Monthly Climatological Summary for sty 2015

Name: Jejkowice   City: Jejkowice   State: Slaskie
Elevation: 278 m  Lat: N 50 05' 13"   Lon: E 018 31' 38"

                  Temperature (C), Rain (mm), Wind Speed (km/h)

                                      Heat  Cool        Avg
    Mean                              Deg   Deg         Wind                 Dom
Day Temp  High   Time   Low    Time   Days  Days  Rain  Speed High   Time    Dir
----------------------------------------------------------------------------------
 1  -2,2  -0,2   22:37  -4,2   00:00  20,4   0,0   0,0   4,5  24,1   00:14     S
 2   2,4   4,5   23:53  -0,2   00:00  15,9   0,0   6,2  16,5  61,2   11:54     S
 3   2,8   4,6   00:00   0,3   22:44  15,5   0,0   0,0  16,1  49,9   12:08     S
 4   1,5   2,8   12:38   0,6   00:00  16,6   0,0   2,4  13,6  56,3   16:41     S
 5  -0,1   1,1   00:00  -1,1   00:00  18,1   0,0   0,0   5,3  30,6   01:44   SSE
 6  -3,2  -1,1   00:00  -8,1   23:53  21,2   0,0   0,0   6,8  27,4   07:34   ENE
 7  -5,9  -2,4   14:02  -9,6   04:44  24,1   0,0   0,0   6,4  38,6   16:51     S
 8  -1,9   0,1   23:08  -4,2   00:00  20,2   0,0   0,0  13,1  56,3   22:18     S
 9   3,1   6,5   19:28  -0,1   00:11  15,2   0,0  19,0  17,0  56,3   14:18     S
10   7,7  13,1   20:45   2,4   00:00  10,2   0,0  14,6  17,6  62,8   20:39     S
11   3,4   6,1   00:41   2,0   08:31  14,5   0,0   0,0  14,1  48,3   20:28     S
12   3,5   5,2   19:13   1,1   08:55  14,8   0,0   1,2  14,9  49,9   18:48     S
13   6,6  11,1   15:20   3,2   03:06  11,5   0,0   0,0  14,9  48,3   11:25     S
14   6,0   8,5   12:47   3,4   05:23  12,3   0,0   0,0  11,4  41,8   12:48     S
15   3,8   5,6   14:52   1,3   08:19  14,5   0,0   0,8   5,7  40,2   01:11   SSE
16   6,2  10,4   12:57   2,9   07:32  12,1   0,0   0,0   2,7  24,1   13:56   ENE
17   6,2  10,7   11:53   0,7   22:27  11,9   0,0   6,0   5,2  30,6   11:34   ESE
18   1,6   2,6   19:22   0,5   00:40  16,7   0,0   6,4   1,0  14,5   22:48    NE
20   2,3   4,2   14:05   1,0   10:36  16,0   0,0   0,0   0,2   6,4   11:47   ENE
21   3,3   4,6   13:50   1,9   03:03  15,0   0,0   0,0   0,7  11,3   16:14    NE
22   3,8   5,2   14:35   2,7   06:22  14,5   0,0   0,0   0,5  11,3   06:43   ENE
23   2,1   3,7   00:12  -1,1   23:57  16,2   0,0   0,0   9,7  38,6   17:21    NE
24  -0,8  -0,2   05:23  -1,8   23:21  19,0   0,0   0,0  11,8  37,0   00:54    NE
25  -1,5  -0,1   21:33  -2,7   03:41  19,6   0,0   0,0   2,8  32,2   01:14     E
26  -1,0   0,4   12:32  -4,2   23:53  19,3   0,0   0,0   2,1  17,7   01:24     E
27  -1,3   0,3   17:28  -5,1   01:56  19,6   0,0   0,0   6,8  35,4   08:59     S
28   0,8   2,8   13:09  -0,2   05:31  17,5   0,0   0,8   5,2  22,5   21:40   SSE
29   0,8   2,4   14:21  -2,1   23:44  17,4   0,0   0,8   9,9  51,5   03:40   SSE
30   1,6   4,3   12:43  -1,8   00:00  16,7   0,0   4,4   3,2  29,0   22:15   ENE
31  -0,3   1,2   21:16  -2,3   08:21  18,6   0,0   0,2   9,3  37,0   21:23     S
----------------------------------------------------------------------------------
     1,7  13,1    10    -9,6     7   495,1   0,0  62,8   8,2  62,8    10     SSE

Max >=  20,0:  0
Max <=  10,0: 26
Min <=   0,0: 16
Min <= -10,0:  0
Max Rain: 19,0 on day 9
Days of Rain: 12 (>= 0,2 mm)  7 (>= 2,0 mm)  0 (>= 20,0 mm)
Heat Base: 18,3  Cool Base: 18,3  Method: Integration