Raporty NOAA

Zaznacz rok lub miesiac

Raport z 2015 Lut
                   Monthly Climatological Summary for lut 2015

Name: Jejkowice   City: Jejkowice   State: Slaskie
Elevation: 278 m  Lat: N 50 05' 13"   Lon: E 018 31' 38"

                  Temperature (C), Rain (mm), Wind Speed (km/h)

                                      Heat  Cool        Avg
    Mean                              Deg   Deg         Wind                 Dom
Day Temp  High   Time   Low    Time   Days  Days  Rain  Speed High   Time    Dir
----------------------------------------------------------------------------------
 1  -0,3   3,0   14:08  -2,7   06:49  18,4   0,0   0,6   5,6  27,4   01:05     S
 2  -1,3   2,3   14:26  -3,3   05:02  19,4   0,0   0,0   2,4  19,3   13:39   SSE
 3  -1,0   1,7   14:20  -3,5   06:02  19,3   0,0   0,0   5,9  30,6   13:14     S
 4  -0,7   2,3   12:19  -3,0   01:11  19,0   0,0   0,2   3,9  29,0   15:32   NNE
 5  -1,9   0,1   13:50  -3,7   07:40  19,9   0,0   0,0   9,5  22,5   14:00   NNE
 6  -2,2  -1,1   13:31  -3,3   04:39  20,5   0,0   0,0   4,2  49,9   07:29     E
 7  -2,5   0,3   15:34  -4,6   07:59  20,8   0,0   0,0   7,8  32,2   19:15   SSE
 8  -1,6   0,6   05:51  -4,4   22:11  19,9   0,0   0,0  12,3  62,8   12:25   ESE
 9  -1,3   1,9   21:25  -4,3   00:00  19,5   0,0  11,0   6,3  25,7   08:41     S
10   2,3   3,0   15:30   1,9   00:00  16,0   0,0   7,8   4,1  29,0   02:45   ESE
11   2,0   2,5   14:40   1,4   06:40  15,4   0,0   1,4   3,4  29,0   01:45     S
12   2,4   5,1   15:24   0,9   07:17  15,9   0,0   0,0   7,1  38,6   10:17     S
13   2,0   6,8   15:48  -1,6   07:05  15,4   0,0   0,0   3,4  38,6   10:17   SSE
14   2,8   9,2   15:37  -2,3   07:19  15,4   0,0   0,0   0,9  19,3   14:05   ENE
15   2,9  11,2   15:41  -2,6   05:44  14,6   0,0   0,0   1,1  20,9   23:43   ENE
16  -1,1   0,2   00:00  -3,2   23:50  19,4   0,0   0,0   2,7  30,6   15:04     E
17  -0,4   5,9   15:33  -5,4   06:41  18,7   0,0   0,0   0,9  17,7   23:57    SE
18   0,7   2,6   14:47  -1,1   02:36  17,5   0,0   0,0   5,4  19,3   00:13     S
19   0,5   3,4   14:44  -2,4   05:27  17,8   0,0   0,0   5,1  20,9   09:06   SSE
20   3,4   7,9   15:33   0,5   05:44  14,9   0,0   0,0  10,7  46,7   11:30     S
21   4,5   9,0   14:26   0,4   04:06  13,8   0,0   0,0   5,0  43,5   14:10   SSE
22   4,2   9,4   14:25  -0,1   07:21  14,1   0,0   0,0   2,3  22,5   18:58    NE
23   5,9  10,7   13:53   1,8   03:36  12,4   0,0   0,0   4,8  35,4   00:00   SSE
24   6,3   8,5   12:36   4,4   07:16  11,3   0,0   0,2   8,5  35,4   00:00   SSE
25   4,3   5,3   00:00   2,8   23:05  13,9   0,0   8,2   5,5  41,8   21:07    NE
26   3,6   4,6   16:52   2,5   07:31  14,7   0,0   2,6   7,7  43,5   01:27    NE
27   5,5   7,9   14:13   3,4   05:38  12,8   0,0   0,0   0,5  11,3   23:01   SSE
28   4,4   5,8   11:14   2,8   22:59  13,7   0,0   0,0   2,3  17,7   11:45   SSE
----------------------------------------------------------------------------------
     1,6  11,2    15    -5,4    17   464,4   0,0  32,0   4,9  62,8     8      SE

Max >=  20,0:  0
Max <=  10,0: 26
Min <=   0,0: 17
Min <= -10,0:  0
Max Rain: 11,0 on day 9
Days of Rain: 8 (>= 0,2 mm)  4 (>= 2,0 mm)  0 (>= 20,0 mm)
Heat Base: 18,3  Cool Base: 18,3  Method: Integration