Raporty NOAA

Zaznacz rok lub miesiac

Raport z 2015 Mar
                   Monthly Climatological Summary for mar 2015

Name: Jejkowice   City: Jejkowice   State: Slaskie
Elevation: 278 m  Lat: N 50 05' 13"   Lon: E 018 31' 38"

                  Temperature (C), Rain (mm), Wind Speed (km/h)

                                      Heat  Cool        Avg
    Mean                              Deg   Deg         Wind                 Dom
Day Temp  High   Time   Low    Time   Days  Days  Rain  Speed High   Time    Dir
----------------------------------------------------------------------------------
 1   3,5   9,7   13:34   1,0   01:27  22,1   0,0   0,0   8,9  49,9   16:44     S
 2   6,0   8,7   12:46   2,1   23:08  12,3   0,0   2,0   9,7  61,2   17:50     S
 3   3,4   7,4   16:19   0,5   05:03  14,9   0,0   7,8  10,7  49,9   04:52     S
 4   4,3   6,9   14:01   2,0   09:56  14,0   0,0   1,6   9,7  49,9   14:06     S
 5   2,1   5,1   10:53  -0,2   02:39  16,2   0,0   0,0   2,6  27,4   15:09   SSE
 6   2,0   5,4   14:55  -0,7   05:31  16,3   0,0   0,0   2,3  16,1   13:36   ESE
 7   4,6   9,9   15:08   1,6   01:11  13,6   0,0   0,0   1,6  14,5   11:10    SE
 8   6,6  12,2   15:52   1,4   00:52  11,7   0,0   0,0   9,3  41,8   09:28     S
 9   7,0  12,1   15:25   3,3   04:52  11,2   0,0   0,0  10,7  48,3   11:01     S
10   7,4  14,7   15:49   0,9   06:27  10,9   0,0   0,0   2,1  17,7   10:38   SSE
11   3,6   6,1   00:13   2,2   21:40  14,6   0,0   2,8   5,2  40,2   15:54    NE
12   3,5   5,1   16:27   1,6   05:35  14,8   0,0   0,2   9,9  46,7   12:51    NE
13   2,4   4,0   00:00   1,8   22:55  15,9   0,0   0,4  11,5  32,2   00:01    NE
14   2,8   4,7   13:38   1,6   02:54  15,5   0,0   2,2   4,6  22,5   03:37    NE
15   6,5  12,8   14:58   2,4   04:50  11,8   0,0   0,0   0,8  20,9   19:11   ENE
16   8,0  14,2   14:12   4,2   06:16  10,3   0,0   0,0   1,0  20,9   18:48     E
17   8,1  15,9   15:09   1,8   05:56  10,2   0,0   0,0   1,6  24,1   17:23   ESE
18   6,0  11,9   16:14   0,8   06:12  12,3   0,0   0,0   2,1  30,6   12:25     E
19   4,9  10,9   15:48  -0,4   05:51  13,4   0,0   0,0   1,4  25,7   13:42     E
20   5,0  11,3   16:02  -1,3   06:16  13,3   0,0   0,0   3,7  25,7   13:59     S
21   8,5  14,3   15:56   3,0   05:44   9,8   0,0   0,0   8,0  33,8   13:59     S
22   2,5   7,4   00:00  -1,4   23:59  15,6   0,0   0,0   8,3  41,8   06:02    NE
23   3,6  10,9   16:53  -3,2   05:11  14,7   0,0   0,0   1,0  12,9   07:18   ENE
24   5,2  16,2   15:18   0,6   03:42  12,7   0,0   0,0   5,6  38,6   14:29   SSE
25  12,8  18,8   14:27   5,3   04:21   5,4   0,0   0,0   1,2  17,7   14:36    NE
26  12,6  15,1   11:54   9,3   04:46   5,7   0,0   1,0   2,7  19,3   09:33    SE
27   7,8  11,8   00:00   6,1   13:50  10,3   0,0   2,2   6,5  24,1   09:30     S
28   5,9   8,1   14:50   3,9   05:10  12,1   0,0   1,0   7,3  32,2   14:51   SSE
29   6,1   9,3   17:00   0,0   05:52  10,9   0,0   2,4  10,9  38,6   12:22     S
30   7,4  10,3   05:31   3,7   13:46  10,9   0,0  32,6  16,1  64,4   15:10     S
31   5,7   9,7   17:27   3,0   11:07  12,6   0,0   2,0  14,4  61,2   19:57     S
----------------------------------------------------------------------------------
     5,7  18,8    25    -3,2    23   396,0   0,0  58,2   6,1  64,4    30     SSE

Max >=  20,0:  0
Max <=  10,0: 15
Min <=   0,0:  7
Min <= -10,0:  0
Max Rain: 32,6 on day 30
Days of Rain: 13 (>= 0,2 mm)  8 (>= 2,0 mm)  1 (>= 20,0 mm)
Heat Base: 18,3  Cool Base: 18,3  Method: Integration