Raporty NOAA

Zaznacz rok lub miesiac
V/Λ2018 > Sty Lut Mar Kwi Maj Cze Lip Sie Wrz Paz Lis Gru
V/Λ2017 > Sty Lut Mar Kwi Maj Cze Lip Sie Wrz Paz Lis Gru
V/Λ2016 > Sty Lut Mar Kwi Maj Cze Lip Sie Wrz Paz Lis Gru
V/Λ2015 > Sty Lut Mar Kwi Maj Cze Lip Sie Wrz Paz Lis Gru
V/Λ2014 > Sty Lut Mar Kwi Maj Cze Lip Sie Wrz Paz Lis Gru
V/Λ2013 > Sty Lut Mar Kwi Maj Cze Lip Sie Wrz Paz Lis Gru
V/Λ2012 > Sty Lut Mar Kwi Maj Cze Lip Sie Wrz Paz Lis Gru
V/Λ2011 > Sty Lut Mar Kwi Maj Cze Lip Sie Wrz Paz Lis Gru

Raport z 2015 Kwi
                   Monthly Climatological Summary for kwi 2015

Name: Jejkowice   City: Jejkowice   State: Slaskie
Elevation: 278 m  Lat: N 50 05' 13"   Lon: E 018 31' 38"

                  Temperature (C), Rain (mm), Wind Speed (km/h)

                                      Heat  Cool        Avg
    Mean                              Deg   Deg         Wind                 Dom
Day Temp  High   Time   Low    Time   Days  Days  Rain  Speed High   Time    Dir
----------------------------------------------------------------------------------
 1   4,6   7,0   00:18   2,0   23:54  13,7   0,0   3,0  19,7  69,2   17:31     S
 2   2,0   4,4   13:47   0,3   20:28  16,3   0,0   8,6  11,9  49,9   13:50     S
 3   2,4   7,0   17:18  -0,3   03:15  15,8   0,0  10,6   7,5  40,2   16:22     S
 4   2,9   6,8   15:18   0,1   23:33  15,4   0,0   0,6   4,5  35,4   15:49   SSE
 5   1,8   4,6   12:47  -0,4   02:58  16,3   0,0   1,8   3,3  33,8   15:13   ESE
 6   1,4   4,2   15:16  -0,5   05:48  16,9   0,0   2,8   5,5  41,8   15:26    NE
 7   4,2   9,3   17:21  -1,0   03:47  14,1   0,0   0,0   4,7  40,2   14:37     E
 8   7,0   9,0   16:20   5,2   06:23  11,3   0,0   1,0   4,8  35,4   11:52     E
 9   9,5  16,4   17:24   4,0   06:28   8,8   0,0   0,0   2,1  25,7   06:05   ENE
10  11,8  18,4   16:51   5,2   05:46   6,5   0,0   0,0   5,4  35,4   14:23   SSE
11  14,5  20,2   17:11   7,9   06:06   4,1   0,3   0,0   7,1  40,2   13:17   SSE
12  13,4  16,4   16:16   8,9   23:22   4,8   0,0   0,0   5,9  32,2   11:19     S
13  10,7  16,0   10:43   6,7   23:55   7,5   0,0   0,2   9,7  54,7   12:19   SSE
14   8,5  13,1   16:51   4,6   06:04   9,8   0,0   0,0   8,7  46,7   14:58     S
15  15,2  21,5   17:28   9,0   01:05   3,6   0,5   0,0  12,8  37,0   11:00     S
16  14,4  20,2   13:49  11,8   06:10   4,0   0,4   0,2   8,3  46,7   14:32   SSE
17  10,3  13,2   14:41   8,0   06:50   7,9   0,0   0,0   5,8  48,3   21:32     E
18   5,2   8,5   00:00   2,4   06:09  13,1   0,0   0,0   8,5  43,5   12:01    NE
19   7,5  12,5   17:10   2,0   02:43  13,4   0,2   0,0   5,5  27,4   18:12     S
20   9,3  14,4   17:18   3,3   05:56   9,0   0,0   0,0  12,3  69,2   13:16   ENE
21  10,8  18,8   16:51   2,6   05:40   7,5   0,0   0,0  10,3  66,0   16:58     E
22  11,4  18,2   17:07   4,3   05:49   6,9   0,0   0,0   3,5  25,7   11:39    SE
23  13,1  21,4   17:29   4,7   06:00   5,6   0,4   0,0   4,3  25,7   20:58     S
24  15,5  20,9   16:17  10,9   06:05   3,1   0,3   0,0   4,2  37,0   17:30     S
25  16,9  22,8   17:07   9,7   06:01   2,4   1,1   0,0   7,9  45,1   16:57   SSE
26  15,4  19,7   13:10  10,9   23:57   2,9   0,1   0,0   4,3  29,0   14:24   SSE
27  17,5  24,2   14:18   9,0   05:32   2,7   1,9   0,2   3,9  29,0   15:50     E
28  13,0  18,3   08:12   4,2   23:58   5,3   0,0  13,6   5,3  54,7   20:23   SSE
29   7,2  12,9   18:34   4,1   00:04  11,1   0,0   2,4   4,3  30,6   14:12   ESE
30  10,2  16,9   15:44   3,7   05:12   6,7   0,0   0,0   2,3  27,4   12:21   SSE
----------------------------------------------------------------------------------
     9,6  24,2    27    -1,0     7   266,5   5,2  45,0   6,8  69,2     1      SE

Max >=  20,0:  7
Max <=  10,0:  9
Min <=   0,0:  4
Min <= -10,0:  0
Max Rain: 13,6 on day 28
Days of Rain: 12 (>= 0,2 mm)  6 (>= 2,0 mm)  0 (>= 20,0 mm)
Heat Base: 18,3  Cool Base: 18,3  Method: Integration