Raporty NOAA

Zaznacz rok lub miesiac
V/Λ2018 > Sty Lut Mar Kwi Maj Cze Lip Sie Wrz Paz Lis Gru
V/Λ2017 > Sty Lut Mar Kwi Maj Cze Lip Sie Wrz Paz Lis Gru
V/Λ2016 > Sty Lut Mar Kwi Maj Cze Lip Sie Wrz Paz Lis Gru
V/Λ2015 > Sty Lut Mar Kwi Maj Cze Lip Sie Wrz Paz Lis Gru
V/Λ2014 > Sty Lut Mar Kwi Maj Cze Lip Sie Wrz Paz Lis Gru
V/Λ2013 > Sty Lut Mar Kwi Maj Cze Lip Sie Wrz Paz Lis Gru
V/Λ2012 > Sty Lut Mar Kwi Maj Cze Lip Sie Wrz Paz Lis Gru
V/Λ2011 > Sty Lut Mar Kwi Maj Cze Lip Sie Wrz Paz Lis Gru

Raport z 2015 Maj
                   Monthly Climatological Summary for maj 2015

Name: Jejkowice   City: Jejkowice   State: Slaskie
Elevation: 273 m  Lat: N 50 05' 13"   Lon: E 018 31' 38"

                  Temperature (C), Rain (mm), Wind Speed (km/h)

                                      Heat  Cool        Avg
    Mean                              Deg   Deg         Wind                 Dom
Day Temp  High   Time   Low    Time   Days  Days  Rain  Speed High   Time    Dir
----------------------------------------------------------------------------------
 1  10,8  12,6   17:20   8,4   05:29   7,5   0,0   0,2   6,0  37,0   10:03   SSE
 2  11,2  16,0   17:54   8,6   07:03   7,1   0,0   0,2   4,4  30,6   17:20    NE
 3  12,1  18,4   16:02   4,4   05:21   6,2   0,0   0,0   2,3  27,4   19:04    SE
 4  15,3  20,6   16:08  10,1   01:55   3,4   0,4   0,2   4,7  30,6   09:50   SSE
 5  19,5  25,7   17:10  13,2   04:04   1,5   2,7   0,0   2,4  24,1   14:03    NE
 6  15,5  18,9   00:31  12,6   23:52   2,8   0,0  20,9   2,9  35,4   04:05     E
 7  14,8  19,6   17:06  10,9   06:06   3,6   0,1   0,1   5,1  32,2   19:23   SSE
 8  14,6  21,7   18:34   7,1   05:10   4,0   0,4   0,0   1,1  16,1   14:22   ESE
 9  16,2  20,7   18:13  11,4   05:30   2,5   0,4   0,0   2,1  24,1   23:05     S
10  14,2  18,4   16:50  10,0   23:13   4,1   0,0   2,4   7,4  53,1   20:26    SE
11  12,9  19,6   17:51   9,3   05:57   5,4   0,0   0,0   4,1  27,4   08:47    NE
12  15,6  22,8   15:40   6,9   05:14   3,7   1,0   0,0   7,4  38,6   10:10   SSE
13  15,6  20,2   19:00  11,8   23:54   2,8   0,1   1,4   4,9  40,2   04:28   SSE
14  11,0  16,2   18:15   8,7   14:40   7,2   0,0   4,3   2,9  33,8   13:46   SSE
15  11,8  16,6   16:34   5,2   05:05   6,5   0,0   0,0   2,5  29,0   15:33   ESE
16  15,1  21,6   17:22   6,9   04:41   3,8   0,5   0,0   3,7  29,0   11:24     S
17  12,9  15,7   15:10  10,1   23:48   5,4   0,0   0,0   5,9  30,6   17:39   SSE
18  14,1  21,0   17:30   5,7   05:30   6,0   0,7   0,0   6,3  32,2   14:09     S
19  16,9  23,7   12:48  11,0   05:01   2,4   1,0   5,7   4,3  37,0   12:02   SSE
20  14,2  18,6   12:17   9,9   22:31   4,1   0,0   2,8   3,5  30,6   18:57    SE
21  11,2  13,4   16:35   9,2   05:57   7,1   0,0   9,0   3,8  29,0   13:46    NE
22  13,4  16,6   13:47  10,6   05:32   4,9   0,0   0,0   2,6  30,6   15:39   ENE
23  12,0  13,6   14:05  10,6   05:50   6,3   0,0   2,1   9,8  38,6   13:28    NE
24  12,1  15,3   17:24  10,2   04:39   6,2   0,0   1,4   5,2  25,7   07:38    NE
25  14,6  19,1   15:48  11,8   00:42   3,7   0,0   1,4   3,4  29,0   12:32    NE
26  12,8  13,7   00:00  11,1   22:51   5,5   0,0  11,9   3,7  25,7   12:40     S
27  10,7  12,8   13:38   8,2   06:14   7,6   0,0   0,0   5,5  40,2   11:59   ESE
28  11,2  15,7   18:52   8,5   05:22   7,1   0,0   0,0   4,3  20,9   12:49     S
29  15,1  22,3   16:02   7,0   02:54   4,0   0,9   0,1   7,2  35,4   15:48   SSE
30  16,6  22,1   15:40  12,9   02:43   2,4   0,7   0,8   7,8  51,5   16:50     S
31  15,8  21,0   17:56   9,6   05:36   3,0   0,5   0,0   3,4  27,4   17:10   SSE
----------------------------------------------------------------------------------
    13,9  25,7     5     4,4     3   147,8   9,4  64,9   4,5  53,1    10      SE

Max >=  20,0: 12
Max <=  10,0:  0
Min <=   0,0:  0
Min <= -10,0:  0
Max Rain: 20,9 on day 6
Days of Rain: 15 (>= 0,2 mm)  8 (>= 2,0 mm)  1 (>= 20,0 mm)
Heat Base: 18,3  Cool Base: 18,3  Method: Integration