Raporty NOAA

Zaznacz rok lub miesiac
V/Λ2018 > Sty Lut Mar Kwi Maj Cze Lip Sie Wrz Paz Lis Gru
V/Λ2017 > Sty Lut Mar Kwi Maj Cze Lip Sie Wrz Paz Lis Gru
V/Λ2016 > Sty Lut Mar Kwi Maj Cze Lip Sie Wrz Paz Lis Gru
V/Λ2015 > Sty Lut Mar Kwi Maj Cze Lip Sie Wrz Paz Lis Gru
V/Λ2014 > Sty Lut Mar Kwi Maj Cze Lip Sie Wrz Paz Lis Gru
V/Λ2013 > Sty Lut Mar Kwi Maj Cze Lip Sie Wrz Paz Lis Gru
V/Λ2012 > Sty Lut Mar Kwi Maj Cze Lip Sie Wrz Paz Lis Gru
V/Λ2011 > Sty Lut Mar Kwi Maj Cze Lip Sie Wrz Paz Lis Gru

Raport z 2015 Cze
                   Monthly Climatological Summary for cze 2015

Name: Jejkowice   City: Jejkowice   State: Slaskie
Elevation: 273 m  Lat: N 50 05' 13"   Lon: E 018 31' 38"

                  Temperature (C), Rain (mm), Wind Speed (km/h)

                                      Heat  Cool        Avg
    Mean                              Deg   Deg         Wind                 Dom
Day Temp  High   Time   Low    Time   Days  Days  Rain  Speed High   Time    Dir
----------------------------------------------------------------------------------
 1  19,4  25,8   14:54  12,1   03:25   1,5   2,6   0,0   4,8  32,2   09:23   SSE
 2  21,9  27,1   17:34  14,9   04:55   0,5   4,1   0,0   6,3  30,6   09:35     S
 3  24,1  29,4   18:22  17,3   04:47   0,0   5,9   0,0   8,1  35,4   14:26     S
 4  19,7  23,4   17:41  16,1   23:47   0,2   1,6   0,0   8,0  37,0   18:14    NE
 5  19,6  26,7   17:27  11,8   04:50   1,4   2,6   0,0   2,3  27,4   15:10     E
 6  22,7  30,2   17:32  12,9   04:47   0,9   5,3   0,0   2,9  22,5   16:17   SSE
 7  23,2  27,8   16:46  17,7   04:56   0,0   4,9   0,0   7,3  41,8   14:32   ENE
 8  17,4  21,9   15:10  12,8   06:40   1,7   0,8   0,0   7,3  37,0   14:11    NE
 9  16,3  19,1   14:00  13,4   23:46   2,0   0,0   0,0  13,7  49,9   16:03    NE
10  16,1  20,7   16:30  11,8   05:11   2,5   0,4   0,0  11,8  37,0   16:55    NE
11  20,1  26,2   17:19  14,1   04:51   0,8   2,6   0,0   6,0  27,4   10:46    NE
12  23,9  30,1   16:09  15,9   04:54   0,3   5,9   0,0   3,4  37,0   15:54   ENE
13  26,1  32,9   16:55  19,6   04:49   0,0   7,8   0,0   4,5  24,1   18:06     S
14  21,3  29,1   15:42  17,7   03:04   0,0   3,1  26,6   4,9  90,1   16:27   SSE
15  16,7  18,4   02:15  14,5   17:15   1,6   0,0   2,0   6,2  45,1   14:35    NE
16  15,4  19,3   18:25  11,9   06:43   3,0   0,0   0,0   7,3  37,0   04:23    NE
17  14,1  17,7   18:41  10,6   05:40   4,2   0,0   0,0   4,5  48,3   14:23    NE
18  15,3  20,8   17:44   8,6   04:04   3,4   0,4   0,0   4,6  27,4   16:48     S
19  14,1  16,8   00:00  11,3   23:47   4,2   0,0  10,8   4,2  27,4   15:35     S
20  12,9  16,4   11:55   8,8   03:35   5,4   0,0   4,5   1,9  30,6   18:18     S
21  12,9  17,2   16:01  10,9   04:05   5,4   0,0  11,3   4,2  32,2   15:25     S
22  14,2  20,2   15:17   9,3   04:54   4,2   0,1   6,6   6,3  41,8   16:15   SSE
23  14,1  17,9   18:45  10,7   23:56   4,2   0,0   2,7   7,4  37,0   16:26     S
24  14,7  18,9   16:58   9,8   05:18   3,6   0,0   0,0   3,2  22,5   17:42   SSE
25  15,3  21,1   16:23  10,1   04:48   3,3   0,2   0,0   1,3  24,1   18:07   ENE
26  18,6  24,6   17:54  12,0   06:29   1,5   1,8   0,0   2,2  19,3   09:31   SSE
27  19,3  22,3   17:31  16,6   05:27   0,4   1,3   0,0   4,7  27,4   11:27     S
28  16,6  18,1   18:55  15,1   05:21   1,7   0,0   3,4   2,9  30,6   13:49   SSE
29  17,1  20,5   15:01  14,1   05:01   1,6   0,3   0,0   3,3  19,3   14:30   SSE
30  18,9  25,7   15:53  11,6   04:21   1,5   2,2   0,3   1,8  33,8   17:39   SSE
----------------------------------------------------------------------------------
    18,1  32,9    13     8,6    18    61,0  53,9  68,2   5,2  90,1    14     ESE

Max >=  20,0: 20
Max <=  10,0:  0
Min <=   0,0:  0
Min <= -10,0:  0
Max Rain: 26,6 on day 14
Days of Rain: 9 (>= 0,2 mm)  8 (>= 2,0 mm)  1 (>= 20,0 mm)
Heat Base: 18,3  Cool Base: 18,3  Method: Integration